NOAA style reports

NOAA-style Climate Reports

Select NOAA data to display

Select a Year or Month report
V/Λ2024 > Jan Feb Mar Apr May Jun Jul Aug Sep Oct Nov Dec
V/Λ2023 > Jan Feb Mar Apr May Jun Jul Aug Sep Oct Nov Dec
V/Λ2022 > Jan Feb Mar Apr May Jun Jul Aug Sep Oct Nov Dec
V/Λ2021 > Jan Feb Mar Apr May Jun Jul Aug Sep Oct Nov Dec
V/Λ2020 > Jan Feb Mar Apr May Jun Jul Aug Sep Oct Nov Dec
V/Λ2019 > Jan Feb Mar Apr May Jun Jul Aug Sep Oct Nov Dec
V/Λ2018 > Jan Feb Mar Apr May Jun Jul Aug Sep Oct Nov Dec
V/Λ2017 > Jan Feb Mar Apr May Jun Jul Aug Sep Oct Nov Dec
V/Λ2016 > Jan Feb Mar Apr May Jun Jul Aug Sep Oct Nov Dec
V/Λ2015 > Jan Feb Mar Apr May Jun Jul Aug Sep Oct Nov Dec

Report for 2019 Sep
                   MONTHLY CLIMATOLOGICAL SUMMARY for AUG. 2019

NAME: CurtisZM   CITY:    STATE:  
ELEV:   978 ft  LAT:  44 18' 00" N  LONG:  92 36' 00" W

                   TEMPERATURE (F), RAIN  (in), WIND SPEED (mph)

                                      HEAT  COOL        AVG
    MEAN                              DEG   DEG         WIND                 DOM
DAY TEMP  HIGH   TIME   LOW    TIME   DAYS  DAYS  RAIN  SPEED HIGH   TIME    DIR
------------------------------------------------------------------------------------
 1  69.2  81.8   3:27p  55.5   5:53a   2.4   6.6  0.00   0.1  12.0   1:45p     S
 2  71.2  82.6   2:30p  59.9   6:15a   1.0   7.3  0.00   0.1   8.0  11:00a     S
 3  73.7  85.4   5:30p  63.4   5:00a   0.3   8.9  0.00   0.0   9.0  12:30p     W
 4  73.6  84.9   4:30p  62.6   6:30a   0.2   8.9  0.00   0.1   9.0   4:30p   SSW
 5  72.9  86.9   3:30p  65.1  12:00m   0.0   7.9  0.44   0.6  31.0   6:00p   SSW
 6  71.3  82.6   4:30p  60.8   7:00a   0.6   6.9  0.01   0.4  14.0   2:00p    NW
 7  73.3  83.9   4:00p  62.9   5:30a   0.4   8.6  0.00   0.9  16.0   4:00p     W
 8  66.0  75.8   5:00p  55.8   7:00a   2.6   3.6  0.00   1.5  20.0   3:30p    NW
 9  64.6  76.8   5:00p  49.7   6:30a   4.4   4.0  0.00   0.2  10.0  12:30p     W
10  67.3  76.0   3:30p  63.0   3:30a   0.6   2.9  0.57   0.5  15.0  12:30p    SE
11  68.4  74.2   4:30p  63.5   3:00a   0.3   3.7  0.01   0.4   9.0  12:30p    NW
12  70.6  79.3   4:00p  62.0   3:00a   0.6   6.2  0.07   0.5  12.0   4:00p     E
13  71.0  79.4   3:30p  63.8  10:30p   0.1   6.1  0.14   0.9  18.0   7:00p    NW
14  65.7  74.7   5:00p  57.1  12:00m   1.5   2.3  0.00   0.8  14.0   8:00a    NE
15  65.8  78.2   3:00p  52.3   6:30a   3.7   4.6  0.01   0.2  12.0   4:30p     S
16  68.4  77.4   5:30p  60.9  12:00m   0.5   3.9  0.02   1.1  17.0   9:00a    NW
17  68.9  81.7   3:30p  55.8   7:00a   2.3   6.2  0.01   0.4  14.0   2:30p     S
18  66.4  74.7   2:00p  55.6  12:00m   1.5   3.0  0.43   2.4  18.0  11:30a   WNW
19  64.4  78.7   4:30p  49.0   7:00a   4.9   4.3  0.01   0.0  10.0   3:00p   SSW
20  68.2  81.2   5:00p  57.5   3:00a   2.0   5.2  0.19   0.6  23.0  11:30a    SE
21  66.1  74.5   5:00p  57.9  12:00m   1.7   2.8  0.01   0.9  12.0  11:00a    NW
22  62.0  72.3   1:30p  52.2   6:30a   4.9   1.8  0.00   0.7  13.0   1:00p     N
23  63.1  76.8   4:30p  51.3   7:00a   4.9   3.0  0.00   1.0  12.0  10:30a     E
24  63.9  74.4   4:00p  55.6   2:30a   3.6   2.4  0.00   1.2  16.0   4:30p    SE
25  64.9  73.3   3:00p  57.8   6:30a   2.1   2.0  0.00   1.4  17.0  11:30a    SE
26  64.5  71.3   1:30p  60.9  11:30p   1.6   1.1  0.66   0.3  16.0   3:30p    SE
27  63.3  72.6   3:30p  56.7   7:00a   3.3   1.6  0.01   2.8  29.0   4:00p     W
28  61.0  71.2   4:30p  51.4  12:00m   5.3   1.3  0.00   2.6  27.0   2:30p     W
29  62.1  75.6  12:30p  49.1   4:00a   6.2   3.3  0.00   2.9  26.0   3:30p    NW
30  58.8  71.6   2:30p  46.7   7:00a   7.8   1.5  0.00   0.6  15.0   1:00p    NW
31  60.2  72.1   2:30p  49.1   2:00a   5.8   1.0  0.00   0.2  13.0   2:00p    SE
-------------------------------------------------------------------------------------
    66.8  86.9     5    46.7    30    77.1 132.9  2.59   0.8  31.0     5      NW

Max >=  90.0:  0
Max <=  32.0:  0
Min <=  32.0:  0
Min <=   0.0:  0
Max Rain: 0.66 ON 08/26/19
Days of Rain: 8 (>.01 in) 6 (>.1 in) 0 (>1 in)
Heat Base:  65.0  Cool Base:  65.0  Method: Integration