NOAA style reports

NOAA-style Climate Reports

Select NOAA data to display

Select a Year or Month report
V/Λ2023 > Jan Feb Mar Apr May Jun Jul Aug Sep Oct Nov Dec
V/Λ2022 > Jan Feb Mar Apr May Jun Jul Aug Sep Oct Nov Dec
V/Λ2021 > Jan Feb Mar Apr May Jun Jul Aug Sep Oct Nov Dec
V/Λ2020 > Jan Feb Mar Apr May Jun Jul Aug Sep Oct Nov Dec
V/Λ2019 > Jan Feb Mar Apr May Jun Jul Aug Sep Oct Nov Dec
V/Λ2018 > Jan Feb Mar Apr May Jun Jul Aug Sep Oct Nov Dec
V/Λ2017 > Jan Feb Mar Apr May Jun Jul Aug Sep Oct Nov Dec
V/Λ2016 > Jan Feb Mar Apr May Jun Jul Aug Sep Oct Nov Dec
V/Λ2015 > Jan Feb Mar Apr May Jun Jul Aug Sep Oct Nov Dec
V/Λ2014 > Jan Feb Mar Apr May Jun Jul Aug Sep Oct Nov Dec

Report for 2023 01

Daily noaa report



                            MONTHLY CLIMATOLOGICAL SUMMARY for JAN. 2023

NAME: DW8463   CITY: Zumbrota STATE: Minnesota
ELEV: 978 ft LAT: 044:18:07 LONG: 0092:40:30

                            TEMPERATURE ( F), RAIN (in.), WIND SPEED (mph)

                                               HEAT     COOL           AVG
      MEAN                                     DEG      DEG            WIND                       DOM
DAY   TEMP    HIGH   TIME     LOW    TIME      DAYS     DAYS    RAIN   SPEED    HIGH    TIME      DIR
--------------------------------------------------------------------------------------------------------
01    28.7   034.2   01:42    21.4   00:00     36.2     00.0   00.00   02.1     11.5    13:51     WSW
02    24.2   027.0   15:56    19.4   01:08     40.8     00.0   00.01   01.7     11.5    01:35     NNE
03    31.2   033.7   14:06    26.4   01:36     33.7     00.0   00.51   03.6     18.4    09:32     ENE
04    33.0   034.4   14:00    31.3   00:00     32.0     00.0   00.22   02.4     09.2    23:23     NNE
05    26.2   031.4   00:01    15.8   22:51     38.8     00.0   00.01   04.5     17.3    12:52      NW
06    09.5   016.6   01:06   -03.2   23:12     55.5     00.0   00.00   01.6     10.3    01:16     WNW
07    03.5   017.4   14:40   -05.0   08:03     61.5     00.0   00.00   00.8     05.8    09:21     WNW
08    08.5   020.3   15:13   -04.2   07:57     56.4     00.0   00.00   01.2     09.2    15:21     SSW
09    19.9   037.3   14:50    04.7   07:02     45.0     00.0   00.00   01.2     11.5    16:16     SSE
10    20.9   025.8   15:57    12.3   03:21     44.0     00.0   00.00   01.0     08.1    10:39     WSW
11    29.1   032.2   22:33    25.0   00:02     35.8     00.0   00.01   02.1     11.5    16:21     NNW
12    25.1   031.7   00:18    20.9   00:00     39.8     00.0   00.00   06.7     19.6    19:12      NW
13    19.3   021.1   00:01    15.5   00:00     45.7     00.0   00.00   03.5     16.1    01:32     NNW
14    24.4   031.7   15:54    15.4   00:56     40.5     00.0   00.00   05.6     19.6    17:34     SSE
15    33.6   038.7   15:04    29.7   01:25     31.3     00.0   00.00   04.8     19.6    13:46     SSE
16    35.4   036.8   04:25    32.7   23:58     29.6     00.0   00.24   03.3     11.5    23:42      E 
17    32.2   034.8   12:41    27.3   00:00     32.8     00.0   00.00   04.7     14.9    14:03     WNW
18    29.6   032.4   13:51    25.8   06:05     35.3     00.0   00.02   03.3     18.4    18:35     ENE
19    29.8   033.4   13:03    26.5   00:00     35.2     00.0   00.32   06.1     19.6    21:35     NNW
20    24.2   027.5   13:05    17.4   00:00     40.7     00.0   00.00   03.9     16.1    04:45     WNW
21    21.2   025.3   16:09    16.3   01:38     43.7     00.0   00.00   01.9     09.2    03:48      SW
22    19.1   022.1   00:05    14.3   00:00     45.8     00.0   00.00   01.8     08.1    18:17      NW
23    20.5   029.6   20:38    09.4   08:16     44.4     00.0   00.00   02.5     17.3    11:18     WSW
24    23.0   030.7   15:58    11.1   07:18     41.9     00.0   00.00   02.1     11.5    22:20      S 
25    26.9   030.0   02:42    20.0   00:00     38.1     00.0   00.01   03.8     20.7    20:53     WNW
26    10.5   020.1   00:02    02.4   19:46     54.4     00.0   00.00   04.2     19.6    04:43     WNW
27    20.6   034.4   08:31    05.8   23:58     44.4     00.0   00.01   06.3     26.4    13:33     WSW
28    05.9   008.1   15:36    03.3   23:59     59.0     00.0   00.00   04.5     14.9    16:56     NNW
--------------------------------------------------------------------------------------------------------
22.7 (22.1)   38.7  day 15    -05.0  day 07   1182.3    000.0   01.36   03.3     26.5   day 27     WNW
Max <=  32: 17
Min <=  86: 28
Min <=   0: 3
Max <= 23: 7
Min <=  23: 20
Max <=  14: 1
Min <=   5: 6
Min <=   0: 3
Min <=  -4: 2
Max Rain: 0.51 ON 3-01-23
Days of Rain: 10 (> .008in) 4 (> .08in) 0 (> 0.8in)