NOAA style reports

NOAA-style Climate Reports

Select NOAA data to display

Select a Year or Month report

Report for 2023 06

Daily noaa report



                            MONTHLY CLIMATOLOGICAL SUMMARY for MAY. 2023

NAME: DW8463   CITY: Zumbrota STATE: Minnesota
ELEV: 978 ft LAT: 044:18:07 LONG: 0092:40:30

                            TEMPERATURE ( F), RAIN (in.), WIND SPEED (mph)

                                               HEAT     COOL           AVG
      MEAN                                     DEG      DEG            WIND                       DOM
DAY   TEMP    HIGH   TIME     LOW    TIME      DAYS     DAYS    RAIN   SPEED    HIGH    TIME      DIR
--------------------------------------------------------------------------------------------------------
01    47.5   055.8   17:14    39.7   05:21     17.4     00.0   00.00   11.2     34.5    13:40     NNW
02    48.9   060.3   16:22    35.5   00:00     16.0     00.0   00.00   08.8     34.5    13:29      NW
03    49.4   068.8   17:11    27.8   06:12     15.5     00.0   00.00   01.3     11.5    16:37      NW
04    62.9   077.9   15:11    43.0   06:03     02.0     00.0   00.00   03.5     19.6    15:15      NW
05    57.3   064.9   12:40    48.0   06:08     07.6     00.0   00.26   03.3     18.4    15:30     ENE
06    58.4   063.9   15:41    54.8   00:04     06.6     00.0   00.74   03.8     26.4    17:08      E 
07    62.4   074.2   18:06    53.4   00:00     02.5     00.0   00.01   01.4     11.5    14:45      S 
08    62.6   076.3   17:32    51.4   04:38     02.3     00.0   00.46   03.0     18.4    08:40     SSE
09    60.8   069.1   16:42    51.1   06:15     04.2     00.0   00.01   02.1     12.7    13:36      SE
10    67.1   081.6   16:16    50.4   06:02     00.0     02.2   00.00   02.4     14.9    16:53      SE
11    66.7   077.3   15:37    56.8   08:22     00.0     01.8   00.40   02.1     17.3    13:21      SE
12    63.7   070.6   12:39    59.8   05:35     01.2     00.0   00.12   02.6     19.6    18:07      E 
13    63.2   069.9   15:03    59.5   03:58     01.7     00.0   00.09   05.2     23.0    15:51     ENE
14    52.8   059.9   00:03    44.3   00:00     12.1     00.0   00.68   03.8     21.9    05:16     ENE
15    56.6   074.2   17:35    37.5   06:19     08.3     00.0   00.01   01.4     11.5    16:46     NNW
16    63.8   079.9   17:51    46.3   06:24     01.1     00.0   00.00   02.7     17.3    16:08      NW
17    56.2   066.8   17:28    44.9   06:00     08.8     00.0   00.00   02.9     16.1    15:39     ESE
18    60.9   079.2   13:36    51.8   03:49     04.0     00.0   00.00   02.9     17.3    16:18      SW
19    52.0   060.3   17:49    43.7   06:41     12.9     00.0   00.00   04.7     20.7    08:42      NW
20    56.9   076.3   16:58    37.2   06:19     08.0     00.0   00.01   01.6     14.9    11:00     WNW
21    62.1   082.3   16:18    40.5   06:29     02.8     00.0   00.00   01.0     11.5    14:06      SW
22    65.2   083.8   16:22    45.1   06:12     00.0     00.3   00.00   01.3     17.3    18:02     SSE
23    68.2   085.7   16:52    47.5   06:29     00.0     03.3   00.00   01.1     19.6    13:20     SSE
24    64.5   079.3   15:51    49.7   05:54     00.4     00.0   00.00   03.5     19.6    17:52      E 
25    63.9   078.3   16:45    53.3   00:00     01.0     00.0   00.00   03.6     17.3    17:36     ESE
26    62.5   081.8   16:44    41.5   06:37     02.4     00.0   00.00   01.8     14.9    14:02      SE
27    63.9   083.8   17:00    39.6   06:25     01.1     00.0   00.00   01.8     13.8    12:16     ESE
28    65.5   083.7   14:23    43.7   06:31     00.0     00.6   00.00   01.9     17.3    14:45     ESE
29    72.9   088.8   16:01    56.3   05:46     00.0     07.9   00.00   02.4     20.7    13:36     SSE
30    72.5   089.5   16:48    60.9   07:37     00.0     07.6   00.16   02.3     19.6    18:15     SSE
31    74.0   087.9   16:51    59.1   06:44     00.0     09.1   00.00   02.4     17.3    16:21      SE
--------------------------------------------------------------------------------------------------------
61.5 (61.4)   89.5  day 30     27.8  day 03   140.2    032.7   02.98   03.0     34.5   day 01     ENE
Max >=  86: 3
Min <=  86: 31
Max Rain: 0.74 ON 6-05-23
Days of Rain: 12 (> .008in) 8 (> .08in) 0 (> 0.8in)