NOAA style reports

NOAA-style Climate Reports

Select NOAA data to display

Select a Year or Month report

Report for 2024 07

Daily noaa report



                            MONTHLY CLIMATOLOGICAL SUMMARY for JUL. 2024

NAME: DW8463   CITY: Zumbrota STATE: Minnesota
ELEV: 978 ft LAT: 044:18:07 LONG: 0092:40:30

                            TEMPERATURE ( F), RAIN (in.), WIND SPEED (mph)

                                               HEAT     COOL           AVG
      MEAN                                     DEG      DEG            WIND                       DOM
DAY   TEMP    HIGH   TIME     LOW    TIME      DAYS     DAYS    RAIN   SPEED    HIGH    TIME      DIR
--------------------------------------------------------------------------------------------------------
01    63.1   073.7   17:28    49.9   04:49     01.8     00.0   00.02   03.5     20.7    13:19     SSE
02    63.9   067.6   18:56    57.0   02:23     01.1     00.0   00.69   02.2     18.4    01:52     SSE
03    72.3   084.3   16:48    60.4   06:00     00.0     07.3   00.01   02.2     17.3    12:48      W 
04    64.0   075.4   14:56    59.1   05:00     00.9     00.0   01.34   01.8     28.8    16:11     ENE
05    65.8   074.8   17:33    59.5   23:38     00.0     00.9   00.58   02.8     20.7    15:52     NNW
06    68.3   080.2   16:31    53.9   05:56     00.0     03.3   00.01   01.1     11.5    18:49     SSW
07    70.6   081.0   15:39    60.4   06:02     00.0     05.6   00.36   01.8     13.8    16:36      SW
08    71.2   080.9   15:56    63.1   06:35     00.0     06.2   00.00   01.7     13.8    15:28     WSW
09    71.9   083.6   16:48    59.5   05:56     00.0     06.9   00.01   01.1     09.2    13:31     WNW
10    71.4   082.5   16:31    63.7   05:28     00.0     06.5   00.00   01.8     18.4    17:31     WNW
11    72.4   084.7   17:20    58.9   06:06     00.0     07.5   00.00   00.8     09.2    13:27     ESE
12    73.9   084.3   15:56    62.1   05:59     00.0     08.9   00.00   01.7     17.3    13:28     SSE
13    74.3   085.8   16:15    67.0   02:37     00.0     09.3   00.00   01.5     12.7    12:51      SE
14    75.3   086.5   17:32    65.4   06:08     00.0     10.4   00.10   01.8     25.3    02:07     WSW
15    73.4   084.9   17:34    64.7   05:38     00.0     08.5   00.30   01.7     14.9    17:46     WNW
16    70.9   079.2   17:19    62.1   05:58     00.0     05.9   00.01   02.8     14.9    17:58      NW
--------------------------------------------------------------------------------------------------------
70.2 (70.5)   86.5  day 14     49.9  day 01   003.8    087.4   03.43   01.9     28.8   day 14     WSW
Max >=  86: 1
Min <=  86: 16
Max Rain: 1.34 ON 4-07-24
Days of Rain: 11 (> .008in) 6 (> .08in) 1 (> 0.8in)