NOAA style reports

NOAA-style Climate Reports

Select NOAA data to display

Select a Year or Month report
V/Λ2024 > Jan Feb Mar Apr May Jun Jul Aug Sep Oct Nov Dec
V/Λ2023 > Jan Feb Mar Apr May Jun Jul Aug Sep Oct Nov Dec
V/Λ2022 > Jan Feb Mar Apr May Jun Jul Aug Sep Oct Nov Dec
V/Λ2021 > Jan Feb Mar Apr May Jun Jul Aug Sep Oct Nov Dec
V/Λ2020 > Jan Feb Mar Apr May Jun Jul Aug Sep Oct Nov Dec
V/Λ2019 > Jan Feb Mar Apr May Jun Jul Aug Sep Oct Nov Dec
V/Λ2018 > Jan Feb Mar Apr May Jun Jul Aug Sep Oct Nov Dec
V/Λ2017 > Jan Feb Mar Apr May Jun Jul Aug Sep Oct Nov Dec
V/Λ2016 > Jan Feb Mar Apr May Jun Jul Aug Sep Oct Nov Dec
V/Λ2015 > Jan Feb Mar Apr May Jun Jul Aug Sep Oct Nov Dec

Report for 2017 Sep
                   MONTHLY CLIMATOLOGICAL SUMMARY for AUG. 2017

NAME: CurtisZMWeather   CITY: Zumbrota   STATE: Minnesota 
ELEV:   978 ft  LAT:  44 18' 00" N  LONG:  92 42' 00" W

                   TEMPERATURE (F), RAIN  (in), WIND SPEED (mph)

                                      HEAT  COOL        AVG
    MEAN                              DEG   DEG         WIND                 DOM
DAY TEMP  HIGH   TIME   LOW    TIME   DAYS  DAYS  RAIN  SPEED HIGH   TIME    DIR
------------------------------------------------------------------------------------
 1  70.4  83.8   3:20p  58.2   6:26a   1.2   6.6  0.00   0.9  12.0   2:13p   WNW
 2  69.8  80.9   3:33p  59.5   6:18a   1.2   6.0  0.02   1.7  13.0  12:51p   NNE
 3  60.5  67.6  11:46a  53.0  11:25p   4.7   0.2  1.14   5.0  33.0   5:32p    NW
 4  62.1  74.6   3:54p  51.3   6:23a   5.3   2.4  0.00   4.3  18.0   3:17a    NW
 5  63.2  75.9   3:02p  49.0   6:20a   5.0   3.2  0.00   0.6  10.0   3:18p     W
 6  62.7  73.4   5:19p  56.2   5:20a   3.6   1.3  0.05   0.4  15.0   5:31p     N
 7  65.2  77.2   4:10p  53.1   6:11a   3.7   3.9  0.00   0.7  11.0   1:34p    NE
 8  66.1  79.4   4:04p  51.9   6:23a   4.1   5.2  0.00   1.0  12.0  12:14p   WNW
 9  63.3  71.8   3:30p  56.1   6:38a   3.0   1.3  0.86   1.1  22.0   6:35p     S
10  65.3  73.8   4:00p  60.1  12:00m   1.4   1.7  0.07   2.6  18.0   2:30p   WNW
11  64.4  75.7   3:59p  54.9   3:25a   3.6   3.0  0.00   2.4  17.0   1:22p    NW
12  63.5  77.0   2:06p  49.5   6:15a   5.1   3.6  0.00   0.3   8.0   3:54p   ESE
13  64.3  75.7  12:43p  53.5   3:13a   3.6   2.9  0.00   1.5  15.0  11:11a     S
14  65.1  72.8   4:13p  58.1  11:53p   1.7   1.8  0.03   1.0  12.0  12:55a    SE
15  64.0  73.0   3:17p  55.0   2:43a   3.1   2.2  0.00   1.3  14.0   1:52p     E
16  70.1  80.3   2:15p  61.7  12:01a   0.6   5.7  1.27   2.7  23.0   7:00p    SE
17  67.9  74.0   4:24p  64.6  12:00m   0.0   2.9  0.04   5.6  27.0  12:31p    NW
18  62.9  72.4   4:58p  56.8   6:06a   3.1   1.0  0.03   0.6  11.0   1:38p   WNW
19  65.3  78.4   4:04p  51.0   6:34a   4.2   4.5  0.00   0.5  11.0  12:58p   SSW
20  71.2  83.3   2:48p  59.4   2:19a   1.4   7.6  0.00   1.2  16.0   2:06p     S
21  68.1  78.9  12:14p  63.5   3:18a   0.2   3.3  0.36   1.0  21.0   7:02p     E
22  64.6  72.8   4:04p  54.1  11:50p   2.5   2.0  0.00   4.0  24.0   2:03p    NW
23  61.3  74.1   3:31p  49.2   5:28a   6.1   2.4  0.00   2.2  17.0  11:51a   WNW
24  62.8  72.2   3:42p  55.1  12:25a   3.9   1.7  0.00   1.5  12.0   1:26p     E
25  63.2  71.6   3:29p  56.1   6:26a   3.2   1.3  0.03   3.4  21.0   1:38p    SE
26  62.2  69.0   1:18p  58.6   8:20a   3.0   0.2  0.50   1.9  18.0   2:35p    SE
27  65.6  75.1   3:48p  61.1   4:37a   1.3   1.9  0.03   1.5  14.0   5:28p   WNW
28  63.5  71.5   3:23p  57.2  11:58p   2.6   1.2  0.00   2.2  14.0  10:52a    NW
29  63.1  74.9   1:44p  52.3   6:22a   4.6   2.7  0.01   0.6   9.0   1:50p    NE
30  67.1  80.2   3:31p  53.3   6:38a   3.5   5.6  0.00   1.6  15.0   3:21p   WNW
31  61.1  70.3   3:28p  50.1  11:56p   5.0   1.0  0.00   1.9  14.0   8:32a     E
-------------------------------------------------------------------------------------
    64.8  83.8     1    49.0     5    95.5  90.3  4.44   1.8  33.0     3      NW

Max >=  90.0:  0
Max <=  32.0:  0
Min <=  32.0:  0
Min <=   0.0:  0
Max Rain: 1.27 ON 08/16/17
Days of Rain: 13 (>.01 in) 5 (>.1 in) 2 (>1 in)
Heat Base:  65.0  Cool Base:  65.0  Method: Integration