NOAA style reports

NOAA-style Climate Reports

Select NOAA data to display

Select a Year or Month report
V/Λ2024 > Jan Feb Mar Apr May Jun Jul Aug Sep Oct Nov Dec
V/Λ2023 > Jan Feb Mar Apr May Jun Jul Aug Sep Oct Nov Dec
V/Λ2022 > Jan Feb Mar Apr May Jun Jul Aug Sep Oct Nov Dec
V/Λ2021 > Jan Feb Mar Apr May Jun Jul Aug Sep Oct Nov Dec
V/Λ2020 > Jan Feb Mar Apr May Jun Jul Aug Sep Oct Nov Dec
V/Λ2019 > Jan Feb Mar Apr May Jun Jul Aug Sep Oct Nov Dec
V/Λ2018 > Jan Feb Mar Apr May Jun Jul Aug Sep Oct Nov Dec
V/Λ2017 > Jan Feb Mar Apr May Jun Jul Aug Sep Oct Nov Dec
V/Λ2016 > Jan Feb Mar Apr May Jun Jul Aug Sep Oct Nov Dec
V/Λ2015 > Jan Feb Mar Apr May Jun Jul Aug Sep Oct Nov Dec

Report for 2017 May
                   MONTHLY CLIMATOLOGICAL SUMMARY for MAY. 2017

NAME: CurtisZMWeather   CITY: Zumbrota   STATE: Minnesota 
ELEV:   978 ft  LAT:  44 18' 00" N  LONG:  92 42' 00" W

                   TEMPERATURE (F), RAIN  (in), WIND SPEED (mph)

                                      HEAT  COOL        AVG
    MEAN                              DEG   DEG         WIND                 DOM
DAY TEMP  HIGH   TIME   LOW    TIME   DAYS  DAYS  RAIN  SPEED HIGH   TIME    DIR
------------------------------------------------------------------------------------
 1  39.1  43.3  12:57p  36.1   4:45p  25.9   0.0  0.25   6.2  23.0  10:48p    NW
 2  46.0  58.9   5:27p  37.1   2:33a  19.0   0.0  0.00   6.9  28.0  10:03a    NW
 3  50.6  65.7   2:47p  32.5   5:12a  14.4   0.0  0.00   1.9  16.0  10:52a     S
 4  53.6  66.8   3:47p  37.3   6:10a  11.5   0.1  0.00   3.4  19.0   1:18p     N
 5  57.4  74.2   5:51p  35.9   5:55a   9.8   2.2  0.00   2.3  26.0  10:39p    NW
 6  55.2  66.8   5:05p  42.5   6:28a   9.9   0.1  0.00   3.3  19.0   1:39p     N
 7  54.0  65.9   4:41p  44.3   5:23a  11.0   0.0  0.00   1.5  13.0   1:35p     E
 8  57.1  71.3   4:29p  43.6   5:58a   8.9   1.0  0.18   4.6  23.0  11:27a    SE
 9  59.8  71.6   5:21p  51.1   5:14a   6.2   1.0  0.01   1.9  16.0  12:42a   ENE
10  57.5  67.1  12:03p  44.5   5:52a   7.7   0.2  0.00   0.7  10.0   3:01p    NE
11  53.9  65.8   4:32p  41.6   6:09a  11.1   0.0  0.00   3.2  17.0  12:31p   NNW
12  58.0  74.2   5:35p  37.4   6:00a   8.9   1.9  0.00   0.9  12.0   6:00p    NW
13  68.9  82.4   5:36p  56.6  12:00m   1.9   5.8  0.00   2.9  18.0  11:44a    NW
14  69.3  84.8   4:31p  49.2   5:32a   4.1   8.5  0.00   2.1  20.0   4:14p    SE
15  65.0  75.0  11:43a  57.0   6:25a   2.0   1.9  0.73   3.2  22.0  12:51p    SE
16  69.5  83.5   3:28p  61.3  11:59p   0.6   5.1  0.80   3.4  31.0  11:31p     S
17  63.7  71.4   3:16p  58.5   9:20p   2.5   1.1  0.62   1.7  31.0   7:51p     S
18  51.5  59.0   1:35a  44.9  12:00m  13.5   0.0  0.10   6.0  24.0   9:14a     N
19  46.8  52.3   4:53p  42.0   6:16a  18.2   0.0  0.00   3.7  20.0  10:58a   ENE
20  46.1  49.8  11:44p  41.6   9:25a  18.9   0.0  0.95   4.7  17.0   3:52a     E
21  47.7  50.9   2:41a  43.7  11:19p  17.3   0.0  0.02   4.4  22.0   1:02p     W
22  55.5  67.5   4:33p  42.6   6:21a   9.7   0.2  0.08   1.8  14.0  11:47a     W
23  51.9  54.1  10:43a  48.7   5:36a  13.1   0.0  0.25   2.0  14.0   4:15p   NNW
24  54.0  62.8   4:35p  45.5   5:23a  11.0   0.0  0.00   2.5  12.0  12:06a     N
25  58.7  71.1   3:56p  43.5   5:20a   7.2   0.9  0.00   1.4  15.0   3:35p     S
26  65.4  75.7   4:42p  53.8   5:34a   2.7   3.1  0.00   1.6  16.0   6:44p     S
27  60.1  70.7  10:42a  48.2   5:56a   6.0   1.1  0.00   1.0  11.0   3:28p    NW
28  61.9  72.5   4:21p  50.1   5:48a   4.9   1.8  0.00   4.1  25.0   2:46p    NW
29  56.8  66.7   2:26p  51.2   5:50a   8.3   0.0  0.08   4.1  22.0   1:20p   WNW
30  55.7  61.0   1:48p  50.9   1:38a   9.3   0.0  0.00   4.4  20.0   2:08p    NW
31  59.8  73.5   3:59p  44.9   3:17a   7.6   2.4  0.00   4.3  25.0   2:36p    NW
-------------------------------------------------------------------------------------
    56.5  84.8    14    32.5     3   303.1  38.4  4.07   3.1  31.0    16      NW

Max >=  90.0:  0
Max <=  32.0:  0
Min <=  32.0:  0
Min <=   0.0:  0
Max Rain: 0.95 ON 05/20/17
Days of Rain: 11 (>.01 in) 7 (>.1 in) 0 (>1 in)
Heat Base:  65.0  Cool Base:  65.0  Method: Integration