NOAA style reports

NOAA-style Climate Reports

Select NOAA data to display

Select a Year or Month report
V/Λ2024 > Jan Feb Mar Apr May Jun Jul Aug Sep Oct Nov Dec
V/Λ2023 > Jan Feb Mar Apr May Jun Jul Aug Sep Oct Nov Dec
V/Λ2022 > Jan Feb Mar Apr May Jun Jul Aug Sep Oct Nov Dec
V/Λ2021 > Jan Feb Mar Apr May Jun Jul Aug Sep Oct Nov Dec
V/Λ2020 > Jan Feb Mar Apr May Jun Jul Aug Sep Oct Nov Dec
V/Λ2019 > Jan Feb Mar Apr May Jun Jul Aug Sep Oct Nov Dec
V/Λ2018 > Jan Feb Mar Apr May Jun Jul Aug Sep Oct Nov Dec
V/Λ2017 > Jan Feb Mar Apr May Jun Jul Aug Sep Oct Nov Dec
V/Λ2016 > Jan Feb Mar Apr May Jun Jul Aug Sep Oct Nov Dec
V/Λ2015 > Jan Feb Mar Apr May Jun Jul Aug Sep Oct Nov Dec

Report for 2017 Jan
                   MONTHLY CLIMATOLOGICAL SUMMARY for DEC. 2016

NAME: CurtisZMWeather   CITY: Zumbrota   STATE: Minnesota 
ELEV:   978 ft  LAT:  44 18' 00" N  LONG:  92 42' 00" W

                   TEMPERATURE (F), RAIN  (in), WIND SPEED (mph)

                                      HEAT  COOL        AVG
    MEAN                              DEG   DEG         WIND                 DOM
DAY TEMP  HIGH   TIME   LOW    TIME   DAYS  DAYS  RAIN  SPEED HIGH   TIME    DIR
------------------------------------------------------------------------------------
 1  35.7  37.0   1:04p  34.0  11:59p  29.3   0.0  0.00   4.2  17.0   4:40a    NW
 2  31.1  34.0  12:01a  28.8  11:48p  33.9   0.0  0.00   3.1  15.0   5:41a    NW
 3  30.1  33.2   1:16p  28.6   5:56a  34.9   0.0  0.00   1.4  10.0  11:56a    SE
 4  33.3  35.2   3:31p  30.6  12:03a  31.7   0.0  0.10   2.4  13.0   5:52a    SE
 5  33.2  37.4   2:38p  25.4   4:06a  31.8   0.0  0.01   4.0  22.0   4:52p     S
 6  25.6  35.2  12:02a  17.6  12:00m  39.4   0.0  0.00   6.5  29.0  12:05p   WSW
 7  17.5  20.3  12:01p  14.7  11:45p  47.5   0.0  0.00   8.2  29.0   9:42p     W
 8  18.7  23.7   1:21p  14.4   3:54a  46.3   0.0  0.00   6.7  24.0   2:19a   WNW
 9  13.8  18.4   2:40p   8.9  11:59p  51.2   0.0  0.00   3.1  17.0  11:05p   WNW
10   9.3  15.0  11:47p   3.5   5:58a  55.7   0.0  0.16   2.0  10.0   3:27a     E
11  18.9  22.3   1:13p  14.4  11:59p  46.1   0.0  0.26   3.3  19.0  10:10p     E
12   6.0  14.4  12:01a   0.6   9:36a  59.0   0.0  0.00   3.0  15.0   7:10a     W
13   0.2  11.2  10:54p -10.8   7:18a  64.5   0.0  0.00   2.5  18.0  10:37p     W
14   4.2  10.5   1:02a  -3.9  11:57p  60.6   0.0  0.00   6.2  29.0  10:52a     W
15  -2.0   6.2  11:54p -12.1   8:10a  66.8   0.0  0.00   2.0  10.0  12:36a   WNW
16  10.2  12.8   1:16p   6.2  12:01a  54.8   0.0  0.14   2.7  12.0  10:59a    SE
17   5.1  11.7   4:43a -10.7  11:58p  59.5   0.0  0.01   6.9  25.0  12:57p    NW
18 -12.1  -0.5  12:00m -23.1   8:09a  76.6   0.0  0.00   2.4  14.0   9:47p     W
19  12.2  22.0  11:53p  -0.7  12:07a  52.7   0.0  0.00   3.6  23.0  11:06p   SSW
20  28.4  37.4  12:41p  21.3   7:57p  36.6   0.0  0.00   4.0  23.0  12:27a   WSW
21  32.6  40.1   2:55p  21.2  12:31a  32.4   0.0  0.00   4.7  26.0   3:00p    NW
22  25.7  33.9   2:06p  16.0   8:02a  39.3   0.0  0.00   1.5  14.0  12:11a     W
23  32.4  34.8   9:50a  25.8  12:01a  32.6   0.0  0.16   1.8  16.0   7:26a   SSW
24  33.2  35.3  12:00p  31.6   7:59a  31.8   0.0  0.00   1.6  20.0  11:18p    SE
25  33.3  38.1  11:58p  31.4   6:04a  31.7   0.0  0.54   9.7  33.0   6:46p    SE
26  25.5  41.5   2:34a  18.0   9:03p  39.4   0.0  0.00   9.3  36.0  11:58a    SW
27  19.1  24.8   1:27p  11.4   8:35p  45.9   0.0  0.00   3.8  28.0   6:29a     W
28  29.8  35.9  12:59p  16.5  12:01a  35.2   0.0  0.00   4.2  25.0   6:53p     W
29  28.5  32.3  12:13p  22.4  11:54p  36.5   0.0  0.00   9.0  31.0   2:42p   WNW
30  24.1  33.0  11:33p  16.0   7:18a  40.9   0.0  0.00   3.2  15.0   1:20a   SSE
31  25.2  32.6  12:01a  17.8   6:34p  39.8   0.0  0.00   5.2  27.0   7:52a    NW
-------------------------------------------------------------------------------------
    20.3  41.5    26   -23.1    18  1384.4   0.0  1.38   4.3  36.0    26     WNW

Max >=  90.0:  0
Max <=  32.0: 14
Min <=  32.0: 30
Min <=   0.0:  6
Max Rain: 0.54 ON 12/25/16
Days of Rain: 6 (>.01 in) 5 (>.1 in) 0 (>1 in)
Heat Base:  65.0  Cool Base:  65.0  Method: Integration