NOAA style reports

NOAA-style Climate Reports

Select NOAA data to display

Select a Year or Month report
V/Λ2024 > Jan Feb Mar Apr May Jun Jul Aug Sep Oct Nov Dec
V/Λ2023 > Jan Feb Mar Apr May Jun Jul Aug Sep Oct Nov Dec
V/Λ2022 > Jan Feb Mar Apr May Jun Jul Aug Sep Oct Nov Dec
V/Λ2021 > Jan Feb Mar Apr May Jun Jul Aug Sep Oct Nov Dec
V/Λ2020 > Jan Feb Mar Apr May Jun Jul Aug Sep Oct Nov Dec
V/Λ2019 > Jan Feb Mar Apr May Jun Jul Aug Sep Oct Nov Dec
V/Λ2018 > Jan Feb Mar Apr May Jun Jul Aug Sep Oct Nov Dec
V/Λ2017 > Jan Feb Mar Apr May Jun Jul Aug Sep Oct Nov Dec
V/Λ2016 > Jan Feb Mar Apr May Jun Jul Aug Sep Oct Nov Dec
V/Λ2015 > Jan Feb Mar Apr May Jun Jul Aug Sep Oct Nov Dec

Report for 2015 Oct
                   MONTHLY CLIMATOLOGICAL SUMMARY for OCT. 2015

NAME: CurtisZMWeather   CITY: Zumbrota   STATE: Minnesota 
ELEV:   978 ft  LAT:  44 18' 00" N  LONG:  92 42' 00" W

                   TEMPERATURE (F), RAIN  (in), WIND SPEED (mph)

                                      HEAT  COOL        AVG
    MEAN                              DEG   DEG         WIND                 DOM
DAY TEMP  HIGH   TIME   LOW    TIME   DAYS  DAYS  RAIN  SPEED HIGH   TIME    DIR
------------------------------------------------------------------------------------
 1  47.2  62.0   3:29p  33.5   6:50a  17.8   0.0  0.00   1.8  19.0   4:05p     E
 2  47.0  61.4   4:04p  33.3   4:27a  18.0   0.0  0.00   2.5  17.0  11:36a     E
 3  48.4  60.6   2:49p  37.7   7:20a  16.6   0.0  0.00   2.7  18.0   1:26p     E
 4  45.7  55.9   3:41p  34.7   7:30a  19.3   0.0  0.00   1.0  11.0  10:39a     E
 5  48.7  56.9   4:13p  41.0  12:01a  16.3   0.0  0.00   0.3   9.0   1:07p   SSE
 6  55.9  69.5   2:34p  43.7  12:40a   9.7   0.6  0.00   0.3   9.0   2:35p     W
 7  51.5  64.5   3:28p  36.5   7:18a  13.5   0.0  0.01   0.8  11.0  10:24a     E
 8  59.5  71.7  12:06p  51.1  11:31p   6.3   0.8  0.21   5.2  23.0   2:07p    NW
 9  48.6  57.1   3:05p  37.7   7:34a  16.4   0.0  0.00   2.6  19.0  12:01a   NNW
10  54.7  72.8   3:29p  35.0   6:23a  11.6   1.3  0.00   2.9  28.0   1:01p   SSW
11  68.2  84.5   3:09p  53.1   7:40a   3.1   6.3  0.00   3.3  31.0  11:59p     S
12  55.2  70.9  12:01a  47.7  11:52p  10.0   0.2  0.00   8.2  39.0  10:02a    NW
13  46.9  57.9   3:09p  36.1  11:34p  18.1   0.0  0.01   4.3  20.0   1:02a    NW
14  46.9  66.5   2:55p  30.6   5:33a  18.2   0.1  0.00   2.1  21.0   1:52p    NW
15  48.9  59.5   3:27p  36.5   6:01a  16.1   0.0  0.00   5.0  29.0  11:47a    NW
16  37.5  46.4   3:13p  27.1  10:59p  27.5   0.0  0.00   4.6  24.0   1:19p    NW
17  37.2  54.7   2:55p  23.8   3:49a  27.8   0.0  0.00   2.1  18.0   2:25p    NW
18  45.3  62.2   3:00p  26.4   4:36a  19.7   0.0  0.00   3.7  24.0   2:24p     S
19  59.8  75.4   3:43p  51.0  11:09p   7.4   2.1  0.00   3.1  26.0  12:31p   SSW
20  60.3  72.8   2:20p  47.9   7:59a   6.4   1.7  0.00   0.8  11.0   3:11p    SE
21  53.4  62.1  12:48p  38.3  11:59p  11.6   0.0  0.00   3.0  23.0   2:51p    NW
22  45.5  63.5   2:47p  30.1   7:18a  19.5   0.0  0.00   0.4   8.0   3:43p     E
23  51.8  55.6  11:59p  47.2  12:01a  13.2   0.0  0.25   3.9  18.0   9:41a    SE
24  49.6  57.1   3:37a  36.5  10:15p  15.4   0.0  0.08   5.4  25.0   8:49a    NW
25  44.4  57.0   1:31p  31.0   5:23a  20.6   0.0  0.01   0.5  10.0   2:06p   SSW
26  51.2  59.6   1:16p  46.1  12:05a  13.8   0.0  0.00   1.3  18.0   2:58p   ESE
27  49.6  55.5   4:26p  44.4   1:43a  15.4   0.0  0.12   3.6  20.0   9:34p   ESE
28  41.1  46.8   9:53a  33.4  11:46p  23.9   0.0  0.50   5.5  28.0  12:36p     W
29  41.7  47.8   2:07p  33.4  12:01a  23.3   0.0  0.11   6.1  25.0  12:21a   WNW
30  45.0  51.2   3:35p  40.2   6:21a  20.0   0.0  0.00   2.9  21.0   3:42p     S
31  46.7  52.6   2:16p  44.3   5:40a  18.3   0.0  0.50   2.8  20.0   5:39p     S
-------------------------------------------------------------------------------------
    49.5  84.5    11    23.8    17   494.8  13.1  1.80   3.0  39.0    12      NW

Max >=  90.0:  0
Max <=  32.0:  0
Min <=  32.0:  6
Min <=   0.0:  0
Max Rain: 0.50 ON 10/28/15
Days of Rain: 7 (>.01 in) 6 (>.1 in) 0 (>1 in)
Heat Base:  65.0  Cool Base:  65.0  Method: Integration