NOAA style reports

NOAA-style Climate Reports

Select NOAA data to display

Select a Year or Month report

Report for 2024 Jun

Daily noaa report



                            MONTHLY CLIMATOLOGICAL SUMMARY for JUN. 2024

NAME: DW8463   CITY: Zumbrota STATE: Minnesota
ELEV: 978 ft LAT: 044:18:07 LONG: 0092:40:30

                            TEMPERATURE ( F), RAIN (in.), WIND SPEED (mph)

                                               HEAT     COOL           AVG
      MEAN                                     DEG      DEG            WIND                       DOM
DAY   TEMP    HIGH   TIME     LOW    TIME      DAYS     DAYS    RAIN   SPEED    HIGH    TIME      DIR
--------------------------------------------------------------------------------------------------------
01    63.2   073.4   18:15    57.5   23:59     01.7     00.0   00.17   00.5     06.9    18:31     NNE
02    64.3   077.8   16:06    50.8   05:55     00.7     00.0   01.40   03.1     24.1    19:27      SE
03    71.7   083.1   16:29    62.0   07:02     00.0     06.8   00.45   02.5     19.6    04:57      S 
04    72.0   083.5   15:31    60.9   00:00     00.0     07.1   00.92   02.6     23.0    16:38     SSE
05    64.1   077.6   13:26    53.0   06:02     00.8     00.0   00.06   03.4     34.5    19:01      W 
06    62.7   069.5   16:04    53.0   00:00     02.2     00.0   00.00   06.1     27.6    17:31     WNW
07    63.7   075.5   17:08    51.0   01:38     01.3     00.0   00.00   02.9     19.6    14:00     WNW
08    62.9   075.3   17:12    54.7   23:38     02.0     00.0   00.07   02.0     17.3    15:28      NW
09    62.5   072.2   12:04    48.1   04:34     02.5     00.0   00.00   05.4     33.4    12:21     NNW
10    61.4   073.4   17:24    46.4   05:59     03.6     00.0   00.00   01.7     19.6    00:26      NE
11    64.7   083.4   17:16    50.1   01:25     00.2     00.0   00.02   02.1     19.6    10:33      SW
12    64.5   075.3   17:42    50.5   05:37     00.4     00.0   00.53   02.0     26.4    11:30      S 
13    70.4   082.0   17:09    58.0   00:00     00.0     05.4   00.00   02.0     14.9    17:49      NW
14    67.2   078.9   17:33    53.2   05:45     00.0     02.3   00.00   02.1     13.8    12:49     NNW
15    63.5   068.5   15:10    57.2   02:32     01.4     00.0   00.81   02.1     19.6    23:04     ESE
16    74.9   087.0   16:30    62.7   03:12     00.0     10.0   00.66   03.1     21.9    12:50      S 
17    67.5   073.4   00:02    58.9   08:37     00.0     02.6   01.21   02.3     21.9    06:41     ENE
18    77.4   084.5   14:57    65.8   01:00     00.0     12.5   00.06   05.2     28.8    09:18      S 
19    65.5   071.3   15:28    59.6   00:00     00.0     00.5   00.01   03.1     16.1    00:44      NW
20    63.7   074.2   12:59    55.2   05:03     01.3     00.0   00.20   01.8     14.9    14:35     NNE
21    67.5   072.3   18:00    63.5   08:42     00.0     02.6   02.44   02.2     11.5    08:58      E 
22    70.1   076.2   13:48    64.9   00:00     00.0     05.2   00.83   02.6     17.3    23:01     NNW
23    68.9   081.5   16:37    56.0   06:14     00.0     03.9   00.00   03.5     17.3    01:57      NW
24    73.9   084.3   14:18    59.3   05:30     00.0     09.0   00.00   03.1     19.6    21:52     SSE
25    77.0   082.4   11:32    66.4   22:56     00.0     12.1   00.00   02.7     20.7    00:16      NW
26    69.9   078.4   15:38    59.0   23:54     00.0     04.9   00.01   03.4     21.9    13:04     NNW
27    65.9   075.6   12:12    54.2   05:51     00.0     00.9   00.02   01.6     11.5    23:54     SSE
28    67.1   073.3   19:08    63.1   07:44     00.0     02.2   01.10   03.2     26.4    08:19      S 
29    65.8   073.8   10:25    53.0   00:00     00.0     00.8   00.02   04.1     24.1    16:30      NW
30    60.9   071.8   17:07    48.1   05:44     04.1     00.0   00.00   01.5     11.5    12:29      N 
--------------------------------------------------------------------------------------------------------
67.2 (66.8)   87.0  day 16     46.4  day 10   022.1    088.8   10.89   02.8     34.5   day 05     WNW
Max >=  86: 1
Min <=  86: 30
Max Rain: 2.44 ON 21-06-24
Days of Rain: 20 (> .008in) 12 (> .08in) 7 (> 0.8in)