NOAA style reports

NOAA-style Climate Reports

Select NOAA data to display

Select a Year or Month report

Report for 2022 Aug

Daily noaa report



                            MONTHLY CLIMATOLOGICAL SUMMARY for AUG. 2022

NAME: DW8463   CITY: Zumbrota STATE: Minnesota
ELEV: 978 ft LAT: 044:18:07 LONG: 0092:40:30

                            TEMPERATURE ( F), RAIN (in.), WIND SPEED (mph)

                                               HEAT     COOL           AVG
      MEAN                                     DEG      DEG            WIND                       DOM
DAY   TEMP    HIGH   TIME     LOW    TIME      DAYS     DAYS    RAIN   SPEED    HIGH    TIME      DIR
--------------------------------------------------------------------------------------------------------
01    71.6   081.3   16:45    61.7   00:00     00.0     06.7   00.00   03.3     14.9    13:13     WNW
02    75.2   089.7   15:27    55.8   05:15     00.0     10.3   00.00   03.5     24.1    16:16     SSE
03    76.6   087.1   15:09    62.3   00:00     00.0     11.6   00.09   03.8     19.6    17:24     WNW
04    68.5   081.3   16:15    55.0   06:07     00.0     03.6   00.01   01.7     11.5    14:40     ENE
05    73.1   086.3   15:36    57.5   05:13     00.0     08.1   00.00   02.9     20.7    13:41     SSE
06    72.7   076.4   17:44    68.6   05:52     00.0     07.8   00.19   01.3     19.6    09:39     ENE
07    70.3   073.8   14:41    64.5   23:56     00.0     05.4   00.22   02.1     21.9    23:01      N 
08    64.7   074.6   15:35    57.0   00:00     00.3     00.0   00.13   04.1     16.1    07:17     NNW
09    65.8   079.4   17:24    50.6   06:31     00.0     00.9   00.00   01.1     10.3    17:05      SW
10    70.2   085.1   15:19    54.6   06:27     00.0     05.2   00.00   01.7     11.5    12:05     WNW
11    67.8   080.0   15:20    56.9   04:03     00.0     02.9   00.00   01.3     11.5    15:46      SE
12    63.6   068.0   17:20    58.9   00:33     01.3     00.0   00.80   03.5     23.0    14:33      SE
13    66.3   072.5   10:14    62.4   06:24     00.0     01.3   00.00   03.6     17.3    15:33      N 
14    64.2   069.6   15:32    59.5   05:42     00.7     00.0   00.00   02.1     10.3    12:18      N 
15    64.5   075.4   16:28    52.4   06:18     00.5     00.0   00.00   01.0     09.2    10:01      E 
16    66.6   078.8   15:45    55.5   06:32     00.0     01.6   00.00   01.2     11.5    14:41      E 
17    67.5   080.3   15:31    53.4   06:45     00.0     02.5   00.00   01.0     10.3    14:28     SSE
18    70.6   081.8   14:53    61.2   23:25     00.0     05.6   00.16   02.1     24.1    19:54     SSW
19    65.0   077.0   12:50    57.0   06:54     00.0     00.0   00.64   01.7     19.6    19:03      SE
20    66.7   077.8   16:01    58.6   03:47     00.0     01.8   00.00   02.5     19.6    19:04      N 
21    67.2   078.9   15:26    59.2   04:16     00.0     02.3   00.00   02.0     14.9    11:59      N 
22    67.7   079.6   16:51    57.9   00:00     00.0     02.7   00.00   00.9     10.3    15:05     NNW
23    67.3   082.0   15:58    51.9   06:29     00.0     02.4   00.00   00.9     11.5    12:53      SE
24    68.8   078.0   16:31    61.9   01:48     00.0     03.9   00.13   01.4     11.5    19:26      SE
25    67.4   075.4   17:01    57.9   00:00     00.0     02.4   00.01   02.8     13.8    14:58     NNW
26    64.6   078.0   17:02    49.7   06:31     00.4     00.0   00.00   01.1     11.5    15:37      E 
27    69.9   080.3   16:07    60.5   00:23     00.0     05.0   01.17   03.8     21.9    21:34     ESE
28    72.1   079.5   16:44    65.6   00:10     00.0     07.2   00.65   03.1     18.4    11:11     SSE
29    71.0   078.6   15:44    59.6   00:00     00.0     06.0   00.00   04.0     25.3    13:29     WNW
30    65.4   077.6   15:32    54.8   06:37     00.0     00.5   00.00   03.5     19.6    13:00     WNW
31    69.8   085.1   15:59    57.0   07:02     00.0     04.9   00.00   01.6     11.5    16:07      W 
--------------------------------------------------------------------------------------------------------
68.5 (68.5)   89.7  day 02     49.7  day 26   003.1    112.6   04.17   02.3     25.3   day 18     NNW
Max >=  86: 3
Min <=  86: 31
Max Rain: 1.17 ON 27-08-22
Days of Rain: 12 (> .008in) 10 (> .08in) 2 (> 0.8in)