NOAA style reports

NOAA-style Climate Reports


Report for 2021 Jul

Daily noaa report



                            MONTHLY CLIMATOLOGICAL SUMMARY for JUL. 2021

NAME: DW8463   CITY: Zumbrota STATE: Minnesota
ELEV: 978 ft LAT: 044:18:07 LONG: 0092:40:30

                            TEMPERATURE ( F), RAIN (in.), WIND SPEED (mph)

                                               HEAT     COOL           AVG
      MEAN                                     DEG      DEG            WIND                       DOM
DAY   TEMP    HIGH   TIME     LOW    TIME      DAYS     DAYS    RAIN   SPEED    HIGH    TIME      DIR
--------------------------------------------------------------------------------------------------------
01    72.0   084.9   14:46    58.2   05:35     00.0     07.1   00.00   00.2     10.3    17:35      NE
02    69.9   081.6   17:13    55.7   05:55     00.0     05.0   00.00   00.5     11.5    14:34     ENE
03    72.0   085.4   16:40    57.0   05:54     00.0     07.1   00.00   00.3     11.5    16:53      S 
04    79.4   091.4   15:54    66.8   02:07     00.0     14.4   00.00   01.3     26.4    16:31     SSW
05    81.9   092.9   15:39    71.8   00:00     00.0     16.9   00.00   00.8     14.9    13:26      W 
06    72.5   083.0   15:10    66.3   05:12     00.0     07.6   00.27   00.6     16.1    16:21     NNW
07    61.4   068.3   00:55    57.9   09:02     03.6     00.0   00.33   01.0     14.9    18:06      N 
08    63.3   072.0   17:59    57.2   03:02     01.7     00.0   00.00   00.2     10.3    09:07      NE
09    66.4   073.9   10:58    59.7   05:19     00.0     01.4   00.00   00.6     12.7    17:33     ESE
10    66.2   076.6   17:01    58.8   00:00     00.0     01.3   00.00   00.4     11.5    11:08      E 
11    67.6   080.8   15:53    51.6   06:09     00.0     02.6   00.00   00.8     11.5    17:41     ENE
12    66.9   081.0   14:42    50.3   05:57     00.0     02.0   00.00   00.5     11.5    15:30     ESE
13    70.5   084.1   15:01    54.2   06:07     00.0     05.5   00.00   00.6     11.5    18:00     SSW
14    66.0   068.6   09:26    61.9   05:30     00.0     01.0   00.73   00.4     12.7    23:58     SSE
15    67.8   078.3   18:10    59.1   00:00     00.0     02.8   00.00   01.0     11.5    16:19     NNE
16    68.1   081.4   17:03    52.9   06:11     00.0     03.1   00.00   00.6     16.1    14:19     ESE
17    68.7   083.4   17:02    53.5   06:08     00.0     03.7   00.01   00.2     10.3    13:07     ESE
18    70.5   082.9   17:41    56.6   05:45     00.0     05.5   00.00   00.3     10.3    14:59      E 
19    70.8   084.2   16:07    55.6   06:15     00.0     05.9   00.00   00.4     11.5    12:30      SW
20    74.3   086.5   16:32    61.7   06:05     00.0     09.4   00.00   00.8     11.5    16:03      NW
21    71.2   079.8   17:47    63.6   06:48     00.0     06.3   00.00   00.9     13.8    19:05     ESE
22    75.6   086.5   13:15    66.4   03:08     00.0     10.7   00.00   00.7     16.1    12:12      S 
23    79.8   091.6   15:23    66.7   06:09     00.0     14.9   00.00   00.8     18.4    14:08      S 
24    78.8   088.4   16:38    62.3   00:00     00.0     13.8   00.08   01.7     17.3    12:38     WNW
25    73.0   088.6   14:33    57.7   06:23     00.0     08.1   00.00   00.9     19.6    14:44     WNW
26    76.3   087.7   17:07    62.7   01:43     00.0     11.4   00.00   00.6     14.9    12:58      SW
27    78.8   090.7   18:28    69.8   04:58     00.0     13.9   00.00   00.5     20.7    13:04      S 
28    77.0   088.5   15:27    66.2   05:50     00.0     12.0   00.09   00.5     18.4    09:14     SSE
29    76.6   084.1   00:12    64.7   00:00     00.0     11.6   00.00   01.3     17.3    13:05     NNW
30    67.7   076.1   17:33    59.1   23:54     00.0     02.8   00.00   00.2     11.5    17:26     WSW
31    69.1   083.3   17:11    55.3   06:32     00.0     04.1   00.00   01.0     14.9    15:08     WNW
--------------------------------------------------------------------------------------------------------
71.6 (71.4)   92.9  day 05     50.3  day 12   005.3    212.1   01.51   00.7     26.5   day 24      SE
Max >=  86: 10
Min <=  86: 31
Max Rain: 0.73 ON 14-07-21
Days of Rain: 6 (> .008in) 5 (> .08in) 0 (> 0.8in)