NOAA style reports

NOAA-style Climate Reports

Select NOAA data to display

Select a Year or Month report

Report for 2019 Mar





                            MONTHLY CLIMATOLOGICAL SUMMARY for MAR. 2019

NAME: DW8463   CITY: Zumbrota STATE: Minnesota
ELEV: 978 ft LAT: 044:18:07 LONG: 0092:40:30

                            TEMPERATURE ( F), RAIN (in.), WIND SPEED (mph)

                                               HEAT     COOL           AVG
      MEAN                                     DEG      DEG            WIND                       DOM
DAY   TEMP    HIGH   TIME     LOW    TIME      DAYS     DAYS    RAIN   SPEED    HIGH    TIME      DIR
--------------------------------------------------------------------------------------------------------
01    11.3   021.2   12:34   -05.6   04:07     53.7     00.0   00.16   00.2     08.1    22:27      W 
02    11.8   019.7   14:18    02.8   22:47     53.1     00.0   00.00   02.9     16.1    13:42      NW
03   -06.6   003.2   00:02   -16.7   07:13     71.5     00.0   00.00   03.8     20.7    15:19     WNW
04   -03.2   008.2   14:32   -19.3   06:33     68.2     00.0   00.00   02.4     23.0    15:22     WSW
05    06.0   014.8   16:11   -02.6   06:52     58.9     00.0   00.00   03.7     25.3    13:41     WNW
06    09.6   022.5   14:50   -03.8   23:24     55.4     00.0   00.00   01.3     14.9    15:10      W 
07    05.9   021.8   13:41   -09.3   04:32     59.1     00.0   00.00   00.3     09.2    15:06     ENE
08    24.7   033.9   15:18    11.7   00:01     40.2     00.0   00.00   00.5     11.5    21:17      SE
09    31.8   038.4   13:13    24.9   03:29     33.2     00.0   00.55   03.4     24.1    10:57      E 
10    26.0   031.3   04:41    18.3   00:00     38.9     00.0   00.06   05.4     29.9    13:55     WNW
11    18.9   030.5   15:34    08.8   08:05     46.1     00.0   00.00   00.6     11.5    00:39     WSW
12    26.7   040.4   13:56    08.8   02:29     38.2     00.0   00.65   02.6     20.7    22:00      S 
13    39.1   044.9   23:45    36.0   08:11     25.8     00.0   00.02   01.7     19.6    23:25      SE
14    38.8   043.8   00:02    33.1   23:31     26.2     00.0   00.26   02.5     23.0    22:38      NW
15    32.2   036.2   13:45    27.9   00:00     32.7     00.0   00.00   09.2     33.4    16:23     WNW
16    26.9   034.2   15:52    19.0   07:51     38.0     00.0   00.00   01.5     14.9    00:40     WNW
17    28.1   037.9   15:42    17.8   04:50     36.8     00.0   00.00   00.8     12.7    15:45      W 
18    30.2   038.8   14:46    22.0   07:47     34.7     00.0   00.00   00.5     12.7    13:55      W 
19    34.5   044.5   15:30    23.6   07:30     30.4     00.0   00.00   00.7     16.1    14:37      SW
20    37.1   044.2   14:50    33.0   01:08     27.8     00.0   00.00   01.9     18.4    13:21     WNW
21    38.2   047.3   16:43    27.1   07:45     26.7     00.0   00.00   02.2     18.4    16:19      W 
22    36.3   046.7   16:42    26.8   00:00     28.7     00.0   00.00   01.3     11.5    14:52     NNW
23    35.1   049.4   16:32    20.0   07:24     29.8     00.0   00.00   00.2     11.5    14:17     SSE
24    40.2   051.3   15:41    32.8   00:00     24.7     00.0   00.00   00.9     14.9    18:48      NE
25    35.1   043.6   16:33    26.9   00:00     29.8     00.0   00.00   00.7     11.5    13:19      NE
26    36.8   049.3   16:24    21.5   07:10     28.2     00.0   00.00   00.9     14.9    16:27     SSE
27    49.1   061.4   16:51    40.4   01:59     15.9     00.0   00.00   03.5     31.1    14:29     SSW
28    41.7   051.6   16:55    30.0   23:56     23.3     00.0   00.00   03.0     17.3    17:25     NNW
29    35.3   046.1   17:02    28.0   02:24     29.6     00.0   00.00   01.0     12.7    17:22      NW
30    31.9   037.1   14:24    26.3   00:00     33.0     00.0   00.00   08.5     26.4    08:53     NNW
--------------------------------------------------------------------------------------------------------
27.0 (26.7)   61.4  day 27    -19.3  day 04   1138.7    000.0   01.70   02.3     33.4   day 30     WNW
Max <=  32: 9
Min <=  86: 30
Min <=   0: 6
Max <= 23: 7
Min <=  23: 16
Max <=  14: 2
Max <=   5: 1
Min <=   5: 7
Min <=   0: 6
Min <=  -4: 4
Min <= -13: 2
Max Rain: 0.65 ON 12-03-19
Days of Rain: 6 (> .008in) 4 (> .08in) 0 (> 0.8in)