NOAA style reports

NOAA-style Climate Reports

Select NOAA data to display

Select a Year or Month report

Report for 2018 Sep





                            MONTHLY CLIMATOLOGICAL SUMMARY for SEP. 2018

NAME: DW8463   CITY: Zumbrota STATE: Minnesota
ELEV: 978 ft LAT: 044:18:07 LONG: 0092:40:30

                            TEMPERATURE ( F), RAIN (in.), WIND SPEED (mph)

                                               HEAT     COOL           AVG
      MEAN                                     DEG      DEG            WIND                       DOM
DAY   TEMP    HIGH   TIME     LOW    TIME      DAYS     DAYS    RAIN   SPEED    HIGH    TIME      DIR
--------------------------------------------------------------------------------------------------------
01    72.3   079.4   17:30    66.2   23:52     00.0     07.4   00.00   00.6     16.1    06:15     SSW
02    71.2   081.8   15:40    65.8   22:47     00.0     06.2   00.00   00.6     21.9    03:58      SW
03    69.2   073.9   13:36    65.8   02:53     00.0     04.2   00.22   00.4     11.5    16:13      SE
04    70.6   079.2   13:56    67.0   19:56     00.0     05.6   03.11   00.4     14.9    17:38      E 
05    64.4   069.8   16:30    52.3   23:49     00.6     00.0   00.06   01.7     16.1    08:47     NNW
06    58.9   072.2   16:53    46.7   07:08     06.1     00.0   00.00   00.5     11.5    10:45      NE
07    60.1   073.7   15:41    48.5   07:15     04.8     00.0   00.00   00.6     11.5    15:42      E 
08    59.1   072.4   16:10    48.0   06:44     05.9     00.0   00.00   01.0     14.9    13:42      E 
09    57.8   072.0   15:37    46.0   07:04     07.2     00.0   00.00   00.6     13.8    11:40     ESE
10    61.2   076.7   16:29    45.9   07:03     03.8     00.0   00.00   00.4     16.1    16:27     SSE
11    68.3   080.6   15:26    55.4   06:40     00.0     03.4   00.00   01.2     23.0    16:52      S 
12    70.8   081.9   15:36    61.8   00:00     00.0     05.9   00.00   00.8     16.1    17:41      S 
13    69.2   082.4   15:17    55.7   07:03     00.0     04.3   00.00   01.2     23.0    13:05     SSE
14    72.7   083.0   16:41    65.3   05:17     00.0     07.7   00.00   00.3     11.5    10:57      S 
15    76.3   090.1   14:32    64.9   07:03     00.0     11.3   00.00   00.4     13.8    15:26     SSE
16    75.3   087.0   14:40    65.3   06:32     00.0     10.3   00.00   00.6     20.7    13:24      S 
17    69.1   087.2   13:24    58.7   23:59     00.0     04.1   00.14   01.4     33.4    14:54      NW
18    63.5   069.9   17:06    58.5   00:23     01.4     00.0   00.79   00.6     25.3    09:05     NNW
19    64.0   066.5   16:34    61.0   02:19     00.9     00.0   00.10   00.6     18.4    18:37     ESE
20    65.6   070.5   19:16    63.0   05:21     00.0     00.6   01.43   01.8     39.1    19:17     ESE
21    54.1   067.4   00:01    40.6   00:00     10.9     00.0   00.01   05.8     27.6    10:04      NW
22    50.6   066.3   15:50    35.9   06:47     14.3     00.0   00.00   00.6     18.4    10:29      S 
23    59.3   075.2   16:04    44.2   06:51     05.6     00.0   00.00   00.9     18.4    15:36     SSE
24    63.4   076.8   13:47    49.1   05:54     01.5     00.0   00.00   00.8     19.6    13:51     SSE
25    53.7   062.9   00:20    43.3   00:00     11.3     00.0   00.03   01.8     14.9    16:04      NW
26    50.6   061.7   13:05    41.4   01:29     14.3     00.0   00.00   01.3     17.3    16:02      W 
27    56.1   062.8   16:14    48.6   00:03     08.8     00.0   00.01   01.6     18.4    04:51     WSW
28    46.5   055.8   14:43    34.0   00:00     18.4     00.0   00.00   03.4     20.7    13:52     WNW
29    40.5   049.6   13:49    30.1   05:29     24.4     00.0   00.00   00.5     10.3    13:30     ESE
30    48.1   054.0   15:54    44.6   07:19     16.9     00.0   00.00   00.5     11.5    17:55     ENE
--------------------------------------------------------------------------------------------------------
62.1 (62.6)   90.1  day 15     30.1  day 29   157.0    071.2   05.73   01.1     39.1   day 17     SSW
Max >=  86: 3
Min <=  86: 30
Max Rain: 3.11 ON 4-09-18
Days of Rain: 10 (> .008in) 6 (> .08in) 2 (> 0.8in)