NOAA style reports

NOAA-style Climate Reports

Select NOAA data to display

Select a Year or Month report

Report for 2017 Sep





                            MONTHLY CLIMATOLOGICAL SUMMARY for SEP. 2017

NAME: DW8463   CITY: Zumbrota STATE: Minnesota
ELEV: 978 ft LAT: 044:18:07 LONG: 0092:40:30

                            TEMPERATURE ( F), RAIN (in.), WIND SPEED (mph)

                                               HEAT     COOL           AVG
      MEAN                                     DEG      DEG            WIND                       DOM
DAY   TEMP    HIGH   TIME     LOW    TIME      DAYS     DAYS    RAIN   SPEED    HIGH    TIME      DIR
--------------------------------------------------------------------------------------------------------
01    58.9   070.4   15:20    46.5   06:47     06.0     00.0   00.00   01.6     17.3    12:38     SSE
02    65.2   077.8   16:23    56.7   00:00     00.0     00.3   00.00   02.0     16.1    16:29      W 
03    67.2   081.8   13:43    50.2   06:30     00.0     02.3   00.00   01.3     12.7    17:27      SW
04    65.4   073.3   14:44    51.4   04:00     00.0     00.5   00.00   03.7     35.6    17:47      NW
05    55.2   063.8   15:04    47.8   06:15     09.7     00.0   00.13   04.0     23.0    14:44      NW
06    53.9   063.4   13:33    44.7   06:49     11.1     00.0   00.14   01.6     13.8    12:13      NW
07    55.7   072.9   16:57    41.8   06:00     09.2     00.0   00.00   00.7     12.7    15:49      W 
08    57.0   067.5   16:26    48.1   23:59     07.9     00.0   00.00   02.7     17.3    14:21      E 
09    60.6   075.9   16:21    47.0   01:51     04.3     00.0   00.00   02.6     19.6    11:09      SE
10    66.6   078.7   15:23    56.9   07:43     00.0     01.7   00.00   03.3     19.6    16:44     SSE
11    67.2   081.6   15:57    54.2   05:56     00.0     02.3   00.00   01.4     19.6    00:49     SSW
12    66.8   082.3   16:08    53.1   06:53     00.0     01.9   00.00   00.2     08.1    16:35     SSW
13    68.9   084.5   16:30    54.8   07:05     00.0     03.9   00.00   00.7     11.5    14:00      S 
14    72.7   088.1   14:30    58.4   07:13     00.0     07.8   00.00   01.2     16.1    15:40      S 
15    75.1   086.7   16:12    65.3   07:13     00.0     10.2   00.00   02.6     19.6    15:54     SSE
16    71.0   080.0   15:18    59.3   00:00     00.0     06.1   00.29   02.8     26.4    04:58     SSW
17    56.8   064.9   14:33    48.4   23:12     08.1     00.0   00.00   02.3     16.1    13:23     WNW
18    54.8   058.1   18:55    50.6   00:01     10.2     00.0   00.47   00.6     11.5    17:09      SE
19    66.9   079.0   15:26    55.6   05:08     00.0     02.0   00.00   03.5     31.1    22:36      SE
20    68.7   076.8   10:39    52.4   23:59     00.0     03.8   00.00   03.6     26.4    03:27      SW
21    66.2   084.3   16:37    46.5   07:22     00.0     01.2   00.00   02.0     19.6    13:21      SE
22    79.9   091.3   14:59    69.2   06:29     00.0     15.0   00.00   03.8     24.1    16:15      S 
23    77.6   088.0   15:33    67.9   00:00     00.0     12.7   00.00   01.7     17.3    01:00      S 
24    75.1   088.7   14:18    63.9   07:27     00.0     10.1   00.00   01.6     16.1    17:00      S 
25    65.8   069.8   00:03    60.2   00:00     00.0     00.9   00.07   02.1     13.8    17:36      NW
26    60.1   064.1   17:17    52.5   00:00     04.8     00.0   00.27   02.5     19.6    20:25     WNW
27    53.1   065.0   16:08    44.4   00:00     11.9     00.0   00.00   02.0     19.6    14:34      NW
28    57.2   074.1   15:29    41.6   04:50     07.7     00.0   00.00   01.9     19.6    13:57     WNW
29    52.0   064.1   14:53    41.9   00:00     13.0     00.0   00.00   01.3     12.7    12:11      N 
30    53.6   068.4   15:15    37.1   07:05     11.4     00.0   00.00   02.5     18.4    14:55     SSE
--------------------------------------------------------------------------------------------------------
63.8 (63.9)   91.3  day 22     37.1  day 30   115.3    082.5   01.24   02.1     35.7   day 04     SSW
Max >=  86: 5
Min <=  86: 30
Max Rain: 0.47 ON 18-09-17
Days of Rain: 6 (> .008in) 5 (> .08in) 0 (> 0.8in)