NOAA style reports

NOAA-style Climate Reports

Select NOAA data to display

Select a Year or Month report

Report for 2016 Apr





                            MONTHLY CLIMATOLOGICAL SUMMARY for APR. 2016

NAME: DW8463   CITY: Zumbrota STATE: Minnesota
ELEV: 978 ft LAT: 044:18:07 LONG: 0092:40:30

                            TEMPERATURE ( F), RAIN (in.), WIND SPEED (mph)

                                               HEAT     COOL           AVG
      MEAN                                     DEG      DEG            WIND                       DOM
DAY   TEMP    HIGH   TIME     LOW    TIME      DAYS     DAYS    RAIN   SPEED    HIGH    TIME      DIR
--------------------------------------------------------------------------------------------------------
01    36.3   041.4   14:44    29.0   23:05     28.6     00.0   00.02   06.5     29.9    13:09      NW
02    32.3   035.9   16:18    28.4   08:52     32.6     00.0   00.00   09.9     39.1    09:55      NW
03    46.5   071.5   15:29    29.1   04:45     18.4     00.0   00.01   06.5     26.4    15:37      NW
04    33.1   040.9   16:02    25.8   00:00     31.9     00.0   00.00   04.1     17.3    15:45      N 
05    31.8   037.0   00:00    24.1   02:31     33.2     00.0   00.09   04.1     25.3    17:13     SSE
06    39.3   048.5   11:37    34.8   00:00     25.6     00.0   00.01   05.1     23.0    13:26     NNW
07    37.1   042.9   16:31    29.7   06:22     27.8     00.0   00.02   04.0     19.6    22:38      NW
08    31.9   036.4   01:44    25.1   00:00     33.1     00.0   00.01   09.3     31.1    14:18      NW
09    30.7   042.0   17:19    16.1   06:30     34.3     00.0   00.00   05.3     24.1    16:40     SSE
10    46.1   058.8   16:10    35.6   02:44     18.9     00.0   00.00   07.3     27.6    17:35      W 
11    35.5   043.5   16:45    25.8   23:56     29.4     00.0   00.00   07.3     32.2    13:12      NW
12    37.6   051.5   17:22    18.5   06:47     27.3     00.0   00.00   02.6     16.1    18:14     SSE
13    55.6   070.6   16:43    44.0   07:36     09.3     00.0   00.00   06.4     20.7    18:46      S 
14    60.2   072.8   17:00    50.8   04:54     04.8     00.0   00.00   06.3     21.9    17:47      S 
15    61.4   075.2   14:38    42.5   06:23     03.5     00.0   00.00   06.4     25.3    15:42     SSE
16    66.6   079.8   15:43    52.1   05:58     00.0     01.6   00.01   04.5     25.3    17:12     SSE
17    66.2   078.4   17:22    52.0   05:13     00.0     01.2   00.00   03.1     20.7    14:54     SSE
18    64.9   079.4   13:43    47.7   06:31     00.0     00.0   00.01   02.0     19.6    12:30     SSE
19    55.5   059.8   00:03    51.3   23:46     09.4     00.0   00.08   04.0     16.1    15:16      E 
20    55.8   063.9   13:28    50.2   06:02     09.2     00.0   00.17   03.4     14.9    12:52     ESE
21    56.6   067.8   14:27    48.6   02:28     08.3     00.0   00.05   02.8     19.6    21:38     NNW
22    47.4   056.8   18:00    39.3   00:00     17.5     00.0   00.00   04.4     19.6    03:37      N 
23    53.8   070.0   14:51    34.4   06:38     11.2     00.0   00.01   04.1     23.0    14:14     SSE
24    57.8   061.8   17:01    54.1   00:00     07.2     00.0   00.21   04.8     24.1    16:43     ESE
25    58.5   069.1   17:02    51.3   00:00     06.4     00.0   00.05   03.9     17.3    13:11     NNW
26    47.4   051.3   00:03    44.3   00:00     17.6     00.0   00.00   05.1     19.6    22:37     ENE
27    43.7   052.2   13:10    39.7   07:00     21.3     00.0   00.34   07.4     28.8    13:30      E 
28    39.7   041.2   12:41    37.3   23:57     25.3     00.0   00.17   05.0     19.6    13:30     ENE
29    45.1   056.0   16:05    36.3   04:33     19.8     00.0   00.00   02.3     14.9    11:02     ENE
30    45.7   052.8   14:58    37.4   02:40     19.2     00.0   00.06   03.7     24.1    11:49      E 
--------------------------------------------------------------------------------------------------------
47.3 (47.4)   79.8  day 16     16.1  day 09   531.1    002.9   01.33   05.1     39.1   day 02     ENE
Min <=  86: 30
Min <=  23: 2
Max Rain: 0.34 ON 27-04-16
Days of Rain: 17 (> .008in) 5 (> .08in) 0 (> 0.8in)