V/Λ SELECT: Month and Year
OR > Month
V/Λ2019 >
Jan Feb Mar Apr May Jun Jul Aug Sep Oct Nov Dec
Annual Climatological Summary for 2019
Name: CurtisZM Weather City: Zumbrota State: Minnesota
Elevation: 978 ft Lat: N 44 18 06 Lon: W 092 40 30
Temperature (°F), Heat Base: 65.0 Cool Base: 65.0
Dep. Heat Cool Max Max Min Min
Mean Mean From Deg Deg >= <= <= <=
YR MO Max Min Mean Norm Days Days Hi Date Low Date 80.0 32.0 32.0 0.0
------------------------------------------------------------------------------------
19 1 20.9 4.2 13.2 -1.6 1579 0 46.1 5 -34.0 31 0 22 31 11
19 2 21.5 2.9 13.3 -6.4 1410 0 39.2 3 -21.5 9 0 24 27 13
19 3 36.6 17.1 27.1 -4.7 1173 0 61.4 27 -19.4 4 0 9 26 6
19 4 55.2 35.0 45.0 -1.5 609 10 83.3 21 22.5 15 1 0 12 0
19 5 64.3 43.3 54.0 -3.9 373 32 87.3 31 30.0 3 2 0 1 0
19 6 76.7 55.9 66.2 -1.3 87 122 88.3 29 41.6 13 12 0 0 0
19 7 81.5 62.3 71.7 0.1 25 240 92.2 19 49.7 31 21 0 0 0
19 8 77.9 57.1 66.9 -2.8 98 130 86.9 5 46.7 30 9 0 0 0
19 9 73.9 55.8 64.4 3.0 109 94 85.5 30 44.1 26 7 0 0 0
19 10 58.5 42.1 49.0 0.3 795 2 71.6 9 21.4 29 0 0 2 0
19 11
19 12
------------------------------------------------------------------------------------
56.7 37.6 47.1 -1.9 6257 629 92.2 Jul -34.0 Jan 52 55 99 30
Precipitation (in)
Dep. Max Days of Rain
From Obs. >=
YR MO Total Norm Day Date 0.01 0.10 1.00
---------------------------------------------
19 1 28.82 27.92 28.52 4 7 3 1
19 2 2.02 1.22 0.40 20 12 8 0
19 3 1.70 -0.20 0.65 12 6 4 0
19 4 4.39 1.49 1.23 17 14 9 2
19 5 5.29 1.49 1.62 8 14 8 2
19 6 5.89 1.49 1.18 27 14 10 2
19 7 7.34 3.04 1.88 20 14 11 2
19 8 2.59 -2.01 0.66 26 15 6 0
19 9 36.62 32.92 31.00 25 14 7 3
19 10 3.64 1.04 2.01 5 6 5 1
---------------------------------------------
98.30 68.40 31.00 Sep 116 71 13
Wind Speed (mph)
Dom
YR MO Avg. Hi Date Dir
------------------------------
19 1 2.6 39.0 8 NW
19 2 2.5 36.0 24 NW
19 3 2.3 33.0 15 WNW
19 4 2.5 34.0 11 N
19 5 2.0 38.0 22 NNE
19 6 1.1 30.0 27 NNW
19 7 0.8 30.0 20 WNW
19 8 0.7 31.0 5 WNW
19 9 1.1 27.0 3 SW
19 10 1.9 29.0 28 WSW
19 11
19 12
------------------------------
1.7 39.0 Jan NW