V/Λ SELECT: Month and Year
OR > Month
Monthly Climatological Summary for Apr 2024
Name: CurtisZM Weather City: Zumbrota State: Minnesota
Elevation: 978 ft Lat: N 44° 18' 05" Lon: W 092° 40' 30"
Temperature (°F), Rain (in), Wind Speed (mph)
Heat Cool Avg
Mean Deg Deg Wind Dom
Day Temp High Time Low Time Days Days Rain Speed High Time Dir
----------------------------------------------------------------------------------
01 35.1 39.4 00:00 29.5 04:36 29.9 0.0 0.31 3.4 19.0 17:30 ENE
02 35.3 38.3 17:57 32.6 23:48 29.7 0.0 0.02 7.4 25.0 16:43 NNW
03 38.4 47.8 16:03 32.6 00:47 26.6 0.0 0.02 11.2 34.0 11:13 NW
04 39.1 48.7 16:55 28.4 23:54 25.9 0.0 0.00 6.0 25.0 10:49 NNW
05 39.2 55.7 16:15 22.8 07:02 25.8 0.0 0.00 1.1 13.0 14:05 E
06 43.2 58.0 16:07 25.4 06:40 21.8 0.0 0.00 5.8 28.0 17:25 ESE
07 42.7 45.4 00:00 41.1 11:34 22.3 0.0 0.45 8.3 26.0 08:36 E
08 45.8 50.6 17:38 43.4 00:00 19.2 0.0 0.18 3.5 27.0 13:30 SSE
09 49.2 62.3 16:22 38.2 05:57 15.8 0.0 0.00 3.5 19.0 13:47 WSW
10 53.1 70.9 14:08 33.1 06:30 12.8 0.9 0.00 2.3 18.0 12:48 WSW
11 49.7 59.3 16:17 40.6 02:45 15.3 0.0 0.00 5.4 26.0 18:56 W
12 49.6 60.7 16:24 36.3 23:59 15.4 0.0 0.00 6.5 30.0 13:18 WNW
13 57.6 80.8 17:01 29.4 06:19 12.4 4.9 0.00 4.3 30.0 17:24 S
14 60.9 72.8 12:25 42.1 23:58 6.3 2.2 0.00 4.4 21.0 15:06 NW
15 54.3 70.3 15:51 35.3 06:29 11.4 0.7 0.00 3.6 17.0 16:05 ENE
16 51.5 56.8 03:55 47.1 16:09 13.5 0.0 0.63 8.0 27.0 08:38 E
17 49.9 55.0 18:19 40.4 23:43 15.1 0.0 0.00 6.1 29.0 11:25 WNW
18 44.8 54.0 14:02 33.2 23:58 20.2 0.0 0.03 4.0 24.0 17:42 WNW
19 35.5 42.6 10:55 29.7 05:49 29.5 0.0 0.00 6.3 32.0 14:25 SW
20 35.7 45.0 17:34 30.3 05:46 29.3 0.0 0.00 5.8 21.0 11:10 WNW
21 43.8 60.4 17:06 26.8 06:17 21.2 0.0 0.00 3.6 22.0 12:36 WNW
22 50.4 67.9 13:51 28.8 04:53 14.7 0.1 0.00 4.2 35.0 14:01 S
23 50.6 62.2 16:43 37.9 23:56 14.4 0.0 0.00 6.0 30.0 17:40 WNW
24 43.5 58.5 17:29 26.4 06:41 21.5 0.0 0.00 1.8 12.0 14:09 ENE
25 52.2 65.9 15:45 35.2 06:25 12.8 0.0 0.00 4.8 25.0 15:09 SSE
----------------------------------------------------------------------------------
46.0 80.8 13 22.8 5 482.8 8.8 1.64 5.1 35.0 22 WNW
Max >= 80.0 1
Max <= 32.0 0
Min <= 32.0 10
Min <= 0.0 0
Max Rain: 0.63 on day 16
Days of Rain: 7 (>= 0.01 in) 4 (>= 0.10 in) 0 (>= 1.00 in)
Heat Base: 65.0 Cool Base: 65.0 Method: Integration