NOAA-style Climate Reports

   V/Λ SELECT: Month and Year   OR  >   Month
V/Λ2021 > Jan Feb Mar Apr May Jun Jul Aug Sep Oct Nov Dec
V/Λ2020 > Jan Feb Mar Apr May Jun Jul Aug Sep Oct Nov Dec
V/Λ2019 > Jan Feb Mar Apr May Jun Jul Aug Sep Oct Nov Dec
V/Λ2018 > Jan Feb Mar Apr May Jun Jul Aug Sep Oct Nov Dec
V/Λ2017 > Jan Feb Mar Apr May Jun Jul Aug Sep Oct Nov Dec
V/Λ2016 > Jan Feb Mar Apr May Jun Jul Aug Sep Oct Nov Dec
V/Λ2015 > Jan Feb Mar Apr May Jun Jul Aug Sep Oct Nov Dec
                   Monthly Climatological Summary for Apr 2021

Name: CurtisZM Weather   City: Zumbrota   State: Minnesota
Elevation: 978 ft  Lat: N 44° 18' 06"   Lon: W 092° 40' 30"

                  Temperature (°F), Rain (in), Wind Speed (mph)

                                      Heat  Cool        Avg
    Mean                              Deg   Deg         Wind                 Dom
Day Temp  High   Time   Low    Time   Days  Days  Rain  Speed High   Time    Dir
----------------------------------------------------------------------------------
01  29.2  43.6   17:43  14.1   06:59  35.8   0.0  0.00   0.2  10.0   12:18    SW
02  44.5  58.3   16:25  28.0   00:24  20.4   0.0  0.00   3.9  29.0   12:57     S
03  52.7  70.7   16:15  35.3   06:28  13.1   0.9  0.00   1.3  17.0   00:28   NNW
04  56.4  81.1   14:34  32.3   05:54  13.0   4.4  0.00   1.2  25.0   12:53   SSW
05  63.0  82.8   14:14  40.7   07:11   8.0   6.0  0.00   2.4  34.0   15:21     S
06  66.7  78.9   15:52  49.6   06:54   3.0   4.7  0.00   1.2  20.0   00:58     S
07  64.9  77.5   15:51  54.7   06:05   3.2   3.1  0.03   1.6  25.0   14:09   SSE
08  56.6  64.8   13:27  42.4   23:52   8.4   0.0  0.21   1.5  21.0   13:52   SSE
09  47.5  53.4   14:23  41.6   00:17  17.5   0.0  0.27   1.0  19.0   15:46     W
10  44.5  47.1   17:13  41.7   07:58  20.5   0.0  0.01   3.6  17.0   08:00   NNW
11  46.6  52.3   15:57  42.4   07:41  18.4   0.0  0.00   5.3  19.0   08:42   NNW
12  43.5  48.6   00:00  40.2   23:58  21.6   0.0  0.00   2.7  27.0   09:54     W
13  34.9  40.2   00:00  31.3   23:55  30.1   0.0  0.00   3.5  24.0   00:59     W
14  36.3  45.3   17:34  28.9   01:55  28.5   0.0  0.04   2.7  18.0   04:32   WNW
15  42.4  48.9   17:16  37.5   07:24  22.6   0.0  0.00   1.7  15.0   12:18    NW
16  45.2  60.0   16:05  30.3   06:25  19.8   0.0  0.00   1.5  17.0   13:19   NNW
17  45.8  60.2   16:06  27.9   06:29  19.2   0.0  0.00   1.5  19.0   15:58   NNW
18  47.5  63.7   16:59  29.3   05:48  17.5   0.0  0.02   2.4  27.0   19:19   WNW
19  36.2  42.4   00:00  28.5   23:59  28.8   0.0  0.01   6.2  25.0   05:20    NW
20  33.1  41.6   16:20  22.1   03:35  31.9   0.0  0.00   1.8  17.0   11:00   NNW
21  32.6  42.3   14:57  19.7   04:55  32.4   0.0  0.00   2.4  22.0   13:30    NW
22  46.3  63.8   16:31  27.0   04:49  18.7   0.0  0.00   2.1  21.0   10:07     W
----------------------------------------------------------------------------------
    46.2  82.8     5    14.1     1   432.4  19.1  0.59   2.4  34.0     5     WNW

Max >=  80.0  2
Max <=  32.0  0
Min <=  32.0 11
Min <=   0.0  0
Max Rain: 0.27 on day 9
Days of Rain: 7 (>= 0.01 in)  2 (>= 0.10 in)  0 (>= 1.00 in)
Heat Base: 65.0  Cool Base: 65.0  Method: Integration

Powered by  Davis VP2  and   CumulusMX  v3.10.5 (b3122)    Valid HTML5