V/Λ SELECT: Month and Year
OR > Month
Monthly Climatological Summary for Oct 2017
Name: CurtisZM Weather City: Zumbrota State: Minnesota
Elevation: 978 ft Lat: N 44° 18' 07" Lon: W 092° 40' 30"
Temperature (°F), Rain (in), Wind Speed (mph)
Heat Cool Avg
Mean Deg Deg Wind Dom
Day Temp High Time Low Time Days Days Rain Speed High Time Dir
----------------------------------------------------------------------------------
1 59.3 66.6 12:46 54.8 23:21 5.8 0.1 0.16 4.3 22.0 09:54 SSE
2 63.8 73.4 21:32 52.7 03:18 4.0 2.8 0.44 2.7 28.0 06:13 SSE
3 65.8 73.5 12:08 49.7 22:31 2.9 3.7 0.06 4.7 26.0 05:42 SSW
4 49.6 61.2 15:46 40.8 23:57 15.4 0.0 0.00 2.0 17.0 13:42 WNW
5 51.8 63.3 13:08 40.0 01:26 13.2 0.0 0.13 0.4 11.0 12:34 S
6 54.6 56.3 12:17 52.8 00:00 10.4 0.0 0.96 1.9 17.0 17:14 ENE
7 55.9 60.2 17:40 49.4 21:41 9.1 0.0 0.48 1.9 14.0 14:29 NW
8 58.4 77.2 14:45 43.5 06:18 9.1 2.5 0.01 2.6 25.0 13:19 W
9 50.1 60.6 12:43 41.8 23:58 14.8 0.0 0.00 4.9 22.0 16:17 NNW
10 42.9 49.1 15:14 32.7 07:30 22.1 0.0 0.00 1.7 15.0 10:36 NNE
11 48.2 55.0 15:59 38.9 04:25 16.8 0.0 0.00 1.3 12.0 11:52 ESE
12 56.0 63.1 15:44 51.3 22:27 9.0 0.0 0.00 2.7 19.0 15:50 SSE
13 50.2 58.2 16:35 37.1 23:54 14.8 0.0 0.00 1.7 14.0 16:05 NNW
14 45.7 53.4 10:55 36.1 01:34 19.3 0.0 0.09 2.4 19.0 21:57 ENE
15 45.3 53.3 13:38 37.4 22:52 19.7 0.0 0.06 5.2 32.0 03:27 NW
16 47.6 64.8 15:00 30.5 07:30 17.4 0.0 0.00 1.5 19.0 15:09 SW
17 56.4 74.1 15:00 40.9 08:04 10.0 1.5 0.00 1.0 14.0 16:00 SSW
18 57.0 70.6 14:16 44.2 23:42 8.9 1.0 0.00 2.2 23.0 14:20 SW
19 52.9 72.9 14:29 33.8 06:48 13.3 1.2 0.00 1.4 17.0 12:54 S
20 64.0 75.2 15:20 53.1 00:33 3.6 2.6 0.00 4.4 25.0 22:41 S
21 62.1 67.6 16:52 52.5 23:57 3.4 0.5 0.32 6.1 29.0 14:02 S
22 50.8 62.5 14:42 41.2 21:44 14.2 0.0 0.00 1.6 18.0 14:31 W
23 50.2 60.2 14:06 43.5 08:05 14.7 0.0 0.00 5.7 30.0 15:02 WNW
24 43.7 50.4 14:52 36.5 23:55 21.3 0.0 0.00 9.9 32.0 13:46 NW
25 42.7 54.4 14:14 32.2 07:59 22.3 0.0 0.00 1.2 16.0 09:52 NNW
26 43.6 55.5 13:03 34.5 23:50 21.4 0.0 0.00 4.8 26.0 17:45 W
27 33.4 34.8 01:27 32.3 23:51 31.6 0.0 0.18 8.1 26.0 12:07 NW
28 31.1 33.5 14:38 25.1 22:59 33.9 0.0 0.09 4.5 21.0 03:52 NW
29 34.7 42.9 14:47 25.3 00:46 30.3 0.0 0.01 1.8 14.0 12:00 S
30 35.0 40.2 00:00 31.3 23:50 30.0 0.0 0.00 7.3 31.0 14:51 WNW
31 29.7 34.3 14:27 22.0 23:57 35.3 0.0 0.00 3.5 24.0 00:45 WNW
----------------------------------------------------------------------------------
49.4 77.2 8 22.0 31 498.0 15.9 2.99 3.4 32.0 15 W
Max >= 80.0: 0
Max <= 32.0: 0
Min <= 32.0: 5
Min <= 0.0: 0
Max Rain: 0.96 on day 6
Days of Rain: 13 (>= 0.01 in) 7 (>= 0.10 in) 0 (>= 1.00 in)
Heat Base: 65.0 Cool Base: 65.0 Method: Integration