V/Λ SELECT: Month and Year
OR > Month
Monthly Climatological Summary for Sep 2017
Name: CurtisZM Weather City: Zumbrota State: Minnesota
Elevation: 978 ft Lat: N 44° 18' 07" Lon: W 092° 40' 30"
Temperature (°F), Rain (in), Wind Speed (mph)
Heat Cool Avg
Mean Deg Deg Wind Dom
Day Temp High Time Low Time Days Days Rain Speed High Time Dir
----------------------------------------------------------------------------------
1 58.9 70.4 15:18 46.5 06:35 7.1 1.0 0.00 1.6 17.0 12:09 SSE
2 65.2 77.8 16:17 56.6 23:59 2.8 3.0 0.00 2.1 16.0 16:27 W
3 67.2 81.8 13:40 50.2 06:27 4.3 6.5 0.00 1.3 13.0 11:01 SSW
5 60.9 73.4 14:41 47.8 05:56 6.8 1.9 0.13 4.1 36.0 17:40 NW
6 53.8 63.4 13:30 44.7 06:39 11.2 0.0 0.01 1.6 15.0 12:17 NNW
7 55.7 72.9 16:54 41.8 05:54 10.4 1.2 0.00 0.7 14.0 15:10 WSW
8 57.0 67.5 16:15 48.1 23:56 8.3 0.3 0.00 2.8 17.0 10:02 E
9 60.6 75.9 16:08 47.0 01:45 7.0 2.7 0.00 2.6 19.0 11:07 SE
10 66.6 78.8 15:20 56.9 07:10 2.6 4.2 0.00 3.3 19.0 12:17 SSE
11 67.2 81.6 15:55 54.2 05:50 2.8 5.0 0.00 1.5 20.0 00:47 S
12 66.9 82.3 16:03 53.1 06:43 3.8 5.6 0.00 0.2 8.0 16:33 S
13 68.9 84.5 15:36 54.8 06:55 2.9 6.8 0.00 0.7 11.0 13:27 S
14 72.7 88.1 14:24 58.4 06:47 1.2 8.9 0.00 1.2 16.0 15:38 S
15 75.1 86.7 16:08 65.3 07:06 0.0 10.1 0.00 2.6 19.0 15:52 SSE
16 73.2 76.9 14:01 65.9 05:31 0.0 8.1 0.29 2.7 28.0 04:57 S
17 68.8 76.8 00:00 48.4 23:07 3.3 7.1 0.00 2.1 16.0 13:20 S
18 54.7 58.1 18:30 50.6 00:00 10.2 0.0 0.47 0.6 12.0 17:06 ESE
19 66.9 79.0 15:23 55.6 05:01 3.1 5.1 0.00 3.5 31.0 22:34 SE
20 68.7 76.8 10:34 52.4 23:55 1.7 5.4 0.00 3.7 28.0 03:26 SSW
21 66.2 84.3 16:27 46.5 07:20 6.2 7.4 0.00 2.1 20.0 13:19 SE
22 79.9 91.3 14:56 69.2 06:20 0.0 14.9 0.00 3.8 24.0 14:33 S
23 77.6 88.0 14:46 67.9 23:58 0.0 12.6 0.00 1.8 17.0 00:58 S
24 75.0 88.7 13:43 63.9 06:37 0.1 10.1 0.00 1.6 17.0 14:50 S
25 65.8 69.8 00:00 60.2 22:46 0.9 1.7 0.07 2.1 14.0 14:37 NNW
26 60.1 64.1 17:11 52.4 23:59 4.9 0.0 0.27 2.6 19.0 20:20 WNW
27 53.1 65.0 16:04 44.4 23:56 11.9 0.0 0.00 2.0 19.0 14:32 NW
28 57.2 74.1 14:57 41.6 04:45 9.8 2.0 0.00 1.9 20.0 13:55 W
29 52.0 64.1 14:51 41.9 23:48 13.0 0.0 0.00 1.3 13.0 09:34 N
30 53.6 68.4 15:12 37.1 06:49 11.7 0.3 0.00 2.5 18.0 12:56 SSE
----------------------------------------------------------------------------------
64.5 91.3 22 37.1 30 148.0 131.9 1.24 2.0 36.0 5 S
Max >= 80.0: 10
Max <= 32.0: 0
Min <= 32.0: 0
Min <= 0.0: 0
Max Rain: 0.47 on day 18
Days of Rain: 6 (>= 0.01 in) 4 (>= 0.10 in) 0 (>= 1.00 in)
Heat Base: 65.0 Cool Base: 65.0 Method: Integration