V/Λ SELECT: Month and Year
OR > Month
Monthly Climatological Summary for Jul 2017
Name: CurtisZM Weather City: Zumbrota State: Minnesota
Elevation: 978 ft Lat: N 44° 18' 07" Lon: W 092° 40' 30"
Temperature (°F), Rain (in), Wind Speed (mph)
Heat Cool Avg
Mean Deg Deg Wind Dom
Day Temp High Time Low Time Days Days Rain Speed High Time Dir
----------------------------------------------------------------------------------
1 66.4 74.3 17:19 59.1 05:48 0.0 1.4 0.01 2.6 16.0 14:30 WNW
2 69.0 78.6 16:47 57.3 23:56 0.0 4.0 0.00 1.5 12.0 10:59 NNE
3 67.9 81.3 17:19 51.9 05:52 0.0 2.9 0.00 1.2 12.0 13:13 E
4 72.9 84.6 17:24 59.6 03:49 0.0 7.9 0.00 2.0 15.0 10:17 SE
5 76.9 87.9 16:13 65.3 04:31 0.0 11.9 0.00 1.1 14.0 11:42 SW
6 78.7 91.7 16:35 67.2 06:08 0.0 13.7 0.00 1.0 13.0 16:52 WSW
7 72.6 82.2 14:32 62.4 22:34 0.0 7.6 0.00 4.5 22.0 13:44 NNW
8 67.9 81.1 16:43 51.9 05:28 0.0 2.9 0.00 1.1 12.0 15:33 WNW
9 69.3 81.5 16:48 53.7 05:36 0.0 4.3 0.53 1.0 33.0 22:31 SSE
10 71.2 82.8 17:06 64.1 05:37 0.0 6.2 0.00 1.2 11.0 16:16 NNE
11 73.2 83.3 16:13 59.3 05:49 0.0 8.2 0.00 1.2 13.0 14:05 SSE
12 77.5 87.7 13:48 66.6 23:58 0.0 12.5 0.04 2.8 21.0 04:20 WNW
13 64.5 70.5 12:22 60.8 23:47 0.5 0.0 0.00 3.0 16.0 09:45 NNW
14 63.3 74.1 17:36 55.2 06:05 1.7 0.0 0.00 1.2 12.0 08:37 N
15 73.2 89.7 16:24 54.2 04:50 0.0 8.2 0.00 1.9 18.0 15:09 W
16 73.7 83.6 16:49 62.9 06:20 0.0 8.7 0.00 1.6 11.0 12:55 ENE
17 73.9 86.2 15:43 60.2 06:06 0.0 8.9 0.00 2.2 19.0 17:12 S
18 77.8 86.3 14:03 67.1 23:59 0.0 12.8 0.00 2.5 15.0 13:09 NNW
19 69.4 84.5 13:33 56.2 05:46 0.0 4.4 0.93 2.3 28.0 16:31 ESE
20 75.4 85.1 17:35 67.6 23:56 0.0 10.4 0.45 0.7 17.0 01:16 NNE
21 69.8 77.9 17:16 62.8 03:39 0.0 4.8 0.18 1.3 17.0 16:36 SSE
22 75.5 86.2 16:19 67.4 01:59 0.0 10.5 0.00 1.5 17.0 09:58 NW
23 69.0 76.4 16:29 62.4 22:37 0.0 4.0 0.00 3.2 18.0 12:59 NNW
24 66.7 77.1 16:49 55.2 06:10 0.0 1.7 0.00 1.2 13.0 16:08 SE
25 69.9 81.7 14:55 60.1 01:05 0.0 4.9 0.91 2.6 27.0 13:34 S
26 72.3 80.8 17:18 63.5 23:59 0.0 7.3 1.04 1.5 17.0 05:42 NW
27 71.2 82.8 17:15 60.1 06:08 0.0 6.2 0.00 1.1 12.0 14:52 NNE
28 69.6 80.8 15:50 58.2 06:17 0.0 4.6 0.00 1.3 13.0 12:57 ENE
29 74.4 81.9 14:58 61.8 23:56 0.1 4.8 0.00 0.3 9.0 10:58 E
30 69.4 76.4 10:03 56.8 06:02 2.0 6.3 0.00 0.6 4.0 08:35 WNW
31 76.1 83.7 17:21 62.3 05:55 0.2 10.7 0.00 0.8 10.0 18:41 W
----------------------------------------------------------------------------------
71.6 91.7 6 51.9 3 4.5 202.7 4.09 1.7 33.0 9 NNW
Max >= 80.0: 23
Max <= 32.0: 0
Min <= 32.0: 0
Min <= 0.0: 0
Max Rain: 1.04 on day 26
Days of Rain: 8 (>= 0.01 in) 6 (>= 0.10 in) 1 (>= 1.00 in)
Heat Base: 65.0 Cool Base: 65.0 Method: Integration