V/Λ SELECT: Month and Year
OR > Month
Monthly Climatological Summary for Nov 2016
Name: CurtisZM Weather City: Zumbrota State: Minnesota
Elevation: 978 ft Lat: N 44° 18' 07" Lon: W 092° 40' 30"
Temperature (°F), Rain (in), Wind Speed (mph)
Heat Cool Avg
Mean Deg Deg Wind Dom
Day Temp High Time Low Time Days Days Rain Speed High Time Dir
----------------------------------------------------------------------------------
1 51.7 65.4 15:01 40.1 23:53 13.3 0.0 0.00 0.9 18.0 15:57 W
2 49.1 62.4 15:01 39.7 00:38 15.9 0.0 0.00 0.6 12.0 17:20 ENE
3 47.0 63.3 14:06 35.8 06:10 17.9 0.0 0.00 1.6 14.0 13:56 NW
4 46.6 68.3 14:42 31.9 07:38 18.4 0.3 0.00 0.7 15.0 13:45 SW
5 48.9 71.3 14:37 33.6 08:07 16.9 0.9 0.00 0.4 11.0 15:32 S
6 50.1 68.6 13:50 36.0 06:46 15.9 0.4 0.00 1.5 18.0 14:07 S
7 51.7 61.5 12:28 38.9 04:29 13.3 0.0 0.00 1.7 18.0 12:43 SSW
8 45.3 56.6 13:36 31.3 23:44 19.6 0.0 0.00 4.0 20.0 12:32 NNW
9 42.1 58.6 13:43 27.6 06:18 22.6 0.0 0.00 1.2 15.0 11:59 SW
10 52.0 64.7 13:51 40.4 07:19 12.9 0.0 0.00 3.7 19.0 14:00 WNW
11 38.8 48.8 13:27 25.5 23:58 26.2 0.0 0.00 2.4 16.0 09:33 N
12 39.3 53.1 13:30 22.6 04:28 25.5 0.0 0.00 3.0 21.0 11:03 SW
13 47.4 62.0 13:24 39.2 06:21 17.4 0.0 0.00 2.7 20.0 13:35 SW
14 41.4 48.7 15:36 33.3 06:18 23.6 0.0 0.00 1.8 13.0 09:40 WNW
15 41.7 55.7 12:24 31.9 04:38 23.0 0.0 0.00 1.3 16.0 11:12 SW
16 45.4 59.3 13:08 28.8 07:14 19.6 0.0 0.01 3.5 21.0 15:33 SSE
17 51.4 61.1 13:46 43.6 07:12 13.5 0.0 0.00 1.4 12.0 01:30 E
18 41.5 55.2 10:57 32.2 20:04 23.1 0.0 0.10 7.3 36.0 16:57 WNW
19 28.7 32.3 00:00 20.8 23:58 36.1 0.0 0.00 9.7 33.0 00:23 NW
20 24.3 30.1 14:44 18.3 23:56 37.7 0.0 0.00 1.6 9.0 03:49 ENE
21 27.8 38.9 13:53 17.1 04:46 37.0 0.0 0.00 2.6 15.0 12:26 ESE
22 33.8 36.1 12:52 31.7 00:00 30.8 0.0 0.27 4.9 20.0 10:49 ESE
23 34.2 35.3 12:36 33.4 09:37 30.8 0.0 0.06 2.5 12.0 14:29 NNW
24 35.0 37.4 15:47 34.0 03:38 29.7 0.0 0.00 0.7 11.0 00:49 WNW
25 34.6 36.2 14:58 29.1 23:59 30.4 0.0 0.00 1.2 14.0 08:24 W
26 33.5 45.6 14:26 26.5 02:32 31.3 0.0 0.00 0.9 13.0 11:31 S
27 36.4 44.6 23:06 26.1 00:55 28.6 0.0 0.31 4.4 27.0 22:58 SE
28 46.5 51.9 09:22 36.8 21:14 18.5 0.0 0.00 8.3 33.0 02:45 SSE
29 36.3 38.0 00:00 34.5 04:39 28.4 0.0 0.02 4.5 21.0 10:55 SSW
30 36.2 37.4 14:09 35.5 04:59 28.8 0.0 0.00 2.3 14.0 23:33 WNW
----------------------------------------------------------------------------------
41.3 71.3 5 17.1 21 706.7 1.6 0.77 2.8 36.0 18 WSW
Max >= 80.0: 0
Max <= 32.0: 1
Min <= 32.0: 14
Min <= 0.0: 0
Max Rain: 0.31 on day 27
Days of Rain: 6 (>= 0.01 in) 3 (>= 0.10 in) 0 (>= 1.00 in)
Heat Base: 65.0 Cool Base: 65.0 Method: Integration