V/Λ SELECT: Month and Year
OR > Month
Monthly Climatological Summary for Feb 2021
Name: CurtisZM Weather City: Zumbrota State: Minnesota
Elevation: 978 ft Lat: N 44° 18' 06" Lon: W 092° 40' 30"
Temperature (°F), Rain (in), Wind Speed (mph)
Heat Cool Avg
Mean Deg Deg Wind Dom
Day Temp High Time Low Time Days Days Rain Speed High Time Dir
----------------------------------------------------------------------------------
01 26.3 29.4 11:30 22.0 23:30 38.7 0.0 0.00 2.8 15.0 12:00 NW
02 19.9 24.2 16:30 10.7 00:00 45.1 0.0 0.00 0.0 8.0 09:00 SE
03 25.1 35.5 14:00 9.9 00:30 39.9 0.0 0.00 2.0 25.0 15:00 SSE
04 22.2 33.9 01:00 6.8 00:00 42.8 0.0 0.21 5.8 26.0 18:30 WNW
05 6.4 10.4 13:00 3.1 00:00 58.6 0.0 0.00 7.4 24.0 03:00 WNW
06 -2.6 3.1 00:00 -12.9 00:00 67.6 0.0 0.00 6.1 23.0 14:00 WNW
07 -9.5 -2.8 15:30 -19.4 05:00 74.5 0.0 0.00 2.1 14.0 12:00 WNW
08 -5.4 1.4 14:30 -18.3 00:00 70.4 0.0 0.00 1.4 12.0 15:00 NW
09 -2.0 8.6 14:00 -19.0 00:30 67.0 0.0 0.00 1.3 15.0 15:30 SW
10 1.5 9.8 14:30 -6.9 00:30 63.5 0.0 0.00 1.3 14.0 15:00 WNW
11 -5.5 -0.1 14:00 -12.9 03:30 70.5 0.0 0.00 1.6 11.0 10:00 NNW
12 -6.8 -3.5 01:00 -12.5 08:00 71.8 0.0 0.00 3.5 19.0 10:30 NW
13 -6.4 0.1 14:00 -15.6 22:30 71.4 0.0 0.00 2.5 21.0 16:00 NW
20 8.0 24.3 15:42 -13.1 06:39 56.4 0.0 0.00 0.7 13.0 12:35 SSE
21 23.6 27.6 11:06 18.7 20:48 40.6 0.0 0.16 0.4 14.0 11:33 E
22 32.2 39.4 21:57 22.8 00:00 32.8 0.0 0.00 1.3 16.0 19:33 WSW
23 35.7 40.8 14:19 27.7 06:53 29.3 0.0 0.00 0.6 14.0 00:34 W
24 32.7 39.7 14:13 26.3 23:52 32.2 0.0 0.00 3.9 21.0 07:11 NW
25 27.0 32.5 11:20 20.2 07:32 38.0 0.0 0.00 0.6 14.0 14:02 SW
26 32.2 38.8 14:28 23.8 04:37 32.8 0.0 0.00 3.5 26.0 12:36 S
27 34.6 42.8 16:07 23.5 06:37 30.4 0.0 0.00 0.2 9.0 11:28 SW
28 30.2 37.6 02:43 18.7 23:16 34.8 0.0 0.08 4.4 24.0 11:03 NW
----------------------------------------------------------------------------------
14.5 42.8 27 -19.4 7 1109.1 0.0 0.45 2.0 26.0 4 WNW
Max >= 80.0 0
Max <= 32.0 13
Min <= 32.0 22
Min <= 0.0 9
Max Rain: 0.21 on day 4
Days of Rain: 3 (>= 0.01 in) 2 (>= 0.10 in) 0 (>= 1.00 in)
Heat Base: 65.0 Cool Base: 65.0 Method: Integration