NOAA-style Climate Reports

   V/Λ SELECT: Month and Year   OR  >   Month
V/Λ2021 > Jan Feb Mar Apr May Jun Jul Aug Sep Oct Nov Dec
V/Λ2020 > Jan Feb Mar Apr May Jun Jul Aug Sep Oct Nov Dec
V/Λ2019 > Jan Feb Mar Apr May Jun Jul Aug Sep Oct Nov Dec
V/Λ2018 > Jan Feb Mar Apr May Jun Jul Aug Sep Oct Nov Dec
V/Λ2017 > Jan Feb Mar Apr May Jun Jul Aug Sep Oct Nov Dec
V/Λ2016 > Jan Feb Mar Apr May Jun Jul Aug Sep Oct Nov Dec
V/Λ2015 > Jan Feb Mar Apr May Jun Jul Aug Sep Oct Nov Dec
                   Monthly Climatological Summary for Sep 2021

Name: CurtisZM Weather   City: Zumbrota   State: Minnesota
Elevation: 978 ft  Lat: N 44° 18' 06"   Lon: W 092° 40' 30"

                  Temperature (°F), Rain (in), Wind Speed (mph)

                                      Heat  Cool        Avg
    Mean                              Deg   Deg         Wind                 Dom
Day Temp  High   Time   Low    Time   Days  Days  Rain  Speed High   Time    Dir
----------------------------------------------------------------------------------
01  64.6  77.2   14:32  54.5   06:02   4.1   3.6  0.01   0.5  12.0   17:26   ESE
02  61.1  69.7   15:17  51.7   04:52   4.7   0.8  0.02   0.3  12.0   12:13   ESE
03  61.6  63.8   17:00  58.1   06:51   3.4   0.0  1.03   0.3  17.0   04:06    SE
04  65.0  75.6   16:33  55.1   23:44   2.6   2.6  0.00   1.0  16.0   15:25    NW
05  62.8  77.2   15:55  52.0   06:35   5.6   3.4  0.01   0.9  17.0   13:37    NW
06  63.0  78.5   15:00  46.4   07:00   6.1   4.0  0.00   0.1   9.0   13:43     S
07  69.2  77.3   15:44  56.2   23:59   1.0   5.2  0.00   2.7  23.0   12:50    NW
08  60.6  73.5   16:26  51.6   05:20   6.2   1.8  0.09   2.0  21.0   18:59    NW
09  59.7  73.8   14:49  48.6   06:23   7.1   1.8  0.01   0.3  12.0   11:29    NW
10  63.5  79.4   15:44  47.5   06:39   5.9   4.4  0.00   0.5  15.0   11:48     S
11  67.9  81.1   14:56  57.8   03:02   2.2   5.1  0.00   0.4  12.0   11:14   NNW
12  61.4  69.7   15:40  50.1   23:51   4.0   0.4  0.00   0.4  18.0   08:03     N
13  61.0  75.3   13:53  44.6   06:19   6.9   2.9  0.00   1.1  16.0   17:00   ESE
14  62.5  69.8   15:23  52.3   23:47   3.4   0.9  0.05   2.6  19.0   05:12   WNW
15  60.8  76.8   15:18  44.4   06:36   7.4   3.3  0.01   0.2  10.0   15:59   SSW
16  72.6  83.2   15:45  62.9   01:02   0.4   7.9  0.00   2.2  27.0   20:00     S
17  63.0  72.5   00:00  45.0   23:57   4.0   2.0  0.01   1.6  28.0   03:53   WNW
18  58.6  77.3   15:35  39.4   06:25   9.5   3.1  0.00   0.5  14.0   11:26   SSE
19  73.9  87.3   15:06  60.5   05:01   0.8   9.7  0.00   1.5  26.0   12:41     S
20  68.6  78.4   14:19  56.8   23:59   1.3   5.0  0.26   2.1  26.0   18:59   WSW
21  57.4  68.3   14:21  47.2   23:46   7.8   0.2  0.01   2.1  19.0   14:04    NW
22  52.9  68.0   16:21  40.5   07:22  12.4   0.3  0.00   0.3  11.0   11:30     N
23  54.0  71.9   15:54  38.8   07:10  12.4   1.4  0.00   0.1   8.0   13:35     W
24  50.5  63.6   11:20  43.3   22:55  14.5   0.0  0.10   1.7  26.0   12:12   NNW
25  49.8  67.1   16:23  37.9   04:26  15.3   0.1  0.01   0.3  16.0   15:09   WNW
26  60.8  83.6   16:14  41.7   04:52   8.8   4.5  0.00   0.3  15.0   16:05   SSW
----------------------------------------------------------------------------------
    61.8  87.3    19    37.9    25   157.8  74.4  1.62   1.0  28.0    17     WNW

Max >=  80.0  4
Max <=  32.0  0
Min <=  32.0  0
Min <=   0.0  0
Max Rain: 1.03 on day 3
Days of Rain: 13 (>= 0.01 in)  3 (>= 0.10 in)  1 (>= 1.00 in)
Heat Base: 65.0  Cool Base: 65.0  Method: Integration

Powered by  Davis VP2  and   CumulusMX  v3.13.3 (b3148)    Valid HTML5