NOAA style reports

NOAA-style Climate Reports

Select NOAA data to display

Select a Year or Month report

Report for 2023 Aug

Daily noaa report



                            MONTHLY CLIMATOLOGICAL SUMMARY for AUG. 2023

NAME: DW8463   CITY: Zumbrota STATE: Minnesota
ELEV: 978 ft LAT: 044:18:07 LONG: 0092:40:30

                            TEMPERATURE ( F), RAIN (in.), WIND SPEED (mph)

                                               HEAT     COOL           AVG
      MEAN                                     DEG      DEG            WIND                       DOM
DAY   TEMP    HIGH   TIME     LOW    TIME      DAYS     DAYS    RAIN   SPEED    HIGH    TIME      DIR
--------------------------------------------------------------------------------------------------------
01    71.2   084.4   16:26    56.2   06:30     00.0     06.3   00.00   01.1     10.3    17:08     ESE
02    76.0   086.7   17:41    64.8   05:24     00.0     11.0   00.00   01.4     11.5    17:44     SSE
03    75.4   088.9   16:30    65.2   06:19     00.0     10.4   00.00   01.1     12.7    17:06      W 
04    75.4   087.9   15:59    63.0   06:20     00.0     10.4   00.00   01.7     13.8    14:18     ENE
05    74.7   085.2   14:51    67.5   23:29     00.0     09.8   00.00   02.1     16.1    16:16     ESE
06    66.9   070.4   16:03    64.1   06:22     00.0     02.0   00.15   01.9     11.5    19:08      N 
07    69.3   080.1   16:36    61.1   00:00     00.0     04.3   00.00   02.0     11.5    17:49      NW
08    67.8   080.8   15:17    54.2   06:19     00.0     02.9   00.01   01.2     12.7    15:27     WNW
09    67.6   083.0   14:25    58.9   03:43     00.0     02.7   00.06   00.9     19.6    16:26     WNW
10    69.4   078.6   15:03    61.8   06:05     00.0     04.5   00.01   00.8     09.2    14:52      N 
11    69.9   084.4   16:23    61.3   00:00     00.0     05.0   00.74   01.9     23.0    18:45      W 
12    68.8   080.1   16:05    57.8   06:44     00.0     03.9   00.01   02.5     21.9    13:17     WNW
13    64.3   071.9   15:56    57.8   04:26     00.7     00.0   00.18   00.8     13.8    16:11     SSE
14    62.8   066.4   09:44    54.3   00:00     02.1     00.0   00.59   02.5     19.6    11:09      NE
15    64.6   078.4   16:52    49.8   06:23     00.4     00.0   00.00   01.5     13.8    14:55     WNW
16    71.6   083.7   15:36    57.5   06:24     00.0     06.7   00.00   03.8     26.4    17:56     SSW
17    65.3   074.0   16:48    54.6   00:00     00.0     00.4   00.00   04.4     26.4    12:39      NW
18    64.3   077.4   16:42    48.6   06:17     00.6     00.0   00.00   01.8     17.3    15:42      S 
19    76.4   088.9   15:55    65.0   00:47     00.0     11.5   00.00   02.6     17.3    13:43     SSW
20    71.7   080.3   13:55    62.6   00:00     00.0     06.7   00.00   02.1     12.7    16:37     NNW
21    69.9   082.2   16:17    59.4   03:58     00.0     04.9   00.00   02.4     14.9    19:07     ENE
22    80.8   095.2   16:34    66.4   02:41     00.0     15.9   00.00   02.8     18.4    15:38      S 
23    84.0   095.5   14:58    76.1   23:47     00.0     19.0   00.00   01.8     13.8    16:14      SW
24    79.1   087.4   15:54    71.3   00:00     00.0     14.1   00.00   02.7     16.1    16:10     NNW
25    75.0   088.4   17:00    65.7   00:00     00.0     10.1   00.07   02.1     16.1    17:07     NNW
26    64.9   072.8   13:19    57.4   06:35     00.1     00.0   00.00   02.7     14.9    14:53     NNE
27    64.0   075.7   16:19    52.7   04:16     01.0     00.0   00.00   00.9     12.7    14:41     ESE
28    68.6   084.5   16:27    53.1   05:53     00.0     03.7   00.00   01.5     13.8    18:10     SSW
29    68.5   079.6   16:02    59.1   06:16     00.0     03.6   00.00   02.4     18.4    10:26     NNW
30    64.9   077.1   16:04    55.1   07:06     00.0     00.0   00.00   01.6     11.5    16:53      E 
31    65.1   079.8   16:20    49.5   06:55     00.0     00.2   00.00   02.3     17.3    13:25      SE
--------------------------------------------------------------------------------------------------------
70.3 (70.7)   95.5  day 23     48.6  day 18   005.0    170.0   01.80   02.0     26.5   day 17      NW
Max >=  86: 8
Min <=  86: 31
Max Rain: 0.74 ON 11-08-23
Days of Rain: 9 (> .008in) 4 (> .08in) 0 (> 0.8in)