NOAA style reports

NOAA-style Climate Reports

Select NOAA data to display

Select a Year or Month report

Report for 2023 Apr

Daily noaa report



                            MONTHLY CLIMATOLOGICAL SUMMARY for APR. 2023

NAME: DW8463   CITY: Zumbrota STATE: Minnesota
ELEV: 978 ft LAT: 044:18:07 LONG: 0092:40:30

                            TEMPERATURE ( F), RAIN (in.), WIND SPEED (mph)

                                               HEAT     COOL           AVG
      MEAN                                     DEG      DEG            WIND                       DOM
DAY   TEMP    HIGH   TIME     LOW    TIME      DAYS     DAYS    RAIN   SPEED    HIGH    TIME      DIR
--------------------------------------------------------------------------------------------------------
01    30.0   036.6   16:58    19.6   23:36     34.9     00.0   00.64   04.7     20.7    07:21     NNW
02    37.2   054.5   16:18    18.4   01:23     27.7     00.0   00.00   04.1     25.3    11:26      S 
03    37.8   044.3   15:28    32.4   00:16     27.1     00.0   00.00   02.5     13.8    15:46     WNW
04    36.4   039.5   21:52    34.1   05:49     28.5     00.0   00.14   06.1     26.4    14:23     ENE
05    32.4   038.5   00:37    26.5   00:00     32.5     00.0   00.00   06.6     29.9    14:39      W 
06    30.7   041.1   15:26    23.1   06:53     34.2     00.0   00.00   04.9     26.4    00:03      W 
07    39.8   054.2   16:54    25.2   00:26     25.2     00.0   00.00   04.3     19.6    11:09      E 
08    51.0   066.8   16:16    40.1   05:15     13.9     00.0   00.00   04.1     21.9    16:24      SE
09    58.2   070.9   16:15    48.3   07:24     06.7     00.0   00.00   04.8     23.0    09:08      S 
10    59.6   073.7   16:33    44.9   00:00     05.3     00.0   00.00   03.2     17.3    04:31      SW
11    62.8   079.8   17:06    42.3   02:36     02.1     00.0   00.00   03.6     20.7    15:03     SSW
12    72.7   088.5   17:00    60.4   06:37     00.0     07.8   00.00   06.2     29.9    09:44     SSW
13    71.3   086.1   15:08    56.4   06:58     00.0     06.4   00.00   05.7     26.4    17:03      S 
14    67.9   083.0   15:00    52.4   07:02     00.0     03.0   00.00   04.7     27.6    11:50      S 
15    47.9   060.1   02:55    38.9   00:00     17.0     00.0   00.17   05.1     20.7    21:00      NW
16    33.0   039.0   00:03    29.0   20:16     32.0     00.0   00.38   09.7     31.1    18:06      NW
17    37.8   048.6   17:03    29.5   00:00     27.2     00.0   00.00   09.5     33.4    00:24      NW
18    40.4   056.4   16:48    23.7   06:40     24.6     00.0   00.00   02.7     13.8    21:55     ENE
19    41.5   046.2   15:24    37.1   05:32     23.5     00.0   00.78   08.4     26.4    20:04      E 
20    39.7   044.8   15:08    35.7   23:18     25.2     00.0   00.26   05.0     24.1    04:56      E 
21    36.6   043.9   13:13    31.1   23:39     28.3     00.0   00.03   04.8     24.1    13:36      SW
22    33.4   036.5   13:52    31.1   04:12     31.5     00.0   00.00   06.4     23.0    14:14      NW
23    35.5   044.3   15:34    27.5   00:00     29.4     00.0   00.00   03.2     14.9    17:32     WNW
24    37.7   049.6   13:56    24.8   02:55     27.2     00.0   00.00   02.3     17.3    16:32      NW
25    38.9   050.9   16:31    27.7   06:39     26.0     00.0   00.00   02.8     16.1    14:13     NNE
26    44.4   059.1   16:37    25.0   06:24     20.5     00.0   00.00   02.4     20.7    23:40     SSE
27    56.9   070.4   16:44    46.9   06:59     08.1     00.0   00.00   04.7     25.3    06:48     SSW
28    50.2   064.1   13:36    41.2   00:00     14.8     00.0   00.09   04.0     20.7    14:09     NNW
29    42.9   052.3   16:39    34.7   04:32     22.0     00.0   00.00   05.2     21.9    18:44      NW
30    42.6   048.0   15:52    35.9   08:30     22.4     00.0   00.01   10.9     34.5    15:36     NNW
--------------------------------------------------------------------------------------------------------
44.9 (45.3)   88.5  day 12     18.4  day 02   617.9    017.2   02.49   05.1     34.5   day 30     WNW
Max >=  86: 2
Min <=  86: 30
Min <=  23: 2
Max Rain: 0.78 ON 19-04-23
Days of Rain: 9 (> .008in) 7 (> .08in) 0 (> 0.8in)