NOAA style reports

NOAA-style Climate Reports

Select NOAA data to display

Select a Year or Month report

Report for 2023 Feb

Daily noaa report



                            MONTHLY CLIMATOLOGICAL SUMMARY for FEB. 2023

NAME: DW8463   CITY: Zumbrota STATE: Minnesota
ELEV: 978 ft LAT: 044:18:07 LONG: 0092:40:30

                            TEMPERATURE ( F), RAIN (in.), WIND SPEED (mph)

                                               HEAT     COOL           AVG
      MEAN                                     DEG      DEG            WIND                       DOM
DAY   TEMP    HIGH   TIME     LOW    TIME      DAYS     DAYS    RAIN   SPEED    HIGH    TIME      DIR
--------------------------------------------------------------------------------------------------------
01    08.2   019.2   15:22   -07.0   07:59     56.7     00.0   00.00   01.3     09.2    22:18      SW
02    07.1   016.8   09:59   -09.3   00:00     57.9     00.0   00.00   06.0     26.4    09:24      NW
03   -04.3   004.4   00:00   -15.6   04:47     69.3     00.0   00.00   03.4     19.6    21:03     SSE
04    18.4   028.8   15:32    04.4   00:01     46.5     00.0   00.00   02.9     14.9    03:43      S 
05    20.9   029.7   13:55    08.0   00:00     44.0     00.0   00.00   02.6     14.9    11:46     WNW
06    26.8   039.1   13:37    06.5   01:37     38.2     00.0   00.00   04.1     23.0    14:10      SE
07    30.7   034.8   00:10    22.7   21:46     34.2     00.0   00.00   04.2     20.7    03:53      W 
08    28.9   042.4   14:12    15.8   06:55     36.0     00.0   00.00   01.4     12.7    14:39      S 
09    29.5   036.7   16:12    20.7   00:00     35.4     00.0   00.00   04.6     19.6    21:16      NW
10    16.8   024.2   15:42    05.6   07:49     48.1     00.0   00.00   02.5     13.8    01:35     WSW
11    29.6   037.8   14:29    22.9   06:00     35.3     00.0   00.00   02.9     19.6    00:33     SSW
12    29.6   038.6   14:16    20.2   08:07     35.3     00.0   00.00   01.5     11.5    11:28      W 
13    31.0   040.2   15:44    18.4   07:42     33.9     00.0   00.00   02.6     17.3    23:13     SSW
14    38.3   040.5   09:39    36.3   11:56     26.6     00.0   00.64   03.9     19.6    16:27      SE
15    25.1   037.0   00:04    14.9   00:00     39.8     00.0   00.04   05.9     29.9    09:13      W 
16    15.5   020.0   14:22    07.5   00:00     49.4     00.0   00.00   04.6     19.6    14:31     NNW
17    15.9   027.6   16:00    01.0   06:55     49.0     00.0   00.00   02.8     18.4    20:11     SSW
18    28.9   039.1   14:21    15.6   07:11     36.1     00.0   00.00   02.1     11.5    18:51      SE
19    26.3   032.2   15:33    15.3   00:00     38.7     00.0   00.00   03.0     16.1    15:13     WNW
20    22.6   036.9   15:54    09.6   04:35     42.3     00.0   00.02   04.3     33.4    20:02     WSW
21    10.5   016.2   22:48    03.4   07:11     54.5     00.0   00.01   03.8     19.6    01:26     NNW
22    18.8   021.2   15:19    15.9   00:10     46.2     00.0   00.01   08.0     25.3    22:27      NE
23    14.7   022.2   12:42   -01.0   00:00     50.3     00.0   00.01   06.0     23.0    03:52     NNW
24    01.8   012.6   14:13   -12.9   05:17     63.2     00.0   00.01   01.4     10.3    00:16      N 
25    16.6   035.0   13:56   -02.2   08:01     48.3     00.0   00.00   02.0     16.1    12:27     SSW
26    19.6   034.4   16:06   -01.4   07:41     45.3     00.0   00.01   02.7     14.9    15:40      E 
27    33.7   036.4   02:54    31.0   00:00     31.2     00.0   00.47   05.5     18.4    04:22      N 
28    29.9   039.9   12:56    16.2   07:33     35.1     00.0   00.02   01.5     09.2    23:33      N 
--------------------------------------------------------------------------------------------------------
21.1 (19.8)   42.4  day 08    -15.6  day 03   1226.8    000.0   01.23   03.5     33.4   day 20     WNW
Max <=  32: 12
Min <=  86: 28
Min <=   0: 7
Max <= 23: 8
Min <=  23: 26
Max <=  14: 2
Min <=  14: 15
Max <=   5: 1
Min <=   5: 10
Min <=   0: 7
Min <=  -4: 4
Min <= -13: 1
Max Rain: 0.64 ON 14-02-23
Days of Rain: 10 (> .008in) 2 (> .08in) 0 (> 0.8in)