NOAA style reports

NOAA-style Climate Reports

Select NOAA data to display

Select a Year or Month report

Report for 2021 May

Daily noaa report



                            MONTHLY CLIMATOLOGICAL SUMMARY for MAY. 2021

NAME: DW8463   CITY: Zumbrota STATE: Minnesota
ELEV: 978 ft LAT: 044:18:07 LONG: 0092:40:30

                            TEMPERATURE ( F), RAIN (in.), WIND SPEED (mph)

                                               HEAT     COOL           AVG
      MEAN                                     DEG      DEG            WIND                       DOM
DAY   TEMP    HIGH   TIME     LOW    TIME      DAYS     DAYS    RAIN   SPEED    HIGH    TIME      DIR
--------------------------------------------------------------------------------------------------------
01    69.3   086.6   17:03    47.7   00:09     00.0     04.4   00.00   01.5     23.0    09:21      SW
02    65.3   075.8   12:38    51.9   06:36     00.0     00.4   00.01   01.7     19.6    16:55     NNE
03    59.1   067.0   13:10    52.3   00:00     05.8     00.0   00.00   05.2     26.4    18:22      N 
04    49.8   059.8   16:28    37.8   00:00     15.2     00.0   00.00   04.3     23.0    13:33     NNW
05    44.7   057.6   12:53    30.4   06:10     20.2     00.0   00.11   00.5     13.8    15:22     NNW
06    49.2   060.3   16:41    36.1   06:21     15.7     00.0   00.01   02.9     31.1    22:33      NW
07    46.6   057.2   17:23    34.4   05:54     18.4     00.0   00.03   02.9     19.6    16:15     NNW
08    44.8   055.9   14:44    27.9   06:23     20.2     00.0   00.00   00.7     12.7    17:28      SE
09    50.7   063.6   15:54    33.6   05:44     14.2     00.0   00.00   01.9     19.6    13:28     NNW
10    46.0   056.3   16:50    33.2   00:00     19.0     00.0   00.00   01.7     17.3    17:22     NNE
11    45.0   061.2   16:33    26.3   06:08     19.9     00.0   00.00   00.6     12.7    15:40     NNE
12    51.0   069.4   16:03    29.2   05:46     13.9     00.0   00.00   00.4     12.7    14:36      NE
13    54.5   071.5   14:45    33.3   06:04     10.4     00.0   00.00   00.7     18.4    13:53      S 
14    55.4   069.0   11:25    44.0   01:45     09.5     00.0   00.00   00.8     19.6    11:14      S 
15    59.9   073.1   15:52    47.9   01:01     05.1     00.0   00.22   00.8     11.5    18:20      SE
16    60.3   072.6   16:15    48.8   03:01     04.7     00.0   00.00   00.6     16.1    14:47     SSE
17    61.7   078.2   16:19    43.0   06:27     03.3     00.0   00.00   01.0     16.1    14:16      SE
18    59.8   070.9   12:07    48.7   04:55     05.2     00.0   00.04   01.9     20.7    16:17      SE
19    66.8   073.3   15:47    61.1   00:03     00.0     01.9   00.05   00.6     13.8    16:38     SSE
20    66.8   070.1   18:16    64.6   23:33     00.0     01.8   00.69   00.6     21.9    01:29      S 
21    69.5   078.2   17:24    64.6   00:25     00.0     04.5   00.74   00.6     19.6    13:36      S 
22    72.4   081.6   16:39    65.6   03:37     00.0     07.5   00.00   01.0     19.6    14:36     SSW
23    69.5   075.8   16:07    64.7   03:56     00.0     04.6   00.32   00.1     09.2    19:35      S 
24    72.8   084.0   16:07    64.4   05:51     00.0     07.9   00.01   00.8     19.6    11:57      S 
25    73.7   083.8   16:38    64.6   07:37     00.0     08.7   00.48   02.0     29.9    15:07      SW
26    59.5   066.8   00:02    52.7   04:49     05.5     00.0   00.00   02.5     20.7    11:06     NNW
27    47.0   054.1   01:55    41.1   00:00     17.9     00.0   01.16   02.7     26.4    11:35     ENE
28    47.0   058.6   17:48    39.3   01:38     18.0     00.0   00.03   01.6     18.4    12:11      NE
29    50.7   064.3   17:03    34.8   05:56     14.2     00.0   00.00   00.5     11.5    17:11     SSE
30    51.7   057.7   19:34    45.8   01:56     13.3     00.0   00.22   00.2     10.3    18:08     SSW
31    60.0   075.6   14:15    45.4   05:40     05.0     00.0   00.22   00.7     18.4    16:09     SSW
--------------------------------------------------------------------------------------------------------
57.4 (57.2)   86.6  day 01     26.3  day 11   274.4    041.6   04.34   01.4     31.1   day 06      N 
Max >=  86: 1
Min <=  86: 31
Max Rain: 1.16 ON 27-05-21
Days of Rain: 16 (> .008in) 9 (> .08in) 1 (> 0.8in)