NOAA style reports

NOAA-style Climate Reports

Select NOAA data to display

Select a Year or Month report

Report for 2020 Sep

Daily noaa report



                            MONTHLY CLIMATOLOGICAL SUMMARY for SEP. 2020

NAME: DW8463   CITY: Zumbrota STATE: Minnesota
ELEV: 978 ft LAT: 044:18:07 LONG: 0092:40:30

                            TEMPERATURE ( F), RAIN (in.), WIND SPEED (mph)

                                               HEAT     COOL           AVG
      MEAN                                     DEG      DEG            WIND                       DOM
DAY   TEMP    HIGH   TIME     LOW    TIME      DAYS     DAYS    RAIN   SPEED    HIGH    TIME      DIR
--------------------------------------------------------------------------------------------------------
01    57.3   068.5   17:19    49.2   06:13     07.6     00.0   00.01   00.1     11.5    17:27     WSW
02    65.7   078.2   16:13    52.1   06:54     00.0     00.8   00.01   00.9     16.1    15:22      W 
03    63.6   070.6   02:58    47.8   00:00     01.3     00.0   00.00   04.9     28.8    07:18     WNW
04    59.5   073.7   17:38    45.8   06:01     05.4     00.0   00.00   00.9     16.1    12:56     WNW
05    62.4   076.0   15:33    48.4   06:23     02.6     00.0   00.00   00.2     09.2    15:33      W 
06    69.5   081.4   16:48    59.4   02:34     00.0     04.6   00.64   01.8     26.4    09:39     SSW
07    54.3   064.3   00:13    48.5   23:46     10.6     00.0   00.09   02.1     17.3    16:58     NNW
08    48.1   050.3   16:55    46.4   10:56     16.8     00.0   00.14   00.6     11.5    08:55      N 
09    46.0   047.6   12:27    41.5   00:00     19.0     00.0   00.30   00.3     10.3    19:14     NNE
10    46.9   057.7   16:50    40.4   00:59     18.0     00.0   00.00   00.2     08.1    15:39     ENE
11    51.7   060.4   13:01    39.3   01:55     13.2     00.0   00.05   00.7     14.9    12:23      E 
12    58.5   064.6   15:33    54.1   22:55     06.4     00.0   00.25   00.4     11.5    17:38      W 
13    58.9   071.1   16:16    49.0   05:53     06.0     00.0   00.00   00.2     09.2    10:51      W 
14    62.8   076.3   14:39    52.3   02:24     02.2     00.0   00.01   00.9     17.3    14:10     SSE
15    67.4   078.0   15:08    59.5   06:57     00.0     02.4   00.00   01.0     25.3    11:17     SSW
16    61.1   068.8   14:55    47.2   23:52     03.8     00.0   00.00   02.0     19.6    12:22     NNW
17    49.2   059.6   14:03    41.1   07:23     15.7     00.0   00.00   00.4     11.5    14:41     NNW
18    47.3   062.2   16:33    33.2   07:19     17.7     00.0   00.00   00.3     11.5    11:19     ENE
19    53.9   067.5   15:24    38.2   06:19     11.0     00.0   00.00   00.8     17.3    11:17     SSE
20    60.3   071.5   14:48    49.8   05:27     04.6     00.0   00.00   01.3     20.7    15:40     SSE
21    64.2   076.2   14:05    55.5   00:00     00.7     00.0   00.00   00.6     19.6    13:25      S 
22    66.2   080.9   15:21    55.3   00:05     00.0     01.3   00.00   00.2     10.3    15:38     SSW
23    65.1   081.8   15:23    51.9   07:11     00.0     00.2   00.00   00.4     16.1    14:57      S 
24    63.3   073.8   16:25    54.6   00:00     01.6     00.0   00.59   00.3     14.9    07:48      N 
25    66.1   082.1   15:22    54.1   07:12     00.0     01.1   00.01   01.0     23.0    14:47      S 
26    63.5   072.9   17:08    56.1   05:50     01.4     00.0   00.00   00.6     19.6    15:24     SSW
27    57.5   062.9   14:59    53.1   00:00     07.5     00.0   00.02   01.1     17.3    20:23     WNW
28    51.4   057.8   12:32    46.9   22:49     13.6     00.0   00.02   02.2     19.6    14:38      NW
29    52.6   061.5   15:35    44.7   00:00     12.3     00.0   00.00   00.5     13.8    14:50     WSW
30    51.5   063.2   14:21    41.5   02:36     13.5     00.0   00.04   04.3     28.8    09:59      NW
--------------------------------------------------------------------------------------------------------
58.2 (58.6)   82.1  day 25     33.2  day 18   212.5    010.4   02.18   01.0     28.8   day 30     WNW
Min <=  86: 30
Max Rain: 0.64 ON 6-09-20
Days of Rain: 14 (> .008in) 6 (> .08in) 0 (> 0.8in)