NOAA style reports

NOAA-style Climate Reports

Select NOAA data to display

Select a Year or Month report

Report for 2020 Jul

Daily noaa report



                            MONTHLY CLIMATOLOGICAL SUMMARY for JUL. 2020

NAME: DW8463   CITY: Zumbrota STATE: Minnesota
ELEV: 978 ft LAT: 044:18:07 LONG: 0092:40:30

                            TEMPERATURE ( F), RAIN (in.), WIND SPEED (mph)

                                               HEAT     COOL           AVG
      MEAN                                     DEG      DEG            WIND                       DOM
DAY   TEMP    HIGH   TIME     LOW    TIME      DAYS     DAYS    RAIN   SPEED    HIGH    TIME      DIR
--------------------------------------------------------------------------------------------------------
01    77.1   086.1   17:12    70.5   05:56     00.0     12.2   00.00   00.6     13.8    15:14     ESE
02    77.8   087.7   16:44    67.3   06:02     00.0     12.9   00.00   00.4     09.2    15:07      E 
03    76.2   088.4   16:18    62.3   05:56     00.0     11.3   00.00   00.2     09.2    14:33     ENE
04    77.5   089.2   17:25    64.3   06:01     00.0     12.6   00.00   00.1     08.1    12:56      NE
05    78.9   089.8   16:43    66.8   05:53     00.0     14.0   00.00   00.1     09.2    15:05     SSW
06    76.8   087.4   16:10    66.5   05:26     00.0     11.9   00.00   00.5     12.7    10:03     WSW
07    77.5   088.6   16:28    67.3   04:01     00.0     12.6   00.00   00.2     11.5    10:15     SSE
08    80.3   091.2   15:30    68.9   05:32     00.0     15.3   00.00   00.7     18.4    15:34     SSE
09    71.1   079.0   08:04    66.9   13:53     00.0     06.2   00.52   00.4     23.0    09:01      S 
10    72.8   082.9   16:43    62.6   06:22     00.0     07.8   00.00   01.0     13.8    15:35     WNW
11    70.8   084.2   14:11    63.1   23:59     00.0     05.9   00.17   00.4     11.5    21:30      NW
12    70.5   081.1   17:13    60.7   06:14     00.0     05.6   00.00   00.6     11.5    14:39      NW
13    72.4   083.4   15:50    57.4   06:13     00.0     07.5   00.00   01.2     19.6    18:43     SSE
14    70.5   077.1   12:44    60.3   00:00     00.0     05.5   00.16   01.1     16.1    16:07     WSW
15    65.1   076.4   17:56    53.1   05:18     00.0     00.1   00.01   00.2     11.5    12:35     ESE
16    68.1   081.4   15:50    50.9   06:07     00.0     03.1   00.00   00.7     18.4    16:51      S 
17    77.2   086.1   13:24    65.3   06:03     00.0     12.3   00.00   01.0     17.3    22:54      S 
18    80.2   088.7   15:50    67.1   07:08     00.0     15.2   00.10   01.7     27.6    04:02     SSW
19    74.3   082.9   16:13    63.4   00:00     00.0     09.4   00.00   02.3     24.1    13:52     WNW
20    69.3   081.0   16:27    57.7   06:04     00.0     04.3   00.00   00.1     08.1    13:45      W 
21    70.8   081.7   17:28    63.9   23:58     00.0     05.9   00.03   00.6     14.9    19:40     SSW
22    62.6   070.2   15:47    54.8   06:22     02.3     00.0   00.00   00.9     16.1    12:17      NW
23    66.2   080.9   16:51    50.4   04:43     00.0     01.2   00.00   00.4     11.5    16:43     ESE
24    77.1   088.8   16:31    64.9   04:09     00.0     12.2   00.00   01.1     18.4    15:33     SSE
25    80.0   088.5   12:42    71.5   00:00     00.0     15.0   00.26   00.8     18.4    07:44      S 
26    74.3   083.2   16:55    68.9   09:04     00.0     09.4   00.86   00.8     11.5    23:20      W 
27    70.9   082.0   16:13    58.7   05:31     00.0     06.0   00.00   01.4     19.6    16:55     WNW
28    72.3   082.9   17:12    63.4   07:09     00.0     07.3   00.25   00.6     14.9    11:37      W 
29    70.5   081.8   15:39    57.7   06:25     00.0     05.6   00.01   00.6     11.5    14:29      N 
30    68.4   078.5   16:58    58.1   06:24     00.0     03.5   00.00   01.4     14.9    12:23     NNE
31    67.9   080.7   16:07    53.7   06:26     00.0     02.9   00.00   00.8     12.7    15:42     NNE
--------------------------------------------------------------------------------------------------------
73.1 (72.9)   91.2  day 08     50.4  day 23   002.3    254.6   02.37   00.7     27.6   day 18     WSW
Max >=  86: 12
Min <=  86: 31
Max Rain: 0.86 ON 26-07-20
Days of Rain: 10 (> .008in) 7 (> .08in) 1 (> 0.8in)