NOAA style reports

NOAA-style Climate Reports

Select NOAA data to display

Select a Year or Month report

Report for 2019 Sep

Daily noaa report



                            MONTHLY CLIMATOLOGICAL SUMMARY for SEP. 2019

NAME: DW8463   CITY: Zumbrota STATE: Minnesota
ELEV: 978 ft LAT: 044:18:07 LONG: 0092:40:30

                            TEMPERATURE ( F), RAIN (in.), WIND SPEED (mph)

                                               HEAT     COOL           AVG
      MEAN                                     DEG      DEG            WIND                       DOM
DAY   TEMP    HIGH   TIME     LOW    TIME      DAYS     DAYS    RAIN   SPEED    HIGH    TIME      DIR
--------------------------------------------------------------------------------------------------------
01    63.4   075.9   15:58    51.1   05:29     01.5     00.0   00.00   00.3     11.5    16:06     SSW
02    70.5   078.5   15:43    62.9   01:54     00.0     05.6   00.55   00.7     23.0    23:57     ESE
03    69.5   076.3   13:26    60.0   22:41     00.0     04.5   00.04   03.4     27.6    16:07     WNW
04    59.5   069.0   16:45    51.2   05:34     05.5     00.0   00.00   00.5     14.9    01:13      NW
05    63.1   077.3   15:50    49.2   05:01     01.9     00.0   00.00   01.0     19.6    14:07      S 
06    66.4   074.8   16:05    58.4   23:09     00.0     01.4   00.00   02.2     18.4    08:57     NNW
07    60.0   067.2   15:32    49.7   07:34     05.0     00.0   00.00   00.1     09.2    23:57     NNW
08    56.8   059.1   16:19    54.3   07:36     08.1     00.0   00.09   00.8     11.5    21:07      E 
09    60.3   067.1   23:27    56.9   03:36     04.7     00.0   00.33   01.3     16.1    18:50      SE
10    70.5   081.1   14:59    62.1   23:23     00.0     05.6   00.01   00.7     18.4    13:26     WSW
11    66.3   073.6   15:03    61.5   00:00     00.0     01.3   02.09   01.1     26.4    04:55      NE
12    62.3   066.7   18:36    58.4   06:41     02.6     00.0   01.34   01.9     19.6    13:17     ESE
13    58.7   063.8   00:02    55.2   00:00     06.2     00.0   00.01   02.4     24.1    14:42      W 
14    60.5   076.0   15:56    44.6   07:23     04.4     00.0   00.00   00.4     12.7    15:50      S 
15    67.3   081.5   16:01    55.5   07:06     00.0     02.4   00.00   00.0     06.9    12:41      SW
16    68.8   084.1   15:04    54.2   07:15     00.0     03.9   00.00   00.7     17.3    11:55      S 
17    74.4   085.2   15:42    66.2   06:39     00.0     09.4   00.00   01.6     20.7    12:35     SSE
18    71.5   078.8   15:38    66.4   09:17     00.0     06.5   00.47   01.4     25.3    16:24      S 
19    71.5   080.6   14:40    65.7   00:00     00.0     06.5   00.00   00.1     11.5    04:37      S 
20    71.9   084.8   15:14    61.9   04:26     00.0     06.9   00.01   00.6     17.3    11:54     SSE
21    73.3   079.0   15:07    70.5   06:53     00.0     08.4   00.00   01.4     26.4    15:46      S 
22    62.6   071.3   00:02    51.9   00:00     02.3     00.0   00.02   00.7     16.1    16:25     WNW
23    59.1   073.8   14:53    48.7   07:11     05.9     00.0   00.01   00.5     13.8    11:56      W 
24    65.2   080.8   13:55    50.0   02:50     00.0     00.3   00.46   00.9     33.4    19:53      SW
25    60.7   069.4   13:35    48.4   00:00     04.2     00.0   00.47   02.1     26.4    13:37     WNW
26    56.3   069.7   16:16    44.1   07:32     08.7     00.0   00.00   00.6     18.4    14:47     WSW
27    61.2   069.5   15:36    52.8   00:00     03.7     00.0   00.00   01.1     16.1    12:34     WNW
28    54.9   063.3   15:26    46.7   07:27     10.1     00.0   00.00   00.9     13.8    17:02     NNE
29    54.6   059.1   00:00    49.9   06:28     10.3     00.0   00.59   01.6     14.9    20:26     ESE
30    73.2   085.5   16:28    59.1   00:07     00.0     08.2   00.00   01.3     20.7    09:01      S 
--------------------------------------------------------------------------------------------------------
64.5 (64.8)   85.5  day 30     44.1  day 26   085.1    071.0   06.09   01.1     33.4   day 24      SW
Min <=  86: 30
Max Rain: 2.09 ON 11-09-19
Days of Rain: 15 (> .008in) 9 (> .08in) 2 (> 0.8in)