NOAA style reports

NOAA-style Climate Reports

Select NOAA data to display

Select a Year or Month report

Report for 2019 Jul





                            MONTHLY CLIMATOLOGICAL SUMMARY for JUL. 2019

NAME: DW8463   CITY: Zumbrota STATE: Minnesota
ELEV: 978 ft LAT: 044:18:07 LONG: 0092:40:30

                            TEMPERATURE ( F), RAIN (in.), WIND SPEED (mph)

                                               HEAT     COOL           AVG
      MEAN                                     DEG      DEG            WIND                       DOM
DAY   TEMP    HIGH   TIME     LOW    TIME      DAYS     DAYS    RAIN   SPEED    HIGH    TIME      DIR
--------------------------------------------------------------------------------------------------------
01    70.2   078.7   12:18    66.7   00:18     00.0     05.3   01.51   00.5     25.3    00:16     WSW
02    73.3   082.1   18:18    67.9   06:08     00.0     08.3   00.03   00.1     06.9    11:48      NW
03    72.0   084.3   13:32    64.2   06:03     00.0     07.1   00.58   00.4     20.7    14:50     ESE
04    75.0   084.7   17:26    66.2   06:05     00.0     10.0   00.00   00.6     13.8    18:39     WSW
05    73.9   083.2   15:51    64.0   05:43     00.0     09.0   00.16   00.7     16.1    21:17     NNE
06    72.3   080.4   17:03    64.7   01:16     00.0     07.4   00.00   01.4     16.1    14:23      NE
07    73.5   082.3   17:16    67.2   00:00     00.0     08.6   00.00   00.3     10.3    15:11     SSE
08    73.4   083.3   14:57    62.0   05:51     00.0     08.4   00.00   00.7     14.9    13:57     SSE
09    73.0   081.0   19:22    63.6   06:08     00.0     08.0   00.13   01.0     19.6    16:09     SSE
10    70.7   075.8   15:33    65.9   00:00     00.0     05.7   00.20   01.3     25.3    14:21     WSW
11    70.4   079.8   17:00    60.7   00:00     00.0     05.5   00.00   00.9     14.9    11:31      N 
12    72.0   085.8   13:25    57.4   06:06     00.0     07.1   00.00   00.5     19.6    14:26      W 
13    74.2   083.0   15:39    64.0   06:00     00.0     09.2   00.01   00.3     13.8    13:39     NNE
14    77.8   089.0   15:41    65.6   04:59     00.0     12.9   00.00   00.5     12.7    18:06     SSW
15    78.1   088.7   15:34    67.7   23:57     00.0     13.2   00.69   01.4     27.6    20:18      S 
16    72.4   082.4   13:52    66.2   00:00     00.0     07.5   00.86   00.2     18.4    15:39     WSW
17    73.0   083.1   16:33    64.1   04:33     00.0     08.1   00.00   00.6     17.3    13:52     SSE
18    76.3   086.7   17:23    68.0   06:29     00.0     11.3   00.90   00.5     20.7    20:02      S 
19    82.6   092.2   15:31    71.9   04:48     00.0     17.7   00.00   01.0     20.7    17:57     SSE
20    69.6   083.5   00:03    59.4   13:05     00.0     04.6   01.80   01.6     29.9    11:28     NNW
21    68.8   079.3   15:56    57.1   05:54     00.0     03.9   00.00   00.7     12.7    14:40     NNW
22    67.3   076.9   16:58    59.1   00:00     00.0     02.3   00.00   01.5     17.3    15:49     NNW
23    67.8   079.6   15:36    55.7   06:11     00.0     02.9   00.00   00.9     13.8    16:36      NW
24    69.5   081.3   16:09    57.2   06:00     00.0     04.6   00.01   00.3     10.3    14:40      W 
25    68.3   080.3   13:35    57.7   06:01     00.0     03.4   00.00   00.8     19.6    12:12     SSW
26    74.9   083.8   16:59    66.7   02:59     00.0     09.9   00.00   00.9     18.4    11:10     SSW
27    74.2   083.8   17:17    63.7   00:00     00.0     09.2   00.15   00.9     20.7    00:29     WNW
28    69.7   079.6   13:56    59.4   05:50     00.0     04.8   00.23   00.4     16.1    19:32      SW
29    69.4   077.3   14:20    57.6   00:00     00.0     04.4   00.00   02.4     20.7    16:21      NW
30    62.4   073.3   16:51    51.6   06:22     02.6     00.0   00.00   00.5     12.7    11:40      N 
31    64.9   078.1   18:07    49.7   06:08     00.0     00.0   00.00   00.4     11.5    14:40      E 
--------------------------------------------------------------------------------------------------------
72.0 (72.2)   92.2  day 19     49.7  day 31   002.6    220.3   07.26   00.8     29.9   day 15      W 
Max >=  86: 4
Min <=  86: 31
Max Rain: 1.80 ON 20-07-19
Days of Rain: 14 (> .008in) 11 (> .08in) 4 (> 0.8in)