NOAA style reports

NOAA-style Climate Reports

Select NOAA data to display

Select a Year or Month report

Report for 2018 Dec





                            MONTHLY CLIMATOLOGICAL SUMMARY for DEC. 2018

NAME: DW8463   CITY: Zumbrota STATE: Minnesota
ELEV: 978 ft LAT: 044:18:07 LONG: 0092:40:30

                            TEMPERATURE ( F), RAIN (in.), WIND SPEED (mph)

                                               HEAT     COOL           AVG
      MEAN                                     DEG      DEG            WIND                       DOM
DAY   TEMP    HIGH   TIME     LOW    TIME      DAYS     DAYS    RAIN   SPEED    HIGH    TIME      DIR
--------------------------------------------------------------------------------------------------------
01    30.3   033.3   23:52    28.3   05:13     34.6     00.0   00.22   06.7     26.4    15:38     ENE
02    31.7   033.5   13:41    28.9   00:00     33.2     00.0   00.04   08.8     26.4    08:38      N 
03    26.4   028.9   00:02    23.1   23:59     38.5     00.0   00.00   03.1     14.9    04:10     NNW
04    22.2   023.5   10:18    20.9   19:05     42.7     00.0   00.00   00.5     11.5    15:36     WSW
05    23.9   027.8   12:04    20.3   00:00     41.0     00.0   00.00   01.5     19.6    22:46      W 
06    14.1   032.0   18:34   -00.0   00:00     50.8     00.0   00.00   01.8     13.8    13:47      NW
07    10.3   022.0   15:00   -03.4   04:08     54.7     00.0   00.00   00.6     16.1    11:53     WSW
08    17.7   025.3   19:17    02.4   01:59     47.2     00.0   00.00   00.6     11.5    14:51     SSW
09    16.4   028.4   12:08    07.2   23:21     48.6     00.0   00.00   00.1     09.2    13:52      SW
10    17.0   022.1   15:19    09.6   00:02     47.9     00.0   00.00   00.7     12.7    13:23     WSW
11    18.4   027.2   14:22    05.9   08:02     46.6     00.0   00.00   00.4     09.2    23:20      E 
12    25.7   027.9   14:45    23.6   00:00     39.2     00.0   00.00   00.9     11.5    00:10      NW
13    26.6   029.9   16:07    22.9   05:39     38.4     00.0   00.00   00.5     11.5    21:23     WSW
14    26.9   037.1   12:58    15.5   00:00     38.1     00.0   00.00   00.2     11.5    14:42      SW
15    26.4   042.8   13:10    11.4   08:07     38.6     00.0   00.00   00.3     14.9    23:37      S 
16    32.9   041.3   13:12    25.0   05:28     32.0     00.0   00.00   01.0     18.4    11:38     WNW
17    26.3   034.6   13:21    17.7   08:09     38.6     00.0   00.00   00.2     12.7    00:06      N 
18    33.0   042.7   13:21    23.1   00:02     31.9     00.0   00.00   00.6     13.8    07:52     SSW
19    36.7   041.0   11:26    31.4   00:05     28.2     00.0   00.00   00.4     13.8    19:12     SSW
20    33.3   036.1   10:26    28.5   00:00     31.7     00.0   00.00   05.3     19.6    18:14      NW
21    25.2   028.5   00:04    23.6   09:17     39.7     00.0   00.00   03.2     17.3    01:00      N 
22    27.3   031.3   00:00    24.0   04:47     37.6     00.0   00.00   00.5     14.9    23:40      SW
23    26.3   031.4   00:36    22.1   00:00     38.7     00.0   00.00   03.8     25.3    09:22     WNW
24    19.2   026.9   12:51    11.9   06:56     45.8     00.0   00.00   00.3     14.9    00:51      SW
25    25.9   030.5   15:20    17.3   01:22     39.0     00.0   00.00   00.1     05.8    04:00     ENE
26    30.4   033.9   14:29    27.2   01:36     34.5     00.0   00.21   01.7     16.1    23:52      E 
27    36.2   037.6   16:31    33.6   00:06     28.7     00.0   00.82   02.9     21.9    03:42     ESE
28    23.8   035.1   00:02    15.8   00:00     41.1     00.0   00.00   08.1     26.4    12:41     NNW
29    14.5   017.2   13:10    12.1   19:12     50.5     00.0   00.00   01.6     17.3    23:46      SW
30    24.5   030.4   18:41    15.0   00:02     40.5     00.0   00.00   01.4     19.6    10:05      S 
31    26.1   031.5   02:03    17.8   23:37     38.9     00.0   00.00   04.3     27.6    18:06     NNW
--------------------------------------------------------------------------------------------------------
25.0 (24.7)   42.8  day 15    -03.4  day 07   1237.6    000.0   01.29   02.0     27.6   day 28     NNW
Max <=  32: 19
Min <=  86: 31
Min <=   0: 1
Max <= 23: 3
Min <=  23: 19
Min <=   5: 3
Min <=   0: 1
Max Rain: 0.82 ON 27-12-19
Days of Rain: 4 (> .008in) 3 (> .08in) 1 (> 0.8in)