NOAA style reports

NOAA-style Climate Reports

Select NOAA data to display

Select a Year or Month report

Report for 2018 Jan





                            MONTHLY CLIMATOLOGICAL SUMMARY for JAN. 2018

NAME: DW8463   CITY: Zumbrota STATE: Minnesota
ELEV: 978 ft LAT: 044:18:07 LONG: 0092:40:30

                            TEMPERATURE ( F), RAIN (in.), WIND SPEED (mph)

                                               HEAT     COOL           AVG
      MEAN                                     DEG      DEG            WIND                       DOM
DAY   TEMP    HIGH   TIME     LOW    TIME      DAYS     DAYS    RAIN   SPEED    HIGH    TIME      DIR
--------------------------------------------------------------------------------------------------------
01   -09.6   -001.9   15:32   -15.7   07:21     74.6     00.0   00.00   02.4     12.7    10:10      W 
02    02.2   014.5   22:22   -12.4   03:22     62.7     00.0   00.00   03.7     23.0    13:56     WSW
03    01.9   012.7   00:39   -12.4   00:00     63.0     00.0   00.00   04.6     19.6    10:39      NW
04   -04.9   003.6   15:15   -14.7   00:00     69.9     00.0   00.00   00.6     08.1    11:54     NNW
05   -10.0   001.7   13:37   -18.6   06:30     74.9     00.0   00.00   01.1     10.3    12:25     NNW
06   -02.5   011.9   00:00   -19.4   06:44     67.5     00.0   00.00   03.3     20.7    22:53      S 
07    21.9   031.1   00:00    11.9   00:05     43.0     00.0   00.00   03.6     24.1    01:33      SW
08    26.4   036.5   13:30    18.4   22:08     38.6     00.0   00.00   01.6     16.1    00:07     WNW
09    33.2   042.1   13:19    20.1   00:20     31.7     00.0   00.00   04.0     19.6    23:45     SSE
10    34.6   036.3   00:00    31.9   02:06     30.3     00.0   00.00   04.5     26.4    08:26      S 
11    14.6   036.6   00:41    03.3   00:00     50.3     00.0   00.06   07.5     24.1    06:22      NW
12   -04.5   003.3   00:04   -13.1   23:50     69.4     00.0   00.00   04.3     19.6    02:37     NNW
13   -10.9   001.9   13:30   -20.5   07:59     75.8     00.0   00.00   00.6     10.3    13:50      W 
14    03.3   018.5   22:50   -19.8   04:04     61.6     00.0   00.10   02.4     19.6    23:26     SSW
15    06.2   012.4   00:02    01.7   18:29     58.8     00.0   00.00   08.7     26.4    12:44      NW
16    01.6   008.0   13:22   -06.5   22:26     63.4     00.0   00.00   03.9     17.3    01:35     WNW
17    13.1   024.6   15:24   -06.4   01:47     51.8     00.0   00.00   02.4     18.4    12:01      SW
18    27.7   039.4   13:46    18.1   04:07     37.3     00.0   00.00   01.8     13.8    13:34      SW
19    31.7   040.2   15:13    25.6   05:33     33.3     00.0   00.00   01.2     18.4    13:27      SW
20    29.1   041.6   15:14    18.4   07:19     35.8     00.0   00.00   00.1     06.9    00:06     WNW
21    31.5   041.3   12:39    19.9   07:56     33.4     00.0   00.00   01.2     16.1    23:06     NNE
22    32.1   037.0   00:11    25.6   00:00     32.9     00.0   00.68   04.2     20.7    06:50     NNE
23    18.8   025.8   00:54    09.3   19:07     46.1     00.0   00.01   00.1     08.1    14:56      NW
24    16.3   025.7   15:03    01.5   04:56     48.7     00.0   00.00   00.4     09.2    21:06     WSW
25    26.1   028.3   18:30    24.1   00:26     38.8     00.0   00.00   01.9     11.5    20:02     ESE
26    37.1   043.1   14:41    26.4   00:01     27.8     00.0   00.00   05.3     29.9    10:29     SSW
27    26.6   035.9   14:22    13.5   23:39     38.3     00.0   00.00   02.8     23.0    01:13      W 
28    17.4   021.1   13:42    12.6   21:15     47.5     00.0   00.00   03.5     14.9    15:31     NNW
29    07.0   015.7   00:07   -03.8   00:00     58.0     00.0   00.00   02.3     13.8    12:59      NW
30    12.6   030.8   00:00   -07.4   04:58     52.4     00.0   00.00   04.6     21.9    17:30     SSE
31    27.2   031.5   06:39    15.1   23:37     37.7     00.0   00.03   04.0     29.9    22:33     WNW
--------------------------------------------------------------------------------------------------------
14.8 (14.2)   43.1  day 26    -20.5  day 13   1555.4    000.0   00.88   03.0     29.9   day 31      W 
Max <=  32: 20
Min <=  86: 31
Min <=   0: 13
Max <= 23: 13
Min <=  23: 26
Max <=  14: 9
Min <=  14: 20
Max <=   5: 5
Min <=   5: 16
Min <=   0: 13
Min <=  -4: 12
Min <= -13: 7
Max Rain: 0.68 ON 22-01-18
Days of Rain: 5 (> .008in) 2 (> .08in) 0 (> 0.8in)