NOAA style reports

NOAA-style Climate Reports

Select NOAA data to display

Select a Year or Month report

Report for 2017 Dec





                            MONTHLY CLIMATOLOGICAL SUMMARY for DEC. 2017

NAME: DW8463   CITY: Zumbrota STATE: Minnesota
ELEV: 978 ft LAT: 044:18:07 LONG: 0092:40:30

                            TEMPERATURE ( F), RAIN (in.), WIND SPEED (mph)

                                               HEAT     COOL           AVG
      MEAN                                     DEG      DEG            WIND                       DOM
DAY   TEMP    HIGH   TIME     LOW    TIME      DAYS     DAYS    RAIN   SPEED    HIGH    TIME      DIR
--------------------------------------------------------------------------------------------------------
01    37.1   053.2   13:41    20.2   05:21     27.8     00.0   00.00   01.9     23.0    13:30      SW
02    31.8   049.2   14:03    22.3   07:43     33.2     00.0   00.00   00.4     10.3    13:23      W 
03    38.5   053.2   00:00    23.0   00:39     26.5     00.0   00.00   01.8     18.4    21:22      S 
04    50.2   060.9   15:01    27.0   00:00     14.7     00.0   00.12   05.9     35.6    23:44      SW
05    19.4   027.0   00:06    15.5   07:55     45.5     00.0   00.04   08.5     34.5    00:33      W 
06    17.9   022.1   11:26    15.7   07:44     47.1     00.0   00.00   07.4     27.6    13:31     WNW
07    14.8   019.5   23:05    07.9   08:10     50.1     00.0   00.00   04.6     20.7    02:40     WNW
08    24.6   030.8   21:59    14.1   08:02     40.4     00.0   00.00   02.7     21.9    22:48     WNW
09    21.8   029.9   00:12    18.8   09:48     43.1     00.0   00.00   05.9     25.3    01:57     NNW
10    23.5   029.2   14:44    16.3   21:45     41.4     00.0   00.00   02.5     14.9    13:32      NW
11    28.0   035.0   11:55    17.1   00:00     36.9     00.0   00.06   05.3     26.4    19:32     NNW
12    16.6   028.7   23:57    05.4   08:06     48.3     00.0   00.00   02.5     13.8    00:48      W 
13    25.6   029.8   03:46    13.0   00:00     39.3     00.0   00.00   05.9     27.6    10:09      NW
14    16.3   024.9   12:18    03.4   07:56     48.6     00.0   00.00   02.0     19.6    19:09     WNW
15    27.2   030.6   16:23    22.5   02:23     37.7     00.0   00.00   01.1     12.7    01:24      W 
16    27.8   033.0   12:03    21.4   00:00     37.1     00.0   00.00   01.4     11.5    16:29     ENE
17    25.8   028.6   00:00    20.4   00:38     39.2     00.0   00.00   00.8     09.2    06:47      E 
18    33.1   039.0   15:39    25.8   07:03     31.8     00.0   00.00   01.9     13.8    20:38      SW
19    32.2   037.0   11:16    20.5   00:00     32.7     00.0   00.00   04.4     29.9    11:40     WNW
20    21.2   023.7   02:24    19.3   08:21     43.8     00.0   00.00   03.1     12.7    13:03     ENE
21    22.3   023.6   14:20    21.1   00:13     42.7     00.0   00.04   03.6     12.7    18:43     NNE
22    17.8   022.7   14:44    06.5   21:28     47.1     00.0   00.00   02.1     11.5    09:13     WNW
23    12.0   021.6   13:24    03.3   21:41     52.9     00.0   00.00   02.1     17.3    14:02     WNW
24    13.4   020.7   15:32    06.4   00:14     51.5     00.0   00.00   01.7     19.6    23:46      W 
25   -01.1   009.7   00:02   -09.0   23:51     66.1     00.0   00.00   04.3     21.9    12:05     WNW
26   -07.1   000.5   15:29   -13.6   07:58     72.0     00.0   00.00   01.8     16.1    14:59      W 
27   -05.5   003.3   12:57   -16.0   07:05     70.5     00.0   00.00   00.7     09.2    13:35     WSW
28    07.1   011.9   23:07    00.9   00:37     57.8     00.0   00.00   02.9     16.1    23:29      S 
29    02.8   011.1   00:03   -02.8   00:00     62.1     00.0   00.00   03.9     19.6    00:28     WNW
30   -07.7   -002.7   00:12   -12.6   08:10     72.6     00.0   00.00   06.1     21.9    02:52      NW
31   -09.5   -006.0   02:28   -14.3   08:31     74.5     00.0   00.00   04.0     16.1    10:55      NW
--------------------------------------------------------------------------------------------------------
18.6 (18.1)   60.9  day 04    -16.0  day 27   1435.1    000.0   00.26   03.3     35.7   day 05     WNW
Max <=  32: 23
Min <=  86: 31
Min <=   0: 6
Max <= 23: 12
Min <=  23: 29
Max <=  14: 7
Min <=  14: 14
Max <=   5: 4
Min <=   5: 9
Min <=   0: 6
Max <=  -4: 1
Min <=  -4: 5
Min <= -13: 3
Max Rain: 0.12 ON 4-12-18
Days of Rain: 4 (> .008in) 1 (> .08in) 0 (> 0.8in)