NOAA style reports

NOAA-style Climate Reports

Select NOAA data to display

Select a Year or Month report

Report for 2017 Jul





                            MONTHLY CLIMATOLOGICAL SUMMARY for JUL. 2017

NAME: DW8463   CITY: Zumbrota STATE: Minnesota
ELEV: 978 ft LAT: 044:18:07 LONG: 0092:40:30

                            TEMPERATURE ( F), RAIN (in.), WIND SPEED (mph)

                                               HEAT     COOL           AVG
      MEAN                                     DEG      DEG            WIND                       DOM
DAY   TEMP    HIGH   TIME     LOW    TIME      DAYS     DAYS    RAIN   SPEED    HIGH    TIME      DIR
--------------------------------------------------------------------------------------------------------
01    66.4   074.3   19:04    59.1   06:14     00.0     01.4   00.01   02.5     16.1    14:30     WNW
02    69.0   078.6   16:48    57.3   00:00     00.0     04.1   00.00   01.5     11.5    17:48      N 
03    67.9   081.3   17:20    51.9   05:55     00.0     03.0   00.00   01.2     11.5    15:29      E 
04    72.9   084.6   17:24    59.6   04:23     00.0     07.9   00.00   02.0     14.9    11:47     SSE
05    76.9   087.9   16:15    65.3   04:43     00.0     11.9   00.00   01.1     13.8    11:42     SSW
06    78.7   091.7   16:37    67.2   06:14     00.0     13.7   00.00   01.0     12.7    16:52     WSW
07    72.6   082.2   15:55    62.4   22:35     00.0     07.7   00.00   04.5     21.9    13:44     NNW
08    67.9   081.1   16:44    51.9   05:34     00.0     02.9   00.00   01.1     11.5    18:08      NW
09    69.3   081.5   16:49    53.7   05:41     00.0     04.4   00.53   01.0     33.4    22:30      S 
10    71.1   082.8   17:22    64.1   06:23     00.0     06.2   00.00   01.2     11.5    16:16      NE
11    73.2   083.3   16:14    59.3   05:58     00.0     08.3   00.00   01.2     12.7    14:42      S 
12    77.5   087.7   14:01    66.5   00:00     00.0     12.6   00.04   02.8     20.7    04:20     WNW
13    64.5   070.5   12:22    60.8   00:00     00.4     00.0   00.00   03.0     16.1    14:24     NNW
14    63.3   074.1   17:36    55.2   06:12     01.6     00.0   00.00   01.1     11.5    09:15      N 
15    73.2   089.7   16:57    54.2   04:53     00.0     08.3   00.00   01.9     18.4    15:09     WSW
16    73.7   083.6   16:51    62.9   06:28     00.0     08.7   00.00   01.6     11.5    14:21     ENE
17    73.9   086.2   15:43    60.2   06:06     00.0     08.9   00.00   02.2     19.6    17:12     SSE
18    77.8   086.3   14:04    67.1   00:00     00.0     12.8   00.00   02.5     14.9    14:45     NNW
19    69.4   084.5   13:34    56.2   06:18     00.0     04.4   00.93   02.3     27.6    16:33      E 
20    75.4   085.1   17:35    67.6   00:00     00.0     10.5   00.45   00.7     17.3    01:16     ENE
21    69.8   077.9   17:26    62.8   03:51     00.0     04.9   00.18   01.3     17.3    16:36     SSE
22    75.5   086.2   16:19    67.4   02:01     00.0     10.6   00.00   01.5     17.3    09:58      NW
23    69.0   076.4   16:32    62.4   22:42     00.0     04.0   00.00   03.2     18.4    12:59     NNW
24    66.7   077.1   16:50    55.2   06:13     00.0     01.7   00.00   01.2     12.7    16:48     ESE
25    69.9   081.7   14:56    60.1   01:05     00.0     05.0   00.91   02.6     26.4    13:34      S 
26    72.3   080.8   17:20    63.5   00:00     00.0     07.3   01.04   01.5     17.3    05:43      NW
27    71.2   082.8   17:15    60.1   06:10     00.0     06.3   00.00   01.1     11.5    15:18      N 
28    69.6   080.8   17:29    58.2   06:28     00.0     04.6   00.00   01.3     12.7    13:49     ENE
29    68.4   081.9   15:01    54.4   06:30     00.0     03.5   00.00   00.3     09.2    11:01      SE
30    70.1   082.5   16:44    56.8   06:14     00.0     05.2   00.00   00.5     08.1    14:03     WNW
31    73.0   083.7   17:26    62.2   05:43     00.0     08.1   00.00   00.5     10.3    18:43     WNW
--------------------------------------------------------------------------------------------------------
71.3 (71.2)   91.7  day 06     51.9  day 08   002.1    198.9   04.09   01.7     33.4   day 09     NNW
Max >=  86: 7
Min <=  86: 31
Max Rain: 1.04 ON 26-07-17
Days of Rain: 8 (> .008in) 6 (> .08in) 3 (> 0.8in)