NOAA style reports

NOAA-style Climate Reports

Select NOAA data to display

Select a Year or Month report

Report for 2017 Apr





                            MONTHLY CLIMATOLOGICAL SUMMARY for APR. 2017

NAME: DW8463   CITY: Zumbrota STATE: Minnesota
ELEV: 978 ft LAT: 044:18:07 LONG: 0092:40:30

                            TEMPERATURE ( F), RAIN (in.), WIND SPEED (mph)

                                               HEAT     COOL           AVG
      MEAN                                     DEG      DEG            WIND                       DOM
DAY   TEMP    HIGH   TIME     LOW    TIME      DAYS     DAYS    RAIN   SPEED    HIGH    TIME      DIR
--------------------------------------------------------------------------------------------------------
01    45.1   062.8   16:39    28.4   06:22     19.8     00.0   00.01   00.7     11.5    15:46     WNW
02    44.6   053.6   16:07    32.9   05:26     20.4     00.0   00.02   02.6     19.6    17:35      S 
03    46.5   048.5   16:43    44.9   07:50     18.4     00.0   00.14   03.0     14.9    16:52      NE
04    51.0   060.1   17:03    42.0   00:00     14.0     00.0   00.10   04.3     17.3    15:59      N 
05    44.0   051.9   15:39    36.3   07:01     21.0     00.0   00.00   02.6     16.1    16:07     NNW
06    41.6   053.0   16:47    30.9   00:00     23.3     00.0   00.00   05.7     24.1    15:54      N 
07    43.1   058.5   16:05    24.3   07:04     21.9     00.0   00.00   02.0     16.1    16:02      S 
08    57.3   070.3   18:23    41.3   05:34     07.6     00.0   00.00   04.4     26.4    10:49      S 
09    60.9   069.1   12:30    48.2   07:37     04.0     00.0   00.01   02.6     29.9    21:06      E 
10    44.8   054.5   00:03    33.9   00:00     20.2     00.0   00.04   06.9     21.9    12:58      N 
11    38.7   051.3   17:46    32.4   07:07     26.2     00.0   00.00   03.1     13.8    16:59      NW
12    46.1   060.8   13:27    32.5   02:39     18.9     00.0   00.22   02.3     19.6    11:10      SE
13    49.5   056.0   17:51    45.7   07:05     15.4     00.0   00.00   03.7     12.7    23:33      E 
14    54.5   064.9   14:48    47.2   06:57     10.4     00.0   00.16   05.9     23.0    15:22      SE
15    62.0   072.0   17:35    55.0   00:00     02.9     00.0   00.41   02.4     18.4    21:13      W 
16    54.8   064.7   15:47    42.9   23:07     10.1     00.0   00.00   05.4     31.1    15:12     WNW
17    50.6   059.4   17:13    41.1   06:46     14.3     00.0   00.00   02.3     17.3    10:01     NNW
18    53.0   066.4   16:14    43.6   02:04     11.9     00.0   00.10   06.7     28.8    13:59     SSW
19    46.6   048.6   00:11    43.4   08:49     18.3     00.0   00.63   05.3     20.7    18:27      NE
20    45.2   047.9   00:08    40.3   00:00     19.8     00.0   00.06   05.5     26.4    14:17      NW
21    45.9   060.0   16:33    30.0   06:20     19.0     00.0   00.00   02.0     13.8    18:17      N 
22    50.6   067.1   17:13    31.6   06:36     14.4     00.0   00.00   01.2     13.8    16:37      NW
23    55.8   071.5   15:52    39.2   06:45     09.1     00.0   00.00   02.2     19.6    17:09      SW
24    59.5   069.2   14:47    43.8   05:59     05.4     00.0   00.00   05.0     28.8    16:14      S 
25    57.8   066.8   12:55    51.3   15:21     07.1     00.0   00.36   02.3     21.9    13:17      S 
26    42.8   054.1   00:09    36.6   00:00     22.1     00.0   00.23   05.5     18.4    15:42     NNW
27    35.1   037.0   12:43    33.8   09:38     29.8     00.0   00.02   05.3     23.0    16:27      NW
28    39.2   046.9   18:15    28.3   06:35     25.7     00.0   00.00   01.9     13.8    00:02     NNW
29    43.7   052.0   16:38    31.6   03:21     21.2     00.0   00.00   04.6     23.0    17:15      NE
30    44.4   047.2   16:51    40.4   23:37     20.6     00.0   00.71   06.0     26.4    15:26     ENE
--------------------------------------------------------------------------------------------------------
48.5 (48.3)   72.0  day 15     24.3  day 07   493.3    000.0   03.28   03.8     31.1   day 24      N 
Min <=  86: 30
Max Rain: 0.71 ON 30-04-17
Days of Rain: 16 (> .008in) 10 (> .08in) 0 (> 0.8in)