NOAA style reports

NOAA-style Climate Reports

Select NOAA data to display

Select a Year or Month report

Report for 2017 Mar





                            MONTHLY CLIMATOLOGICAL SUMMARY for MAR. 2017

NAME: DW8463   CITY: Zumbrota STATE: Minnesota
ELEV: 978 ft LAT: 044:18:07 LONG: 0092:40:30

                            TEMPERATURE ( F), RAIN (in.), WIND SPEED (mph)

                                               HEAT     COOL           AVG
      MEAN                                     DEG      DEG            WIND                       DOM
DAY   TEMP    HIGH   TIME     LOW    TIME      DAYS     DAYS    RAIN   SPEED    HIGH    TIME      DIR
--------------------------------------------------------------------------------------------------------
01    29.9   035.5   14:52    23.2   00:00     35.0     00.0   00.07   07.7     24.1    06:34      NW
02    21.8   029.9   14:22    13.7   06:17     43.2     00.0   00.00   04.1     18.4    17:13     WNW
03    19.5   028.9   13:35    03.5   06:54     45.4     00.0   00.01   02.7     16.1    17:48     SSE
04    32.3   039.8   15:38    22.5   06:20     32.6     00.0   00.00   07.6     27.6    19:18      SE
05    43.4   050.0   14:46    35.1   00:10     21.5     00.0   00.00   04.0     21.9    00:45     SSE
06    52.3   065.5   16:00    39.8   00:00     12.6     00.0   00.31   07.0     32.2    18:36      S 
07    38.9   049.3   14:12    30.7   03:31     26.0     00.0   00.00   09.3     38.0    03:26     WSW
08    31.4   036.9   00:02    28.2   21:16     33.5     00.0   00.00   10.4     44.9    07:54     WNW
09    27.5   032.1   11:56    20.1   00:00     37.4     00.0   00.00   05.4     19.6    23:37     NNW
10    14.6   020.6   00:02    07.3   06:35     50.3     00.0   00.00   07.5     23.0    04:44     NNW
11    15.6   021.3   14:52    10.5   06:26     49.3     00.0   00.00   04.7     16.1    10:13     NNW
12    17.1   025.8   13:05    08.7   07:12     47.8     00.0   00.28   02.9     18.4    14:52     ESE
13    20.9   026.8   14:33    12.0   23:47     44.1     00.0   00.00   05.1     16.1    17:49     NNE
14    14.0   025.4   16:14   -01.3   06:46     51.0     00.0   00.00   01.9     13.8    12:32     NNW
15    17.3   030.3   15:05    04.4   06:27     47.7     00.0   00.00   01.4     12.7    16:04     WSW
16    28.7   039.6   14:53    14.3   00:05     36.2     00.0   00.00   04.7     21.9    19:47      SE
17    36.4   043.6   14:01    27.7   07:28     28.6     00.0   00.00   05.5     26.4    20:15      W 
18    33.3   040.7   17:17    26.1   00:00     31.6     00.0   00.00   05.9     26.4    04:43      NW
19    39.6   053.4   17:36    25.8   01:23     25.3     00.0   00.00   04.4     26.4    14:21     SSE
20    41.3   054.8   13:33    29.7   00:00     23.7     00.0   00.00   02.8     16.1    10:04     NNW
21    32.1   038.3   15:46    25.3   00:00     32.8     00.0   00.00   05.8     25.3    15:39     NNW
22    30.6   041.0   15:37    18.9   07:23     34.3     00.0   00.00   04.3     20.7    09:29      SE
23    37.7   040.2   15:53    35.7   07:48     27.2     00.0   00.01   06.3     23.0    14:40     SSE
24    39.6   042.8   18:08    37.5   06:44     25.4     00.0   00.23   03.9     16.1    18:20     NNE
25    38.2   040.2   14:05    36.5   07:51     26.8     00.0   00.07   05.4     20.7    13:03     ENE
26    38.2   042.0   17:14    35.0   05:51     26.8     00.0   00.04   02.3     11.5    16:36     NNE
27    41.4   050.5   17:40    32.9   00:00     23.5     00.0   00.01   02.0     11.5    18:02      N 
28    42.8   060.9   17:20    27.0   07:26     22.2     00.0   00.00   01.1     11.5    16:38     ENE
29    40.3   047.5   12:17    33.3   03:32     24.7     00.0   00.31   03.9     23.0    15:49     ESE
30    39.5   042.2   17:19    37.1   08:08     25.4     00.0   00.03   05.5     19.6    11:07     ENE
--------------------------------------------------------------------------------------------------------
31.9 (31.6)   65.5  day 06    -01.3  day 14   991.8    000.0   01.37   04.9     44.9   day 08     NNW
Max <=  32: 8
Min <=  86: 30
Min <=   0: 1
Max <= 23: 2
Min <=  23: 12
Min <=   5: 3
Min <=   0: 1
Max Rain: 0.31 ON 6-03-17
Days of Rain: 11 (> .008in) 4 (> .08in) 0 (> 0.8in)