NOAA style reports

NOAA-style Climate Reports

Select NOAA data to display

Select a Year or Month report

Report for 2017 Feb





                            MONTHLY CLIMATOLOGICAL SUMMARY for FEB. 2017

NAME: DW8463   CITY: Zumbrota STATE: Minnesota
ELEV: 978 ft LAT: 044:18:07 LONG: 0092:40:30

                            TEMPERATURE ( F), RAIN (in.), WIND SPEED (mph)

                                               HEAT     COOL           AVG
      MEAN                                     DEG      DEG            WIND                       DOM
DAY   TEMP    HIGH   TIME     LOW    TIME      DAYS     DAYS    RAIN   SPEED    HIGH    TIME      DIR
--------------------------------------------------------------------------------------------------------
01    19.3   030.6   01:00    11.9   23:57     45.6     00.0   00.00   06.6     20.7    20:08     WNW
02    12.2   018.8   14:46    07.3   07:45     52.7     00.0   00.00   05.7     21.9    12:34     WNW
03    13.3   023.0   15:29    05.6   05:34     51.6     00.0   00.00   02.5     14.9    14:37      W 
04    23.8   031.8   15:34    06.9   02:36     41.2     00.0   00.00   03.7     27.6    08:43     SSW
05    23.6   031.4   00:12    17.1   21:16     41.3     00.0   00.00   03.9     21.9    02:52      NW
06    27.8   037.6   14:52    15.3   04:25     37.2     00.0   00.00   01.5     11.5    12:28     ESE
07    27.7   036.2   01:56    17.2   00:00     37.2     00.0   00.00   06.3     25.3    15:20      NW
08    10.7   017.1   00:02    05.7   08:26     54.2     00.0   00.00   07.1     20.7    23:39      NW
09    12.3   019.9   00:00    03.5   07:17     52.7     00.0   00.00   04.3     19.6    23:45     WSW
10    29.9   040.6   23:58    18.8   03:24     35.0     00.0   00.00   03.9     19.6    05:32      S 
11    36.9   042.1   14:16    33.2   07:17     28.0     00.0   00.00   00.4     08.1    09:27      NW
12    33.4   037.5   15:18    23.8   23:47     31.5     00.0   00.01   06.1     26.4    12:00     WNW
13    33.3   044.1   14:10    20.1   06:21     31.6     00.0   00.00   02.6     21.9    10:52     WSW
14    34.3   042.5   13:32    26.7   00:00     30.6     00.0   00.00   06.4     31.1    15:38      NW
15    26.4   033.4   14:50    20.4   07:27     38.6     00.0   00.00   03.3     18.4    00:23      NW
16    32.2   039.0   14:27    24.2   01:42     32.7     00.0   00.00   03.4     19.6    10:47     SSE
17    40.2   054.7   13:51    27.9   05:42     24.7     00.0   00.00   01.8     16.1    15:01      S 
18    40.5   054.7   14:41    30.3   00:00     24.4     00.0   00.00   01.0     09.2    13:06      W 
19    41.7   059.1   14:41    25.6   07:15     23.2     00.0   00.00   02.0     18.4    14:55      SE
20    49.3   052.7   20:23    41.8   00:00     15.7     00.0   00.53   04.5     21.9    21:23      S 
21    44.9   059.4   14:56    31.1   04:55     20.1     00.0   00.00   02.4     19.6    15:23      SW
22    46.6   058.2   15:24    37.3   05:00     18.3     00.0   00.01   02.2     19.6    23:38     WNW
23    35.7   041.0   00:08    29.6   00:00     29.3     00.0   00.10   06.5     19.6    19:31      N 
24    25.3   029.6   00:03    19.5   00:00     39.6     00.0   00.38   08.7     23.0    12:44      N 
25    20.2   028.9   14:31    11.1   06:28     44.7     00.0   00.05   05.3     20.7    02:06     WNW
26    25.8   034.4   14:12    17.2   07:10     39.1     00.0   00.00   02.2     18.4    15:27      SW
27    28.8   042.1   15:42    09.6   05:24     36.2     00.0   00.00   01.7     17.3    11:18      S 
28    37.2   042.7   14:43    30.8   07:35     27.8     00.0   00.00   02.5     19.6    20:55     NNE
--------------------------------------------------------------------------------------------------------
29.8 (29.5)   59.4  day 21     03.5  day 09   984.8    000.0   01.08   03.9     31.1   day 14     WNW
Max <=  32: 9
Min <=  86: 28
Max <= 23: 4
Min <=  23: 16
Min <=   5: 1
Max Rain: 0.53 ON 20-02-17
Days of Rain: 6 (> .008in) 3 (> .08in) 0 (> 0.8in)