NOAA style reports

NOAA-style Climate Reports

Select NOAA data to display

Select a Year or Month report

Report for 2015 Sep





                            MONTHLY CLIMATOLOGICAL SUMMARY for SEP. 2015

NAME: DW8463   CITY: Zumbrota STATE: Minnesota
ELEV: 978 ft LAT: 044:18:07 LONG: 0092:40:30

                            TEMPERATURE ( F), RAIN (in.), WIND SPEED (mph)

                                               HEAT     COOL           AVG
      MEAN                                     DEG      DEG            WIND                       DOM
DAY   TEMP    HIGH   TIME     LOW    TIME      DAYS     DAYS    RAIN   SPEED    HIGH    TIME      DIR
--------------------------------------------------------------------------------------------------------
01    74.3   087.7   14:49    63.0   06:37     00.0     09.4   00.01   00.7     11.5    17:36      S 
02    75.1   085.6   16:10    67.5   08:06     00.0     10.1   00.05   01.1     13.8    13:31      S 
03    75.5   087.0   14:05    66.0   07:03     00.0     10.6   00.00   01.7     12.7    15:21     ESE
04    78.0   089.9   15:23    69.9   04:20     00.0     13.1   00.05   02.4     16.1    13:37      SE
05    77.4   087.8   17:10    72.0   11:03     00.0     12.5   00.08   01.9     19.6    17:42      S 
06    76.9   082.8   14:04    72.4   00:00     00.0     12.0   00.73   02.4     18.4    20:43     SSW
07    71.6   078.4   16:28    67.2   06:49     00.0     06.6   00.00   01.2     11.5    07:46      N 
08    68.6   078.4   15:39    54.9   00:00     00.0     03.7   01.34   02.7     16.1    14:13      NW
09    61.4   075.0   16:10    46.9   06:51     03.6     00.0   00.02   01.0     20.7    22:33      SW
10    62.0   070.7   16:15    52.4   23:18     03.0     00.0   00.01   02.4     16.1    18:36     NNW
11    54.4   061.8   14:34    46.4   06:47     10.5     00.0   00.00   03.1     19.6    14:32     NNW
12    52.9   068.3   16:23    40.8   07:22     12.0     00.0   00.02   00.9     12.7    14:27     NNW
13    57.3   072.7   15:03    40.7   06:37     07.7     00.0   00.00   01.8     19.6    13:37     SSW
14    68.7   081.1   15:47    57.0   06:23     00.0     03.7   00.00   03.3     20.7    15:03      S 
15    73.8   084.7   15:28    64.9   05:59     00.0     08.8   00.01   06.1     28.8    22:32      S 
16    74.8   086.3   15:03    66.1   06:57     00.0     09.9   00.05   04.4     25.3    01:05      S 
17    70.7   079.7   12:47    59.5   00:00     00.0     05.8   01.28   03.5     26.4    12:04     SSW
18    56.5   060.9   11:54    51.1   06:47     08.4     00.0   00.11   01.9     13.8    00:00      NW
19    55.8   067.5   16:10    46.0   07:15     09.2     00.0   00.00   02.1     14.9    00:02      NW
20    56.9   071.3   14:11    42.9   06:21     08.1     00.0   00.01   01.7     21.9    12:52      S 
21    63.1   077.6   15:40    50.1   07:09     01.9     00.0   00.00   02.4     24.1    11:09      S 
22    65.4   073.4   17:34    56.3   01:45     00.0     00.4   00.00   00.9     10.3    13:08     ENE
23    66.8   077.1   12:55    60.3   04:47     00.0     01.8   00.25   00.9     16.1    10:29      SE
24    66.3   073.9   16:14    60.6   07:43     00.0     01.4   00.04   00.7     10.3    11:07      E 
25    66.5   077.3   15:28    55.7   00:00     00.0     01.6   00.00   01.0     12.7    14:50      E 
26    63.5   077.6   15:52    49.7   06:49     01.4     00.0   00.00   01.7     17.3    13:02      SE
27    66.9   080.7   15:14    52.4   06:29     00.0     01.9   00.00   02.5     21.9    13:44      S 
28    65.9   073.1   16:24    55.7   23:38     00.0     01.0   00.04   01.5     11.5    17:51     NNW
29    54.5   063.6   14:42    39.2   00:00     10.5     00.0   00.00   02.6     17.3    12:39     NNE
30    47.0   062.6   16:04    34.1   06:51     17.9     00.0   00.00   01.4     12.7    13:23     ENE
--------------------------------------------------------------------------------------------------------
65.6 (65.9)   89.9  day 04     34.1  day 30   094.0    114.3   02.81   02.1     28.8   day 15      S 
Max >=  86: 5
Min <=  86: 30
Max Rain: 1.34 ON 8-09-15
Days of Rain: 17 (> .008in) 5 (> .08in) 2 (> 0.8in)