NOAA style reports

NOAA-style Climate Reports


Report for 2015 Aug





                            MONTHLY CLIMATOLOGICAL SUMMARY for AUG. 2015

NAME: DW8463   CITY: Zumbrota STATE: Minnesota
ELEV: 978 ft LAT: 044:18:07 LONG: 0092:40:30

                            TEMPERATURE ( F), RAIN (in.), WIND SPEED (mph)

                                               HEAT     COOL           AVG
      MEAN                                     DEG      DEG            WIND                       DOM
DAY   TEMP    HIGH   TIME     LOW    TIME      DAYS     DAYS    RAIN   SPEED    HIGH    TIME      DIR
--------------------------------------------------------------------------------------------------------
01    71.7   083.9   17:11    59.6   00:46     00.0     06.8   00.10   01.1     11.5    23:59      W 
02    75.8   085.0   13:12    61.1   00:00     00.0     10.8   00.00   04.7     26.4    14:14     WNW
03    65.4   077.1   14:57    51.9   05:55     00.0     00.5   00.00   02.6     17.3    14:18     WNW
04    65.4   078.1   16:08    50.8   06:02     00.0     00.5   00.00   01.2     11.5    16:11     WNW
05    66.7   080.8   15:30    51.0   06:29     00.0     01.8   00.00   00.6     08.1    18:07      SW
06    66.9   077.3   14:11    55.1   05:24     00.0     01.9   00.54   01.8     17.3    23:31      S 
07    71.5   080.6   17:12    63.6   00:00     00.0     06.6   00.31   03.3     17.3    02:11     WNW
08    69.2   079.7   17:44    59.6   04:46     00.0     04.3   00.01   01.4     12.7    17:03     ESE
09    72.3   081.7   13:52    64.9   05:12     00.0     07.3   00.00   00.8     11.5    16:44      SE
10    71.1   080.0   15:54    60.0   00:00     00.0     06.1   00.00   03.1     18.4    11:57     NNW
11    67.2   079.1   16:49    55.2   06:57     00.0     02.3   00.00   01.9     13.8    13:26     NNW
12    68.8   081.6   15:32    53.6   06:20     00.0     03.8   00.00   01.0     11.5    17:11     WSW
13    74.9   083.4   12:20    66.9   06:14     00.0     09.9   00.00   02.3     17.3    12:48     WSW
14    78.6   089.3   14:20    68.1   06:42     00.0     13.6   00.00   01.3     13.8    14:57      W 
15    75.9   086.3   14:58    64.5   06:34     00.0     10.9   00.00   01.4     12.7    17:27     SSW
16    74.4   084.4   14:36    68.2   02:51     00.0     09.5   00.21   01.5     18.4    09:06      SW
17    68.3   073.1   14:21    62.8   07:12     00.0     03.3   00.23   01.7     13.8    11:57      N 
18    64.8   069.1   18:28    62.1   03:18     00.1     00.0   00.96   01.2     13.8    13:31     ESE
19    60.3   065.4   13:53    55.4   08:09     04.6     00.0   00.02   03.5     19.6    17:44      W 
20    61.5   073.2   17:34    51.6   07:13     03.4     00.0   00.00   04.5     21.9    13:36     WNW
21    66.8   081.1   13:38    52.2   03:03     00.0     01.9   00.00   02.8     25.3    16:19      S 
22    71.2   079.7   13:50    63.8   00:00     00.0     06.3   00.37   06.0     28.8    15:23      S 
23    60.2   068.3   15:42    53.5   06:11     04.8     00.0   00.09   05.0     31.1    11:32      W 
24    57.6   065.1   15:08    50.8   06:46     07.4     00.0   00.00   04.8     26.4    11:24      NW
25    60.2   072.1   16:17    50.1   06:09     04.7     00.0   00.00   03.7     20.7    13:46      NW
26    58.9   073.5   15:38    43.9   07:09     06.1     00.0   00.00   00.4     10.3    12:47      NE
27    62.4   073.8   14:19    52.1   06:44     02.6     00.0   00.00   01.0     17.3    12:40     SSE
28    63.1   068.0   12:56    55.6   23:45     01.8     00.0   00.28   02.3     19.6    14:09     SSE
29    63.5   074.7   16:01    54.2   02:57     01.4     00.0   00.01   00.5     08.1    21:13      E 
30    65.8   076.1   15:32    55.8   04:47     00.0     00.9   00.00   01.6     14.9    16:49      S 
31    71.5   083.0   16:42    58.7   03:35     00.0     06.6   00.00   01.8     19.6    12:15      S 
--------------------------------------------------------------------------------------------------------
67.5 (67.4)   89.3  day 14     43.9  day 26   036.9    115.6   03.13   02.3     31.1   day 24      W 
Max >=  86: 2
Min <=  86: 31
Max Rain: 0.96 ON 18-08-15
Days of Rain: 12 (> .008in) 9 (> .08in) 1 (> 0.8in)