NOAA style reports

NOAA-style Climate Reports

Select NOAA data to display

Select a Year or Month report

Report for 2014 Jun




                            MONTHLY CLIMATOLOGICAL SUMMARY for JUN. 2014

NAME:    CITY:  STATE: 
ELEV:  LAT:  LONG: 

                            TEMPERATURE ( F), RAIN (in.), WIND SPEED (mph)

                                               HEAT     COOL           AVG
      MEAN                                     DEG      DEG            WIND                       DOM
DAY   TEMP    HIGH   TIME     LOW    TIME      DAYS     DAYS    RAIN   SPEED    HIGH    TIME      DIR
----------------------------------------------------------------------------------------------------------------------------------------------------------
01    66.7   070.7   08:05    63.6   00:00     00.0     01.8   01.45   01.9     17.3    17:01      S 
02    68.5   078.7   15:36    61.4   00:00     00.0     03.6   00.03   04.5     29.9    15:36      W 
03    64.8   074.2   15:24    54.0   05:51     00.1     00.0   00.00   02.5     16.1    01:12     WNW
04    69.8   079.1   17:54    60.2   00:35     00.0     04.9   00.00   01.6     12.7    10:42     ENE
05    66.1   078.5   14:39    58.4   05:05     00.0     01.1   00.26   02.5     21.9    16:28      S 
06    70.6   083.6   17:54    57.7   01:49     00.0     05.6   00.00   00.9     09.2    16:07     ESE
07    61.1   067.4   07:06    56.0   00:00     03.8     00.0   00.35   04.0     23.0    08:47      N 
08    61.1   072.4   17:20    47.1   04:20     03.8     00.0   00.00   01.8     11.5    17:35     NNE
09    63.0   070.3   16:48    55.9   00:00     01.9     00.0   00.00   01.7     13.8    12:50      NE
10    64.0   076.6   17:08    50.5   05:26     00.9     00.0   00.00   01.9     16.1    12:51     ESE
11    67.8   081.5   17:22    51.2   05:37     00.0     02.9   00.00   01.2     11.5    23:29     ESE
12    60.8   070.6   00:04    48.4   00:00     04.1     00.0   00.00   06.7     26.4    13:54      NW
13    61.9   075.5   18:07    44.9   05:46     03.0     00.0   00.00   02.2     13.8    13:13      NW
14    62.8   069.4   12:10    58.4   05:05     02.1     00.0   00.39   04.5     31.1    20:31     SSE
15    66.3   076.0   14:02    56.7   07:07     00.0     01.4   01.03   05.3     32.2    11:01     SSE
16    69.3   082.1   14:50    59.9   02:43     00.0     04.4   00.53   03.8     28.8    19:11      S 
17    70.4   078.0   16:52    60.2   06:18     00.0     05.4   00.08   01.7     23.0    01:01      SE
18    72.7   080.1   17:43    64.3   06:30     00.0     07.7   00.32   03.5     18.4    12:04     ESE
19    68.3   074.1   16:05    64.5   00:00     00.0     03.4   01.00   04.3     24.1    15:12     ESE
20    73.7   084.0   15:24    64.5   00:08     00.0     08.8   00.01   00.9     10.3    18:08     SSW
21    73.7   082.9   16:43    62.1   00:00     00.0     08.8   00.00   01.9     13.8    12:28      N 
22    69.2   081.6   10:54    58.4   05:15     00.0     04.3   00.01   01.0     12.7    12:41      SE
23    69.2   081.0   14:17    62.0   05:06     00.0     04.3   00.29   00.7     16.1    15:46     WNW
24    70.2   082.7   16:01    58.1   05:54     00.0     05.3   00.01   01.7     13.8    15:09      NW
25    65.6   074.3   16:05    59.3   00:00     00.0     00.7   00.00   01.8     11.5    18:54      N 
26    67.2   078.5   12:40    55.7   04:39     00.0     02.2   00.14   02.5     19.6    17:14     ESE
27    72.3   078.5   18:28    67.0   01:05     00.0     07.4   00.14   04.2     25.3    17:55     SSE
28    74.2   084.0   15:41    66.5   00:00     00.0     09.3   00.39   05.5     27.6    14:51     SSE
29    71.7   080.9   16:35    62.3   05:56     00.0     06.8   00.00   03.4     26.4    14:42     SSW
30    68.8   075.9   09:32    63.6   12:07     00.0     03.9   00.08   01.6     14.9    23:31     SSW
----------------------------------------------------------------------------------------------------------------------------------------------------------
67.7 (67.9)   84.0  day 20     44.9  day 13   019.7    103.9   06.51   02.7     32.2   day 14     SSE
Min <=  86: 30
Max Rain: 1.45 ON 1-06-14
Days of Rain: 18 (> .008in) 12 (> .08in) 3 (> 0.8in)