NOAA style reports

NOAA-style Climate Reports

Select NOAA data to display

Select a Year or Month report

Report for 2014 Feb




                            MONTHLY CLIMATOLOGICAL SUMMARY for FEB. 2014

NAME:    CITY:  STATE: 
ELEV:  LAT:  LONG: 

                            TEMPERATURE ( F), RAIN (in.), WIND SPEED (mph)

                                               HEAT     COOL           AVG
      MEAN                                     DEG      DEG            WIND                       DOM
DAY   TEMP    HIGH   TIME     LOW    TIME      DAYS     DAYS    RAIN   SPEED    HIGH    TIME      DIR
----------------------------------------------------------------------------------------------------------------------------------------------------------
06   -04.6   -002.7   00:00   -05.9   06:00     69.5     00.0   00.00   01.6     11.5    04:00      W 
07   -00.0   011.3   15:25   -08.3   22:08     65.0     00.0   00.00   02.4     19.6    14:58     WSW
08   -00.3   014.6   14:03   -15.1   06:19     65.2     00.0   00.00   00.5     06.9    11:54      SE
09    00.3   007.3   03:20   -10.3   23:13     64.6     00.0   00.00   03.9     21.9    14:39      NW
10   -07.0   004.6   14:32   -16.5   07:41     71.9     00.0   00.00   02.2     12.7    15:02     WNW
11   -04.5   010.8   00:00   -24.6   07:42     69.5     00.0   00.00   03.5     21.9    13:10      S 
12    14.4   023.0   14:06    04.6   20:01     50.5     00.0   00.04   01.5     17.3    01:06     SSW
13    16.3   032.6   10:48    02.9   00:00     48.7     00.0   00.00   06.3     34.5    14:01     WSW
14    05.6   015.1   14:28   -02.0   07:37     59.3     00.0   00.00   04.0     19.6    15:15     WNW
15    08.3   018.1   00:00   -08.9   03:00     56.7     00.0   00.13   02.8     19.6    13:33      S 
16    15.6   022.1   22:35    00.6   07:31     49.3     00.0   00.00   04.7     23.0    23:24     ESE
17    22.2   030.2   15:32    06.9   00:00     42.8     00.0   00.01   05.8     26.4    03:22     SSE
18    26.9   040.1   16:00    05.9   02:31     38.1     00.0   00.00   01.7     12.7    22:14      W 
19    29.1   041.0   14:37    11.2   07:41     35.9     00.0   00.00   02.7     13.8    21:55     SSW
20    32.6   036.9   12:00    18.3   00:00     32.4     00.0   00.02   01.9     13.8    12:31      E 
21    13.8   018.2   14:33    08.2   08:14     51.1     00.0   00.00   04.9     31.1    15:20      W 
22    10.4   016.7   14:01    04.0   06:51     54.5     00.0   00.00   04.6     19.6    14:28     WNW
23    09.1   016.0   14:25   -02.7   07:26     55.8     00.0   00.00   04.9     19.6    20:55     WNW
24    06.3   013.7   13:36   -02.7   07:29     58.6     00.0   00.00   03.7     14.9    23:00     WNW
25    00.1   006.4   00:10   -07.0   00:00     64.9     00.0   00.00   05.8     20.7    15:45     WNW
26    02.3   018.5   17:01   -14.1   06:34     62.6     00.0   00.00   06.8     29.9    19:50      W 
27   -07.9   001.3   00:02   -17.0   22:11     72.9     00.0   00.00   03.6     23.0    01:01      NW
28    03.7   015.7   17:07   -16.7   00:06     61.2     00.0   00.12   02.4     14.9    12:03     SSE
----------------------------------------------------------------------------------------------------------------------------------------------------------
08.4 (7.0)   41.0  day 19    -24.6  day 11   1301.0    000.0   00.32   03.6     34.5   day 26      W 
Max <=  32: 19
Min <=  86: 23
Min <=   0: 14
Max <= 23: 18
Min <=  23: 23
Max <=  14: 8
Min <=  14: 22
Max <=   5: 3
Min <=   5: 18
Min <=   0: 14
Min <=  -4: 11
Min <= -13: 6
Max Rain: 0.13 ON 15-02-14
Days of Rain: 5 (> .008in) 2 (> .08in) 0 (> 0.8in)