V/Λ SELECT: Month and Year
OR > Month
Monthly Climatological Summary for Jun 2021
Name: CurtisZM Weather City: Zumbrota State: Minnesota
Elevation: 978 ft Lat: N 44° 18' 06" Lon: W 092° 40' 30"
Temperature (°F), Rain (in), Wind Speed (mph)
Heat Cool Avg
Mean Deg Deg Wind Dom
Day Temp High Time Low Time Days Days Rain Speed High Time Dir
----------------------------------------------------------------------------------
01 62.1 77.8 16:43 45.3 05:44 6.8 4.0 0.00 0.1 9.0 12:19 WSW
02 65.1 81.3 16:57 49.5 03:25 4.6 4.7 0.00 0.0 10.0 16:02 SSW
03 74.7 88.3 16:48 60.0 04:51 0.6 10.3 0.00 1.2 22.0 15:09 W
04 81.0 93.5 15:58 69.1 06:21 0.0 16.0 0.00 1.4 18.0 12:35 SW
05 83.0 94.3 16:13 70.7 06:16 0.0 18.0 0.00 1.6 23.0 00:35 SSW
06 79.9 88.4 15:17 71.0 06:14 0.0 14.9 0.00 2.2 24.0 10:59 S
07 80.2 91.3 16:40 70.4 02:24 0.0 15.2 0.00 0.8 18.0 14:30 S
08 80.0 93.2 16:37 66.9 05:37 0.0 14.8 0.00 0.1 10.0 13:49 SE
09 80.8 92.6 17:12 66.2 05:42 0.0 15.6 0.00 0.3 11.0 14:59 ESE
10 82.4 94.3 15:58 67.7 05:26 0.0 17.4 0.00 0.1 8.0 08:15 SW
11 79.3 88.1 16:55 70.2 11:46 0.0 14.3 0.05 1.1 27.0 11:21 W
12 72.8 83.2 16:46 58.4 23:53 0.7 8.5 0.00 2.3 22.0 14:35 NNW
13 74.6 92.3 16:27 51.6 05:38 3.3 13.0 0.00 1.3 22.0 16:53 W
14 71.4 84.6 16:42 53.4 06:00 2.1 8.4 0.00 1.6 17.0 13:59 NNW
15 68.8 81.0 17:20 53.6 05:39 2.4 6.2 0.00 0.9 14.0 15:01 ENE
16 71.3 85.3 16:37 52.8 05:49 2.8 9.1 0.00 0.8 15.0 15:32 SSE
17 77.8 91.0 12:26 68.5 01:38 0.0 12.8 0.06 1.0 23.0 11:54 W
18 74.0 87.6 16:16 58.5 05:21 0.9 9.9 0.01 0.9 15.0 14:16 NW
19 69.0 78.4 15:36 56.0 05:48 1.5 5.5 0.00 1.2 15.0 01:03 NW
20 65.2 78.8 13:16 56.9 01:08 2.4 2.6 0.64 1.4 25.0 20:38 NW
21 58.8 65.5 15:05 46.7 23:45 6.2 0.0 0.00 4.6 25.0 00:10 NW
22 61.3 75.5 17:26 44.9 01:25 6.5 2.8 0.00 0.2 12.0 09:48 WNW
23 71.0 85.2 17:19 53.3 04:35 2.7 8.7 0.00 0.9 15.0 22:36 SSE
24 79.0 87.9 14:11 67.6 23:48 0.0 14.0 0.00 1.3 19.0 11:49 W
25 73.2 82.6 16:37 62.9 05:45 0.1 8.3 0.00 1.0 16.0 10:45 NE
26 69.7 71.7 10:24 65.3 23:59 0.0 4.7 0.34 1.4 14.0 18:00 NNE
27 69.5 79.4 15:43 59.6 05:26 0.8 5.4 0.02 0.3 9.0 11:53 WNW
28 70.2 83.3 13:02 62.4 05:36 0.4 5.5 0.18 0.2 16.0 15:19 WNW
29 73.1 82.7 14:09 65.4 05:25 0.0 8.1 0.06 0.6 16.0 16:31 WNW
30 72.7 84.1 16:41 60.7 06:05 0.7 8.4 0.00 0.7 13.0 12:33 NNW
----------------------------------------------------------------------------------
73.1 94.3 5 44.9 22 45.5 287.1 1.36 1.1 27.0 11 WNW
Max >= 80.0 23
Max <= 32.0 0
Min <= 32.0 0
Min <= 0.0 0
Max Rain: 0.64 on day 20
Days of Rain: 8 (>= 0.01 in) 3 (>= 0.10 in) 0 (>= 1.00 in)
Heat Base: 65.0 Cool Base: 65.0 Method: Integration