V/Λ SELECT: Month and Year
OR > Month
V/Λ2019 >
Jan Feb Mar Apr May Jun Jul Aug Sep Oct Nov Dec
Monthly Climatological Summary for Oct 2019
Name: CurtisZM Weather City: Zumbrota State: Minnesota
Elevation: 978 ft Lat: N 44 18 06 Lon: W 092 40 30
Temperature (°F), Rain (in), Wind Speed (mph)
Heat Cool Avg
Mean Deg Deg Wind Dom
Day Temp High Time Low Time Days Days Rain Speed High Time Dir
----------------------------------------------------------------------------------
01 57.0 70.3 00:00 50.9 23:54 8.4 0.4 0.83 1.8 16.0 06:53 N
02 49.8 51.7 12:18 48.5 23:55 15.2 0.0 0.47 2.1 15.0 11:33 NE
03 47.7 51.2 11:41 44.6 20:30 17.3 0.0 0.03 3.5 26.0 07:56 WNW
04 46.1 50.6 16:08 43.4 03:45 18.9 0.0 0.00 0.6 12.0 15:44 ESE
05 50.0 56.0 17:40 45.5 00:00 15.0 0.0 2.01 2.1 21.0 10:43 S
06 53.7 64.8 13:52 45.4 07:12 11.3 0.0 0.00 2.2 26.0 15:44 W
07 52.6 65.8 13:30 41.9 07:54 12.4 0.0 0.00 0.7 18.0 12:48 WNW
08 55.5 69.6 14:40 41.5 02:49 10.3 0.8 0.00 1.3 26.0 13:45 S
09 57.3 71.6 14:37 45.5 05:39 8.8 1.0 0.00 1.3 24.0 12:36 S
10 56.9 61.2 22:50 47.0 23:59 8.1 0.0 0.20 1.2 16.0 11:10 SE
28 29.6 47.0 00:00 29.2 00:10 636.6 0.0 0.10 ---- 29.0 18:57 WSW
----------------------------------------------------------------------------------
50.6 71.6 9 29.2 28 762.3 2.2 3.64 1.7 29.0 28 W
Max >= 80.0 0
Max <= 32.0 0
Min <= 32.0 1
Min <= 0.0 0
Max Rain: 2.01 on day 5
Days of Rain: 6 (>= 0.01 in) 5 (>= 0.10 in) 1 (>= 1.00 in)
Heat Base: 65.0 Cool Base: 65.0 Method: Integration