V/Λ SELECT: Month and Year
OR > Month
Monthly Climatological Summary for Jul 2016
Name: CurtisZM Weather City: Zumbrota State: Minnesota
Elevation: 978 ft Lat: N 44° 18' 07" Lon: W 092° 40' 30"
Temperature (°F), Rain (in), Wind Speed (mph)
Heat Cool Avg
Mean Deg Deg Wind Dom
Day Temp High Time Low Time Days Days Rain Speed High Time Dir
----------------------------------------------------------------------------------
1 61.6 71.8 16:54 53.1 05:53 4.7 1.3 0.01 1.7 13.0 07:36 N
2 64.8 77.8 15:50 48.6 05:47 4.6 4.4 0.00 0.8 12.0 13:58 S
3 66.4 78.6 17:08 52.5 05:35 3.5 5.0 0.00 1.6 15.0 11:19 SE
4 66.7 78.8 16:14 51.9 05:36 3.4 5.1 0.00 1.4 16.0 17:06 S
5 72.6 86.4 15:24 60.1 04:29 0.6 8.1 0.74 2.5 41.0 20:26 S
6 72.2 83.5 16:40 61.7 05:54 0.5 7.6 0.01 1.3 14.0 14:12 NNW
7 70.6 82.1 15:58 63.2 00:57 0.2 5.6 0.31 1.4 17.0 05:03 WSW
8 69.1 76.7 18:13 61.9 23:58 0.4 4.4 0.01 4.0 27.0 10:05 WNW
9 68.7 80.8 17:43 54.8 06:04 2.4 6.0 0.00 1.0 10.0 15:01 ESE
10 70.8 79.4 17:27 63.5 00:56 0.1 6.0 0.39 2.1 20.0 09:41 S
11 78.9 88.6 15:41 69.1 02:09 0.0 13.7 0.00 4.4 28.0 16:49 SSE
12 75.5 85.0 17:31 66.4 06:12 0.0 10.5 0.07 2.8 27.0 00:03 WSW
13 73.2 82.5 16:56 67.1 00:00 0.0 7.7 0.03 2.5 20.0 14:06 WSW
14 66.3 72.4 10:59 61.2 22:36 0.8 2.1 0.04 4.1 26.0 12:56 WNW
15 65.6 75.1 16:13 59.9 23:31 2.2 2.8 0.04 1.8 12.0 11:50 NNW
16 68.0 78.7 15:38 54.3 06:08 2.6 5.6 0.06 1.5 16.0 16:07 S
17 72.1 83.6 16:02 63.5 23:56 0.1 7.1 1.07 3.0 21.0 11:51 W
18 71.6 83.2 16:58 58.3 06:10 1.4 7.9 0.00 0.7 9.0 11:19 WNW
19 73.3 83.8 15:40 61.7 05:37 0.7 9.0 0.00 1.9 18.0 12:14 SSE
20 78.6 87.5 14:24 69.6 03:43 0.0 13.5 0.00 3.2 26.0 14:41 SSE
21 82.7 91.0 16:56 74.3 07:09 0.0 16.7 0.00 2.1 20.0 05:56 S
22 80.7 91.4 15:52 71.4 06:15 0.0 15.0 0.00 1.0 10.0 15:20 ENE
23 73.7 80.2 09:21 70.0 13:11 0.0 8.6 1.28 2.3 31.0 10:04 SE
24 76.7 83.4 14:02 65.2 23:54 0.0 11.6 0.00 3.2 19.0 11:57 WNW
25 72.6 83.5 17:12 60.8 06:31 0.5 8.2 0.00 1.8 15.0 14:28 NW
26 74.8 86.6 16:35 61.5 06:16 0.5 10.2 0.00 1.0 15.0 16:10 SW
27 72.2 82.8 16:07 66.8 06:01 0.0 7.2 0.38 1.3 16.0 15:58 SW
28 67.7 72.3 13:47 64.8 23:30 0.0 2.7 0.02 3.3 16.0 12:42 N
29 68.7 77.9 16:25 60.9 23:31 0.6 4.3 0.01 2.4 12.0 12:43 NNE
30 70.0 80.4 14:37 61.0 03:07 0.9 5.9 0.00 1.0 13.0 14:29 SE
31 72.3 82.3 15:05 63.0 06:27 0.2 7.4 0.00 2.1 18.0 13:50 SE
----------------------------------------------------------------------------------
71.6 91.4 22 48.6 2 30.9 231.2 4.47 2.1 41.0 5 SW
Max >= 80.0: 20
Max <= 32.0: 0
Min <= 32.0: 0
Min <= 0.0: 0
Max Rain: 1.28 on day 23
Days of Rain: 16 (>= 0.01 in) 6 (>= 0.10 in) 2 (>= 1.00 in)
Heat Base: 65.0 Cool Base: 65.0 Method: Integration