V/Λ SELECT: Month and Year
OR > Month
Monthly Climatological Summary for Jun 2016
Name: CurtisZM Weather City: Zumbrota State: Minnesota
Elevation: 978 ft Lat: N 44° 18' 07" Lon: W 092° 40' 30"
Temperature (°F), Rain (in), Wind Speed (mph)
Heat Cool Avg
Mean Deg Deg Wind Dom
Day Temp High Time Low Time Days Days Rain Speed High Time Dir
----------------------------------------------------------------------------------
1 61.3 69.1 15:18 52.1 23:45 4.3 0.6 0.01 3.3 22.0 15:48 W
2 61.3 72.8 17:41 49.2 06:09 5.5 1.8 0.00 2.0 14.0 09:38 NW
3 64.5 80.7 13:07 54.2 02:22 3.5 3.0 0.36 1.5 22.0 16:36 SSW
4 64.1 74.1 13:06 58.0 05:48 2.4 1.5 0.39 2.8 22.0 13:40 NW
5 66.6 80.5 15:12 53.2 05:01 3.5 5.1 0.01 4.9 26.0 15:27 WNW
6 61.8 70.8 14:37 52.0 04:22 4.5 1.3 0.05 4.2 27.0 06:40 NW
7 59.9 71.5 16:48 47.7 05:57 6.4 1.3 0.00 3.0 20.0 11:14 NNW
8 63.3 80.2 17:06 45.1 05:57 6.1 4.5 0.00 0.5 12.0 14:54 SE
9 70.4 81.6 16:13 61.1 00:23 0.8 6.2 0.73 3.6 22.0 08:45 SE
10 75.4 93.1 14:58 66.0 04:31 0.0 10.5 0.24 2.5 22.0 16:33 S
11 77.0 88.8 16:52 65.2 05:36 0.0 12.0 0.00 1.1 11.0 09:02 NW
12 68.9 75.0 17:31 62.4 07:33 0.2 4.0 0.10 4.9 21.0 12:16 ESE
13 70.4 80.3 14:29 60.6 07:59 0.5 5.9 0.41 2.7 18.0 05:13 ESE
14 69.9 79.5 15:50 62.3 23:58 0.1 5.0 1.05 2.4 17.0 14:20 E
15 69.6 80.3 11:43 61.1 01:37 0.9 5.5 0.01 3.3 26.0 13:57 WNW
16 68.0 77.4 17:43 61.3 23:55 0.5 3.5 0.00 2.4 14.0 12:06 NNE
17 71.5 84.9 16:21 58.2 05:47 1.6 8.2 0.00 0.7 18.0 11:51 SE
18 75.8 84.5 15:06 67.8 04:13 0.0 10.7 -0.05 1.1 13.0 15:47 S
19 77.9 89.0 16:01 63.8 04:10 0.1 13.0 0.00 3.5 24.0 13:12 S
20 70.8 79.4 00:02 56.5 23:57 0.6 6.3 0.74 4.0 29.0 00:34 NW
21 67.2 81.2 17:22 51.3 04:08 3.8 6.0 0.00 2.3 18.0 12:47 WNW
22 70.3 78.5 12:02 62.0 00:32 0.4 5.7 0.06 1.4 25.0 10:23 SE
23 61.8 70.7 18:14 55.0 05:17 3.9 0.7 0.01 3.5 18.0 03:05 NNW
24 67.4 80.5 17:36 51.8 05:46 3.7 6.1 0.00 1.8 16.0 14:11 SSE
25 79.7 90.6 15:50 67.7 00:44 0.0 14.7 0.00 4.1 28.0 12:10 S
26 75.4 85.6 15:47 61.9 05:23 0.2 10.6 0.00 3.3 29.0 16:47 W
27 67.9 75.0 16:39 58.1 23:54 0.9 3.8 0.00 3.8 19.0 10:32 NNW
28 62.7 73.3 17:53 51.8 05:39 4.1 1.8 0.00 0.9 9.0 08:03 NNE
29 65.0 78.4 17:40 48.0 05:34 4.7 4.7 0.00 0.6 10.0 14:38 WSW
30 65.5 77.7 12:07 56.4 23:44 2.6 3.1 0.18 1.8 27.0 12:44 NNW
----------------------------------------------------------------------------------
68.4 93.1 10 45.1 8 65.8 167.1 4.30 2.4 29.0 20 WNW
Max >= 80.0: 15
Max <= 32.0: 0
Min <= 32.0: 0
Min <= 0.0: 0
Max Rain: 1.05 on day 14
Days of Rain: 15 (>= 0.01 in) 9 (>= 0.10 in) 1 (>= 1.00 in)
Heat Base: 65.0 Cool Base: 65.0 Method: Integration