NOAA style reports

NOAA-style Climate Reports

Select NOAA data to display

Select a Year or Month report

Report for 2020 Aug

Daily noaa report



                            MONTHLY CLIMATOLOGICAL SUMMARY for AUG. 2020

NAME: DW8463   CITY: Zumbrota STATE: Minnesota
ELEV: 978 ft LAT: 044:18:07 LONG: 0092:40:30

                            TEMPERATURE ( F), RAIN (in.), WIND SPEED (mph)

                                               HEAT     COOL           AVG
      MEAN                                     DEG      DEG            WIND                       DOM
DAY   TEMP    HIGH   TIME     LOW    TIME      DAYS     DAYS    RAIN   SPEED    HIGH    TIME      DIR
--------------------------------------------------------------------------------------------------------
01    68.3   081.8   14:03    55.3   06:23     00.0     03.3   00.01   00.4     14.9    17:09      N 
02    64.0   067.7   16:10    53.2   00:00     01.0     00.0   00.01   02.3     19.6    16:14     NNW
03    59.0   070.7   15:07    47.6   04:55     05.9     00.0   00.00   00.8     13.8    14:40     NNE
04    60.7   075.9   15:40    45.2   05:25     04.2     00.0   00.00   00.9     14.9    11:18     NNW
05    64.0   077.0   14:17    49.6   04:25     00.9     00.0   00.00   00.5     13.8    11:23      SW
06    67.2   078.0   15:47    56.1   03:57     00.0     02.2   00.00   01.1     18.4    13:48      S 
07    72.9   080.7   14:17    63.8   00:13     00.0     08.0   00.00   01.5     18.4    16:27     SSE
08    74.6   086.9   15:33    65.4   00:00     00.0     09.6   01.56   01.4     34.5    17:42      SW
09    73.2   084.6   17:19    63.1   03:13     00.0     08.2   00.18   00.9     21.9    15:01     SSW
10    68.7   074.6   17:25    57.0   23:36     00.0     03.8   00.19   00.9     23.0    04:38     WNW
11    67.2   081.0   16:16    51.7   06:43     00.0     02.3   00.00   00.4     10.3    12:39     WSW
12    65.5   076.0   18:05    54.7   06:10     00.0     00.6   00.32   00.6     18.4    14:03     SSE
13    75.7   085.3   16:39    66.8   06:56     00.0     10.8   00.00   00.7     17.3    13:14     SSE
14    74.2   084.3   14:53    64.3   22:29     00.0     09.2   00.66   01.0     25.3    21:43     SSE
15    65.1   074.9   14:59    56.4   06:49     00.0     00.2   00.01   00.5     12.7    12:20      NW
16    69.3   081.9   17:04    58.0   06:19     00.0     04.3   00.00   00.8     11.5    14:37     WNW
17    67.1   075.6   16:21    56.1   00:00     00.0     02.2   00.06   02.0     19.6    13:44     NNW
18    63.6   076.5   16:18    50.5   06:39     01.3     00.0   00.00   00.3     10.3    13:45      N 
19    67.2   080.0   16:42    52.5   06:50     00.0     02.3   00.00   00.7     13.8    15:33      S 
20    71.6   081.8   16:37    63.2   03:25     00.0     06.7   00.00   00.7     14.9    15:44     SSW
21    74.6   084.4   16:28    63.6   06:27     00.0     09.6   00.00   00.9     19.6    23:44      S 
22    73.1   084.0   14:54    64.0   06:34     00.0     08.2   00.51   00.5     14.9    00:07     SSW
23    74.7   087.7   16:28    63.4   07:01     00.0     09.7   00.00   00.2     09.2    13:09      SW
24    74.0   085.6   16:38    65.0   03:37     00.0     09.1   00.02   00.4     16.1    06:07      N 
25    77.8   089.4   15:51    66.2   06:47     00.0     12.9   00.00   00.3     13.8    16:45      SE
26    79.4   088.6   14:53    69.1   07:00     00.0     14.5   00.00   01.0     19.6    14:58     SSW
27    77.1   086.0   15:53    67.2   07:03     00.0     12.1   00.02   00.4     11.5    15:15      NE
28    73.4   081.6   13:35    66.8   07:26     00.0     08.5   00.36   02.0     23.0    06:09      NW
29    65.3   075.6   16:21    55.1   00:00     00.0     00.4   00.00   01.6     19.6    12:34      NW
30    63.3   076.2   14:59    50.5   06:20     01.6     00.0   00.00   00.6     13.8    16:26     SSE
31    62.9   071.6   16:06    51.4   23:37     02.1     00.0   02.04   01.4     19.6    13:08      NW
--------------------------------------------------------------------------------------------------------
69.5 (69.3)   89.4  day 25     45.2  day 04   017.1    158.7   05.95   00.9     34.5   day 08      W 
Max >=  86: 5
Min <=  86: 31
Max Rain: 2.04 ON 31-08-20
Days of Rain: 14 (> .008in) 8 (> .08in) 2 (> 0.8in)