NOAA style reports

NOAA-style Climate Reports

Select NOAA data to display

Select a Year or Month report

Report for 2020 Mar

Daily noaa report



                            MONTHLY CLIMATOLOGICAL SUMMARY for MAR. 2020

NAME: DW8463   CITY: Zumbrota STATE: Minnesota
ELEV: 978 ft LAT: 044:18:07 LONG: 0092:40:30

                            TEMPERATURE ( F), RAIN (in.), WIND SPEED (mph)

                                               HEAT     COOL           AVG
      MEAN                                     DEG      DEG            WIND                       DOM
DAY   TEMP    HIGH   TIME     LOW    TIME      DAYS     DAYS    RAIN   SPEED    HIGH    TIME      DIR
--------------------------------------------------------------------------------------------------------
01    38.1   044.0   15:39    33.6   00:00     26.9     00.0   00.00   02.8     20.7    16:47      W 
02    31.5   034.3   11:39    27.7   22:30     33.5     00.0   00.00   02.5     17.3    08:15      W 
03    35.2   042.1   14:22    29.0   00:01     29.7     00.0   00.00   02.6     25.3    11:14      W 
04    32.3   039.9   00:00    21.6   07:18     32.6     00.0   00.00   00.6     14.9    22:22      SW
05    36.1   041.7   01:52    31.5   00:00     28.8     00.0   00.06   06.6     29.9    18:34      NW
06    28.8   035.9   16:37    20.0   07:28     36.1     00.0   00.00   01.2     19.6    02:07     NNW
07    40.9   050.1   17:23    26.6   00:34     24.1     00.0   00.00   03.3     28.8    10:10      S 
08    46.7   056.3   17:30    39.7   22:52     18.3     00.0   00.00   03.0     26.4    03:10     SSW
09    36.4   047.9   00:13    31.7   00:00     28.6     00.0   00.00   03.4     16.1    06:40      NW
10    33.2   042.7   15:28    22.6   08:12     31.7     00.0   00.31   00.3     13.8    19:06      W 
11    36.9   043.3   16:20    32.7   07:57     28.1     00.0   00.07   00.5     11.5    17:43     SSE
12    40.4   047.9   11:44    33.2   00:00     24.5     00.0   00.01   05.0     32.2    18:52     WNW
13    31.8   037.6   16:31    27.7   08:12     33.1     00.0   00.00   06.6     28.8    02:34     WNW
14    27.7   033.4   16:39    22.7   00:00     37.3     00.0   00.00   01.2     12.7    01:05     NNE
15    28.8   039.6   15:51    17.6   07:47     36.2     00.0   00.00   00.8     12.7    16:20     ESE
16    34.2   038.0   16:24    30.0   00:00     30.7     00.0   00.00   02.1     21.9    22:25      W 
17    35.4   043.3   15:54    28.5   02:02     29.5     00.0   00.00   02.1     19.6    03:35      W 
18    38.8   042.2   16:33    35.8   08:53     26.1     00.0   00.00   00.7     11.5    11:10      SE
19    37.8   040.3   13:50    33.7   19:53     27.2     00.0   01.02   02.6     24.1    23:58      N 
20    28.4   034.0   00:05    20.9   00:00     36.6     00.0   00.00   08.0     29.9    01:42     NNW
21    27.3   035.5   14:16    18.0   03:20     37.6     00.0   00.01   01.1     13.8    21:28      SE
22    34.6   042.7   15:02    29.2   03:40     30.4     00.0   00.00   03.0     20.7    12:27     SSE
23    36.5   040.7   18:32    32.7   06:45     28.4     00.0   00.04   00.0     11.5    02:11     SSW
24    41.9   051.0   13:34    36.5   05:52     23.1     00.0   00.00   01.9     21.9    14:26     SSE
25    42.8   046.8   14:21    38.1   00:00     22.1     00.0   00.56   00.9     14.9    19:08     WNW
26    40.4   049.4   15:45    31.9   07:10     24.6     00.0   00.00   00.3     10.3    14:38     NNW
27    44.4   054.5   15:56    34.2   05:49     20.5     00.0   00.14   01.1     11.5    17:00      E 
28    44.3   046.3   10:41    41.9   22:59     20.6     00.0   00.58   04.1     27.6    17:30     ENE
29    39.5   042.6   02:33    33.7   06:45     25.5     00.0   00.22   06.5     28.8    16:40      NW
30    41.6   058.4   16:16    27.8   07:05     23.3     00.0   00.00   00.6     11.5    18:20     NNW
31    39.7   051.8   17:09    28.8   07:27     25.2     00.0   00.00   01.4     13.8    12:25     ENE
--------------------------------------------------------------------------------------------------------
36.5 (36.7)   58.4  day 30     17.6  day 15   880.9    000.0   03.02   02.5     32.2   day 29     WNW
Min <=  86: 31
Min <=  23: 7
Max Rain: 1.02 ON 19-03-20
Days of Rain: 11 (> .008in) 6 (> .08in) 1 (> 0.8in)