NOAA style reports

NOAA-style Climate Reports

Select NOAA data to display

Select a Year or Month report

Report for 2019 Nov

Daily noaa report



                            MONTHLY CLIMATOLOGICAL SUMMARY for NOV. 2019

NAME: DW8463   CITY: Zumbrota STATE: Minnesota
ELEV: 978 ft LAT: 044:18:07 LONG: 0092:40:30

                            TEMPERATURE ( F), RAIN (in.), WIND SPEED (mph)

                                               HEAT     COOL           AVG
      MEAN                                     DEG      DEG            WIND                       DOM
DAY   TEMP    HIGH   TIME     LOW    TIME      DAYS     DAYS    RAIN   SPEED    HIGH    TIME      DIR
--------------------------------------------------------------------------------------------------------
01    34.7   041.5   14:06    22.4   00:02     30.2     00.0   00.02   00.8     14.9    16:38      W 
02    32.7   035.4   10:33    24.9   23:11     32.2     00.0   00.01   03.6     21.9    13:55     WNW
03    36.8   048.6   14:03    26.2   04:12     28.1     00.0   00.00   00.5     14.9    13:08     SSW
04    36.9   043.6   13:32    28.7   00:00     28.0     00.0   00.00   03.7     26.4    13:58     WNW
05    26.8   031.2   12:16    18.2   07:15     38.1     00.0   00.00   02.5     17.3    00:44     WNW
06    25.7   030.1   12:54    10.5   00:00     39.3     00.0   00.01   02.7     16.1    15:04     NNW
07    12.8   024.2   13:38    03.3   07:22     52.1     00.0   00.00   01.3     13.8    14:05     WNW
08    20.9   032.5   00:00    03.5   05:16     44.1     00.0   00.00   02.5     24.1    22:05      S 
09    33.8   042.3   12:12    22.8   07:46     31.1     00.0   00.02   00.8     13.8    14:47      W 
10    27.8   033.8   00:01    18.9   00:00     37.2     00.0   00.00   06.2     20.7    17:07     NNW
11    14.6   018.9   00:06    07.2   00:00     50.4     00.0   00.00   07.8     25.3    13:51     NNW
12    11.9   018.9   14:24    03.1   07:30     53.0     00.0   00.00   02.8     19.6    18:50     SSW
13    24.6   030.1   16:00    17.8   00:01     40.3     00.0   00.00   03.1     24.1    01:12     SSW
14    26.6   030.5   23:07    23.4   10:27     38.4     00.0   00.00   02.3     17.3    13:50     WNW
15    33.3   044.0   13:02    28.5   01:50     31.6     00.0   00.00   00.3     09.2    15:00      E 
16    36.8   043.9   12:34    30.5   00:02     28.2     00.0   00.00   03.3     20.7    15:09     SSE
17    35.7   039.4   12:11    31.5   00:00     29.3     00.0   00.16   01.5     16.1    14:33      W 
18    33.3   036.6   15:10    30.1   05:38     31.6     00.0   00.00   00.2     10.3    12:54      S 
19    37.1   039.6   16:10    34.1   03:48     27.8     00.0   00.13   00.1     11.5    14:44     WSW
20    39.0   046.2   23:30    29.8   06:44     26.0     00.0   00.06   01.3     16.1    14:41      SE
21    35.4   045.2   00:05    22.0   00:00     29.5     00.0   00.87   06.7     26.4    10:52      NW
22    23.0   028.6   15:09    18.5   07:59     41.9     00.0   00.00   00.8     16.1    00:02     WNW
23    31.0   041.3   14:48    22.2   00:13     33.9     00.0   00.00   00.7     13.8    08:51     WSW
24    35.5   041.7   14:30    29.5   04:20     29.4     00.0   00.01   00.0     09.2    06:39      W 
25    39.0   045.6   12:41    31.6   00:26     25.9     00.0   00.00   03.5     27.6    13:37      W 
26    34.8   037.6   00:04    32.0   00:00     30.1     00.0   00.14   03.9     21.9    19:56     NNE
27    30.0   032.1   00:02    26.1   00:00     35.0     00.0   00.14   09.4     32.2    07:21     NNW
28    25.9   028.0   00:00    23.5   04:39     39.0     00.0   00.00   00.8     13.8    02:08      NE
29    30.7   033.2   14:15    27.9   01:01     34.2     00.0   00.23   01.0     12.7    19:57     ESE
30    32.7   034.3   13:00    31.1   02:28     32.2     00.0   00.21   04.3     25.3    10:12      E 
--------------------------------------------------------------------------------------------------------
30.0 (29.3)   48.6  day 03     03.1  day 12   1048.3    000.0   02.02   02.6     32.2   day 27      NW
Max <=  32: 9
Min <=  86: 30
Max <= 23: 2
Min <=  23: 13
Min <=   5: 3
Max Rain: 0.87 ON 21-11-19
Days of Rain: 13 (> .008in) 7 (> .08in) 1 (> 0.8in)