NOAA style reports

NOAA-style Climate Reports

Select NOAA data to display

Select a Year or Month report

Report for 2019 Jun





                            MONTHLY CLIMATOLOGICAL SUMMARY for JUN. 2019

NAME: DW8463   CITY: Zumbrota STATE: Minnesota
ELEV: 978 ft LAT: 044:18:07 LONG: 0092:40:30

                            TEMPERATURE ( F), RAIN (in.), WIND SPEED (mph)

                                               HEAT     COOL           AVG
      MEAN                                     DEG      DEG            WIND                       DOM
DAY   TEMP    HIGH   TIME     LOW    TIME      DAYS     DAYS    RAIN   SPEED    HIGH    TIME      DIR
--------------------------------------------------------------------------------------------------------
01    63.8   072.0   17:21    57.1   05:50     01.2     00.0   00.09   02.1     19.6    05:04     NNW
02    61.1   074.5   16:29    43.3   05:42     03.8     00.0   00.00   01.8     19.6    15:55      NW
03    64.2   080.0   14:58    48.9   04:59     00.7     00.0   00.00   00.8     19.6    16:03     SSE
04    67.7   083.5   15:21    59.6   04:54     00.0     02.7   01.06   01.1     28.8    17:29     SSE
05    70.4   081.8   17:17    61.1   05:17     00.0     05.5   00.00   01.2     13.8    13:24     NNW
06    71.1   084.7   17:50    56.9   06:07     00.0     06.2   00.00   00.1     06.9    16:01     ENE
07    74.0   085.9   15:51    59.6   06:12     00.0     09.0   00.00   01.0     13.8    16:53      SE
08    72.5   084.0   16:48    58.9   05:49     00.0     07.6   00.00   01.2     17.3    10:01     SSE
09    62.7   075.7   10:04    50.5   00:00     02.2     00.0   00.03   02.5     25.3    14:18      NW
10    61.9   076.3   16:58    45.4   05:56     03.0     00.0   00.00   02.0     21.9    13:44      NW
11    57.0   064.9   11:06    47.2   05:15     07.9     00.0   00.33   00.2     12.7    11:39      SW
12    60.8   070.4   16:24    54.2   00:00     04.2     00.0   00.38   03.5     21.9    17:45     NNW
13    57.4   070.7   17:55    41.6   05:27     07.5     00.0   00.00   00.5     12.7    16:50     WNW
14    68.3   080.1   16:42    51.9   00:01     00.0     03.4   00.00   01.7     27.6    09:52     SSW
15    65.6   074.5   12:22    60.1   00:00     00.0     00.6   00.57   01.1     17.3    13:42      E 
16    59.5   063.9   17:09    55.1   06:59     05.5     00.0   00.01   00.6     11.5    08:35     ESE
17    64.2   075.5   14:55    58.1   00:01     00.7     00.0   00.28   00.4     13.8    15:35      S 
18    65.8   073.9   16:00    57.2   00:00     00.0     00.9   00.00   00.8     12.7    11:31     WNW
19    64.7   075.6   15:07    50.8   06:04     00.3     00.0   00.00   00.8     13.8    13:20      NE
20    62.9   072.1   11:41    57.7   03:02     02.1     00.0   00.21   00.5     11.5    11:31      SE
21    64.3   071.5   18:37    58.4   05:39     00.7     00.0   00.00   01.5     23.0    14:53      SE
22    66.4   075.7   15:52    55.3   06:19     00.0     01.4   00.00   01.4     21.9    15:08      SE
23    68.5   075.3   13:28    65.1   23:49     00.0     03.6   00.81   00.2     10.3    15:32      SE
24    63.7   068.2   19:28    56.1   00:00     01.2     00.0   00.46   01.3     27.6    15:13     WNW
25    68.0   080.0   17:37    54.7   02:02     00.0     03.1   00.00   01.8     20.7    11:41     WNW
26    69.7   083.7   16:48    53.7   05:56     00.0     04.8   00.00   00.1     08.1    18:57      SW
27    67.5   075.3   18:17    60.4   05:08     00.0     02.6   01.18   00.3     31.1    10:52      SE
28    72.7   081.4   18:31    65.3   06:18     00.0     07.7   00.08   00.2     10.3    12:51     ESE
29    77.5   088.3   17:24    66.7   05:53     00.0     12.6   00.00   00.3     10.3    12:12     ESE
30    72.7   082.5   13:14    67.0   23:37     00.0     07.8   00.40   01.5     27.6    08:35      E 
--------------------------------------------------------------------------------------------------------
66.2 (66.3)   88.3  day 29     41.6  day 13   040.9    079.4   05.89   01.1     31.1   day 27      NW
Max >=  86: 1
Min <=  86: 30
Max Rain: 1.18 ON 27-06-19
Days of Rain: 14 (> .008in) 12 (> .08in) 3 (> 0.8in)