NOAA style reports

NOAA-style Climate Reports

Select NOAA data to display

Select a Year or Month report

Report for 2019 May





                            MONTHLY CLIMATOLOGICAL SUMMARY for MAY. 2019

NAME: DW8463   CITY: Zumbrota STATE: Minnesota
ELEV: 978 ft LAT: 044:18:07 LONG: 0092:40:30

                            TEMPERATURE ( F), RAIN (in.), WIND SPEED (mph)

                                               HEAT     COOL           AVG
      MEAN                                     DEG      DEG            WIND                       DOM
DAY   TEMP    HIGH   TIME     LOW    TIME      DAYS     DAYS    RAIN   SPEED    HIGH    TIME      DIR
--------------------------------------------------------------------------------------------------------
01    42.3   046.6   17:58    38.2   06:20     22.6     00.0   00.16   01.5     12.7    05:04     NNE
02    46.5   054.8   18:03    36.4   00:00     18.5     00.0   00.00   00.5     12.7    11:55     WNW
03    47.4   061.0   17:09    30.0   06:31     17.5     00.0   00.00   00.8     14.9    16:48     SSW
04    55.3   070.2   14:47    36.5   06:37     09.7     00.0   00.00   00.5     17.3    15:47      SW
05    55.3   067.7   14:38    42.0   04:58     09.6     00.0   00.00   01.8     16.1    17:32     NNW
06    52.4   059.9   17:24    43.2   05:59     12.6     00.0   00.07   02.9     19.6    01:42      N 
07    52.6   063.2   17:09    41.5   06:02     12.3     00.0   00.00   01.2     12.7    14:48     ENE
08    44.5   051.8   01:20    41.0   22:52     20.5     00.0   01.62   04.3     26.4    15:13      E 
09    42.2   049.9   18:37    35.9   07:25     22.7     00.0   00.03   06.4     26.4    16:11     NNW
10    47.4   060.3   16:50    32.6   06:24     17.5     00.0   00.00   00.5     12.7    16:04     WNW
11    48.2   063.3   11:26    33.1   05:25     16.8     00.0   00.03   01.0     24.1    12:19      S 
12    48.7   060.0   16:43    36.7   04:04     16.3     00.0   00.00   00.6     12.7    12:02     ESE
13    52.3   066.2   16:35    35.2   06:07     12.7     00.0   00.00   00.2     11.5    15:22      S 
14    56.2   069.3   15:46    39.2   06:17     08.7     00.0   00.00   00.8     16.1    12:27      S 
15    63.7   077.5   17:25    49.3   06:03     01.3     00.0   00.02   00.5     11.5    08:49      W 
16    71.2   082.3   16:26    59.0   00:00     00.0     06.3   00.02   02.7     20.7    05:10      NW
17    57.2   064.4   14:53    51.2   00:00     07.8     00.0   00.19   01.9     18.4    14:07      E 
18    50.7   056.7   13:52    46.9   00:00     14.2     00.0   00.31   03.5     23.0    05:14      E 
19    43.4   047.9   13:46    38.2   21:40     21.5     00.0   00.85   06.1     27.6    14:57      N 
20    48.1   060.6   16:28    35.4   06:10     16.8     00.0   00.00   01.5     14.9    08:15      N 
21    48.3   056.9   11:47    41.8   03:02     16.6     00.0   00.61   03.6     26.4    11:52      E 
22    57.3   068.4   14:26    46.6   00:49     07.6     00.0   00.06   04.3     38.0    11:42      S 
23    55.0   060.8   17:31    50.3   22:14     09.9     00.0   00.00   02.8     20.7    08:59     WNW
24    58.9   072.5   18:22    50.5   05:29     06.1     00.0   00.25   01.5     20.7    15:15     SSE
25    62.4   070.7   16:16    49.9   00:00     02.5     00.0   00.00   02.2     19.6    18:11     WNW
26    59.7   073.1   17:38    45.0   05:53     05.3     00.0   00.00   00.2     10.3    14:27     NNW
27    55.1   057.3   04:28    52.4   23:24     09.8     00.0   01.07   03.2     23.0    19:09      NE
28    54.3   061.9   16:47    47.6   05:52     10.6     00.0   00.00   01.7     16.1    00:32     NNE
29    60.3   072.9   17:43    48.9   05:05     04.6     00.0   00.00   00.5     13.8    14:33     ENE
30    64.6   078.3   17:11    51.6   06:18     00.3     00.0   00.00   00.1     09.2    03:42     WNW
31    72.9   087.3   15:02    55.8   01:26     00.0     08.0   00.00   00.9     19.6    14:20      W 
--------------------------------------------------------------------------------------------------------
54.0 (53.8)   87.3  day 31     30.0  day 03   352.9    014.3   05.29   02.0     38.0   day 19     NNE
Max >=  86: 1
Min <=  86: 31
Max Rain: 1.62 ON 8-05-19
Days of Rain: 14 (> .008in) 8 (> .08in) 3 (> 0.8in)