NOAA style reports

NOAA-style Climate Reports

Select NOAA data to display

Select a Year or Month report

Report for 2019 Apr





                            MONTHLY CLIMATOLOGICAL SUMMARY for APR. 2019

NAME: DW8463   CITY: Zumbrota STATE: Minnesota
ELEV: 978 ft LAT: 044:18:07 LONG: 0092:40:30

                            TEMPERATURE ( F), RAIN (in.), WIND SPEED (mph)

                                               HEAT     COOL           AVG
      MEAN                                     DEG      DEG            WIND                       DOM
DAY   TEMP    HIGH   TIME     LOW    TIME      DAYS     DAYS    RAIN   SPEED    HIGH    TIME      DIR
--------------------------------------------------------------------------------------------------------
01    36.8   044.0   15:54    29.6   06:48     28.1     00.0   00.00   01.3     19.6    11:17      SW
02    39.0   052.4   14:11    27.6   07:02     26.0     00.0   00.08   03.4     28.8    17:42      W 
03    38.7   051.5   14:13    24.3   06:15     26.3     00.0   00.00   01.2     16.1    09:26     WNW
04    37.7   046.8   13:12    32.5   01:52     27.3     00.0   00.02   02.2     25.3    14:16     ESE
05    43.6   054.7   14:58    35.5   00:01     21.3     00.0   00.04   00.4     11.5    16:09     SSE
06    49.3   054.8   17:21    45.6   02:00     15.6     00.0   00.12   00.6     11.5    13:39     ESE
07    54.0   061.8   12:55    44.5   00:00     10.9     00.0   00.10   00.6     14.9    20:37      SW
08    53.3   072.4   13:34    34.8   04:13     11.6     00.0   00.00   03.8     31.1    15:37     WNW
09    46.4   061.6   12:33    33.2   06:10     18.5     00.0   00.00   04.5     26.4    14:11      NW
10    31.6   034.1   00:01    30.1   05:53     33.4     00.0   00.53   04.7     21.9    23:54     ENE
11    32.5   035.3   18:50    28.4   05:50     32.5     00.0   01.05   09.0     34.5    11:42      E 
12    33.6   038.3   14:20    31.0   22:31     31.4     00.0   00.00   03.6     29.9    15:27      SW
13    33.4   039.4   15:28    27.0   00:00     31.6     00.0   00.00   02.6     24.1    00:19     WNW
14    33.6   044.2   18:01    23.5   04:32     31.3     00.0   00.00   01.5     14.9    10:00      N 
15    41.6   058.2   17:29    22.5   06:43     23.3     00.0   00.00   01.5     20.7    15:07     SSE
16    52.3   066.5   17:29    36.0   06:54     12.7     00.0   00.00   01.3     14.9    10:08      NE
17    47.2   051.4   07:21    42.2   00:00     17.7     00.0   01.23   02.4     19.6    13:56      NE
18    44.1   052.8   16:30    37.7   00:00     20.8     00.0   00.00   06.1     19.6    17:01     NNW
19    46.5   061.9   16:55    30.1   06:29     18.4     00.0   00.00   01.1     18.4    16:07     NNW
20    54.3   073.7   17:00    30.8   06:29     10.7     00.0   00.00   01.2     17.3    14:16     SSW
21    66.8   083.3   17:33    50.5   05:26     00.0     01.9   00.00   01.4     21.9    15:26      S 
22    49.0   057.5   00:17    43.7   00:00     15.9     00.0   00.51   03.3     23.0    21:45      N 
23    48.8   063.7   17:37    36.4   06:01     16.1     00.0   00.00   01.2     12.7    00:22     NNW
24    55.8   070.9   16:44    36.2   06:17     09.1     00.0   00.00   01.5     19.6    14:12     SSW
25    58.4   068.8   17:14    52.2   06:08     06.6     00.0   00.25   03.0     23.0    17:03      NW
26    49.5   057.7   15:48    41.1   05:42     15.5     00.0   00.00   05.6     25.3    13:17      NW
27    39.3   043.4   05:07    33.2   00:00     25.6     00.0   00.22   00.9     16.1    07:51      E 
28    42.3   053.4   13:05    28.7   05:38     22.7     00.0   00.01   02.3     21.9    18:10     SSE
29    47.0   056.4   17:08    40.2   08:16     17.9     00.0   00.01   00.7     12.7    02:29     ESE
30    43.5   045.6   13:06    40.0   23:22     21.4     00.0   00.19   02.9     18.4    19:16      E 
--------------------------------------------------------------------------------------------------------
45.0 (45.1)   83.3  day 21     22.5  day 15   600.2    001.9   04.39   02.5     34.5   day 02      N 
Min <=  86: 30
Min <=  23: 1
Max Rain: 1.23 ON 17-04-19
Days of Rain: 14 (> .008in) 10 (> .08in) 2 (> 0.8in)